{"id":882,"date":"2021-03-03T10:18:13","date_gmt":"2021-03-03T13:18:13","guid":{"rendered":"http:\/\/www2.pi.gov.br\/saf\/?page_id=882"},"modified":"2024-05-28T11:59:25","modified_gmt":"2024-05-28T14:59:25","slug":"paa-leite","status":"publish","type":"page","link":"https:\/\/portal.pi.gov.br\/saf\/paa-leite\/","title":{"rendered":"PAA Leite"},"content":{"rendered":"\n<figure class=\"wp-block-image size-full\"><img decoding=\"async\" loading=\"lazy\" width=\"1374\" height=\"773\" src=\"https:\/\/portal.pi.gov.br\/saf\/wp-content\/uploads\/sites\/25\/2024\/05\/SAF_atualizacao-SITE_PAA-LEITE.jpg\" alt=\"\" class=\"wp-image-3489\" srcset=\"https:\/\/portal.pi.gov.br\/saf\/wp-content\/uploads\/sites\/25\/2024\/05\/SAF_atualizacao-SITE_PAA-LEITE.jpg 1374w, https:\/\/portal.pi.gov.br\/saf\/wp-content\/uploads\/sites\/25\/2024\/05\/SAF_atualizacao-SITE_PAA-LEITE-500x281.jpg 500w, https:\/\/portal.pi.gov.br\/saf\/wp-content\/uploads\/sites\/25\/2024\/05\/SAF_atualizacao-SITE_PAA-LEITE-768x432.jpg 768w, https:\/\/portal.pi.gov.br\/saf\/wp-content\/uploads\/sites\/25\/2024\/05\/SAF_atualizacao-SITE_PAA-LEITE-420x236.jpg 420w, https:\/\/portal.pi.gov.br\/saf\/wp-content\/uploads\/sites\/25\/2024\/05\/SAF_atualizacao-SITE_PAA-LEITE-540x304.jpg 540w, https:\/\/portal.pi.gov.br\/saf\/wp-content\/uploads\/sites\/25\/2024\/05\/SAF_atualizacao-SITE_PAA-LEITE-780x439.jpg 780w, https:\/\/portal.pi.gov.br\/saf\/wp-content\/uploads\/sites\/25\/2024\/05\/SAF_atualizacao-SITE_PAA-LEITE-947x533.jpg 947w, https:\/\/portal.pi.gov.br\/saf\/wp-content\/uploads\/sites\/25\/2024\/05\/SAF_atualizacao-SITE_PAA-LEITE-624x351.jpg 624w\" sizes=\"(max-width: 1374px) 100vw, 1374px\" \/><\/figure>\n\n\n\n<p>O PAA Leite \u00e9 um programa de incentivo do Governo do Federal  e executado em parceria com o Governo do Estado, atrav\u00e9s da Secretaria de Estado da Agricultura Familiar-SAF. O programa tem como objetivo, Incentivar e fortalecer a bacia leiteira do Estado, atrav\u00e9s da compra direta da produ\u00e7\u00e3o do leite dos\/as agricultores\/as, para ser beneficiado pelas empresas laticin\u00edstas que atuam no Estado, e posteriormente distribu\u00eddo simultaneamente para pessoas em situa\u00e7\u00e3o de inseguran\u00e7a alimentar.<\/p>\n\n\n\n<p><strong>Quem pode acessar para comercializar sua produ\u00e7\u00e3o<\/strong>: Agricultores e agricultores familiares de acordo com a Lei 11.326\/06 que tenham Declara\u00e7\u00e3o de Aptid\u00e3o ao PRONAF &#8211; DAP em situa\u00e7\u00e3o regular.<\/p>\n\n\n\n<p><strong>Quem pode acessar para receber a produ\u00e7\u00e3o<\/strong>: Pessoas em situa\u00e7\u00e3o de inseguran\u00e7a alimentar e nutricional e aqueles atendidos pela rede s\u00f3cio assistencial e pelos equipamentos de alimenta\u00e7\u00e3o e nutri\u00e7\u00e3o. Ex: CRAS, Creches, APAEs, Igrejas, Restaurantes popular.<\/p>\n\n\n\n<p>Contato:<\/p>\n\n\n\n<p>Gabriela Oliveira<\/p>\n\n\n\n<p>Coordenadora Estadual do PAA Leite<\/p>\n\n\n\n<p>Email: <a href=\"mailto:dmasmacedo@gmail.com\">safpaaleite@gmail.com<\/a><\/p>\n\n\n\n<p>Telefone: (45) 92001-0195<\/p>\n","protected":false},"excerpt":{"rendered":"<p>O PAA Leite \u00e9 um programa de incentivo do Governo do Federal e executado em parceria com o Governo do Estado, atrav\u00e9s da Secretaria de Estado da Agricultura Familiar-SAF. O [&hellip;]<\/p>\n","protected":false},"author":1,"featured_media":0,"parent":0,"menu_order":0,"comment_status":"closed","ping_status":"closed","template":"template-fullwidth.php","meta":[],"featured_image_urls":{"full":"","thumbnail":"","medium":"","medium_large":"","large":"","sgg-420":"","sgg-540":"","sgg-780":"","1536x1536":"","2048x2048":"","homepage-slider":"","homepage-slider-small":"","page-top":"","page-small":"","loop-main":"","thumb-gallery-widget":""},"post_excerpt_stackable":"<p>O PAA Leite \u00e9 um programa de incentivo do Governo do Federal e executado em parceria com o Governo do Estado, atrav\u00e9s da Secretaria de Estado da Agricultura Familiar-SAF. O programa tem como objetivo, Incentivar e fortalecer a bacia leiteira do Estado, atrav\u00e9s da compra direta da produ\u00e7\u00e3o do leite dos\/as agricultores\/as, para ser beneficiado pelas empresas laticin\u00edstas que atuam no Estado, e posteriormente distribu\u00eddo simultaneamente para pessoas em situa\u00e7\u00e3o de inseguran\u00e7a alimentar. Quem pode acessar para comercializar sua produ\u00e7\u00e3o: Agricultores e agricultores familiares de acordo com a Lei 11.326\/06 que tenham Declara\u00e7\u00e3o de Aptid\u00e3o ao PRONAF &#8211; DAP em&hellip;<\/p>\n","category_list":"","author_info":{"name":"admin","url":"https:\/\/portal.pi.gov.br\/saf\/author\/admin\/"},"comments_num":"0 coment\u00e1rio","featured_image_urls_v2":{"full":"","thumbnail":"","medium":"","medium_large":"","large":"","sgg-420":"","sgg-540":"","sgg-780":"","1536x1536":"","2048x2048":"","homepage-slider":"","homepage-slider-small":"","page-top":"","page-small":"","loop-main":"","thumb-gallery-widget":""},"post_excerpt_stackable_v2":"<p>O PAA Leite \u00e9 um programa de incentivo do Governo do Federal e executado em parceria com o Governo do Estado, atrav\u00e9s da Secretaria de Estado da Agricultura Familiar-SAF. O programa tem como objetivo, Incentivar e fortalecer a bacia leiteira do Estado, atrav\u00e9s da compra direta da produ\u00e7\u00e3o do leite dos\/as agricultores\/as, para ser beneficiado pelas empresas laticin\u00edstas que atuam no Estado, e posteriormente distribu\u00eddo simultaneamente para pessoas em situa\u00e7\u00e3o de inseguran\u00e7a alimentar. Quem pode acessar para comercializar sua produ\u00e7\u00e3o: Agricultores e agricultores familiares de acordo com a Lei 11.326\/06 que tenham Declara\u00e7\u00e3o de Aptid\u00e3o ao PRONAF &#8211; DAP em&hellip;<\/p>\n","category_list_v2":"","author_info_v2":{"name":"admin","url":"https:\/\/portal.pi.gov.br\/saf\/author\/admin\/"},"comments_num_v2":"0 coment\u00e1rio","_links":{"self":[{"href":"https:\/\/portal.pi.gov.br\/saf\/wp-json\/wp\/v2\/pages\/882"}],"collection":[{"href":"https:\/\/portal.pi.gov.br\/saf\/wp-json\/wp\/v2\/pages"}],"about":[{"href":"https:\/\/portal.pi.gov.br\/saf\/wp-json\/wp\/v2\/types\/page"}],"author":[{"embeddable":true,"href":"https:\/\/portal.pi.gov.br\/saf\/wp-json\/wp\/v2\/users\/1"}],"replies":[{"embeddable":true,"href":"https:\/\/portal.pi.gov.br\/saf\/wp-json\/wp\/v2\/comments?post=882"}],"version-history":[{"count":9,"href":"https:\/\/portal.pi.gov.br\/saf\/wp-json\/wp\/v2\/pages\/882\/revisions"}],"predecessor-version":[{"id":3490,"href":"https:\/\/portal.pi.gov.br\/saf\/wp-json\/wp\/v2\/pages\/882\/revisions\/3490"}],"wp:attachment":[{"href":"https:\/\/portal.pi.gov.br\/saf\/wp-json\/wp\/v2\/media?parent=882"}],"curies":[{"name":"wp","href":"https:\/\/api.w.org\/{rel}","templated":true}]}}