{"id":884,"date":"2021-03-03T10:18:47","date_gmt":"2021-03-03T13:18:47","guid":{"rendered":"http:\/\/www2.pi.gov.br\/saf\/?page_id=884"},"modified":"2024-05-28T11:58:58","modified_gmt":"2024-05-28T14:58:58","slug":"programa-de-alimentacao-saudavel","status":"publish","type":"page","link":"https:\/\/portal.pi.gov.br\/saf\/programa-de-alimentacao-saudavel\/","title":{"rendered":"Programa de Alimenta\u00e7\u00e3o Saud\u00e1vel"},"content":{"rendered":"\n<figure class=\"wp-block-image size-full\"><img decoding=\"async\" loading=\"lazy\" width=\"1374\" height=\"773\" src=\"https:\/\/portal.pi.gov.br\/saf\/wp-content\/uploads\/sites\/25\/2024\/05\/SAF_atualizacao-SITE_PAS.jpg\" alt=\"\" class=\"wp-image-3487\" srcset=\"https:\/\/portal.pi.gov.br\/saf\/wp-content\/uploads\/sites\/25\/2024\/05\/SAF_atualizacao-SITE_PAS.jpg 1374w, https:\/\/portal.pi.gov.br\/saf\/wp-content\/uploads\/sites\/25\/2024\/05\/SAF_atualizacao-SITE_PAS-500x281.jpg 500w, https:\/\/portal.pi.gov.br\/saf\/wp-content\/uploads\/sites\/25\/2024\/05\/SAF_atualizacao-SITE_PAS-768x432.jpg 768w, https:\/\/portal.pi.gov.br\/saf\/wp-content\/uploads\/sites\/25\/2024\/05\/SAF_atualizacao-SITE_PAS-420x236.jpg 420w, https:\/\/portal.pi.gov.br\/saf\/wp-content\/uploads\/sites\/25\/2024\/05\/SAF_atualizacao-SITE_PAS-540x304.jpg 540w, https:\/\/portal.pi.gov.br\/saf\/wp-content\/uploads\/sites\/25\/2024\/05\/SAF_atualizacao-SITE_PAS-780x439.jpg 780w, https:\/\/portal.pi.gov.br\/saf\/wp-content\/uploads\/sites\/25\/2024\/05\/SAF_atualizacao-SITE_PAS-947x533.jpg 947w, https:\/\/portal.pi.gov.br\/saf\/wp-content\/uploads\/sites\/25\/2024\/05\/SAF_atualizacao-SITE_PAS-624x351.jpg 624w\" sizes=\"(max-width: 1374px) 100vw, 1374px\" \/><\/figure>\n\n\n\n<p>A estrat\u00e9gia do programa est\u00e1 centrada na aquisi\u00e7\u00e3o de alimentos da agricultura familiar, na modalidade praticada pelo programa nacional de alimentos \u2013 PAA, qual seja, aquisi\u00e7\u00e3o de produtos de agricultores e agricultoras familiares, com doa\u00e7\u00e3o simult\u00e2nea para fam\u00edlias em situa\u00e7\u00e3o de inseguran\u00e7a alimentar, agravada pela pandemia, atrav\u00e9s da aquisi\u00e7\u00e3o e doa\u00e7\u00e3o simult\u00e2nea<\/p>\n\n\n\n<p>&nbsp;O Programa Alimenta\u00e7\u00e3o Saud\u00e1vel \u2013 PAS Tem os com os seguintes objetivos:<\/p>\n\n\n\n<p>I \u2013 Ajudar a agricultura familiar do Estado do Piau\u00ed durante do estado de calamidade p\u00fablica, fortalecendo diretamente a renda das fam\u00edlias, atrav\u00e9s da compra dos produtos oriundos da agricultura familiar;<\/p>\n\n\n\n<p>II \u2013 Promover o acesso \u00e0 alimenta\u00e7\u00e3o \u00e0s pessoas em situa\u00e7\u00e3o de inseguran\u00e7a alimentar e nutricional, atrav\u00e9s da doa\u00e7\u00e3o simult\u00e2nea dos produtos adquiridos de grupos formais de agricultores familiares;<\/p>\n\n\n\n<p>III \u2013 Fortalecer as redes de comercializa\u00e7\u00e3o de produtos oriundos da Agricultura Familiar, atrav\u00e9s do credenciamento e da contrata\u00e7\u00e3o de entidades e movimentos representativos da agricultura familiar em territ\u00f3rios do Estado do Piau\u00ed.<\/p>\n\n\n\n<p>DO P\u00daBLICO DO PROGRAMA DE ALIMENTA\u00c7\u00c3O SAUD\u00c1VEL NO ESTADO DO PIAU\u00cd<\/p>\n\n\n\n<p>&nbsp;Os benefici\u00e1rios deste programa ser\u00e3o os agricultores e agricultoras familiares do Estado do Piau\u00ed, bem como as fam\u00edlias em situa\u00e7\u00e3o de inseguran\u00e7a alimentar e fam\u00edlias que ser\u00e3o atingidas pela atual crise, que motivou o presente estado de calamidade p\u00fablica.<\/p>\n\n\n\n<p>&nbsp;Os benefici\u00e1rios agricultores e agricultoras familiares ser\u00e3o aqueles que possuem produtos a serem comercializados nos territ\u00f3rios determinados pelo Grupo Gestor do Programa Alimenta\u00e7\u00e3o Saud\u00e1vel \u2013 GGPAS.<\/p>\n\n\n\n<p>Os agricultores e agricultoras familiares do Estado do Piau\u00ed ser\u00e3o beneficiados por interm\u00e9dio de organiza\u00e7\u00f5es fornecedoras formalmente constitu\u00eddas como pessoa jur\u00eddica de direito privado que detenham a Declara\u00e7\u00e3o de Aptid\u00e3o ao Programa Nacional de Agricultura Familiar &#8211; PRONAF &#8211; DAP Especial Pessoa Jur\u00eddica ou outros documentos definidos por resolu\u00e7\u00e3o do grupo gestor.<\/p>\n\n\n\n<p>&nbsp;As fam\u00edlias mencionadas ser\u00e3o beneficiadas por interm\u00e9dio de unidades recebedoras, preferencialmente organiza\u00e7\u00f5es formalmente constitu\u00eddas integrantes da rede socioassistencial nos munic\u00edpios dos territ\u00f3rios<\/p>\n\n\n\n<p><strong>Da Destina\u00e7\u00e3o dos Alimentos Adquiridos<\/strong><\/p>\n\n\n\n<p>&nbsp;Os alimentos adquiridos no \u00e2mbito do Programa Alimenta\u00e7\u00e3o Saud\u00e1vel &#8211; PAS ser\u00e3o destinados para:<\/p>\n\n\n\n<p>I \u2013 o consumo de pessoas ou fam\u00edlias ser\u00e3o atingidas pela atual crise, que motivou o estado de calamidade p\u00fablica,<\/p>\n\n\n\n<p>II \u2013 o consumo de pessoas ou fam\u00edlias em situa\u00e7\u00e3o de inseguran\u00e7a alimentar e nutricional;<\/p>\n\n\n\n<p>&nbsp;A destina\u00e7\u00e3o dos alimentos adquiridos no \u00e2mbito deste programa acontecer\u00e1 atrav\u00e9s de entidades da rede socioassistencial determinadas pelo Grupo Gestor, dando prefer\u00eancia aos Centros de Refer\u00eancias em Assist\u00eancia Social &#8211; CRAS dos munic\u00edpios<\/p>\n\n\n\n<p><\/p>\n\n\n\n<p><\/p>\n\n\n\n<p>Contato:<\/p>\n\n\n\n<p><\/p>\n\n\n\n<p><strong>Durval Gomes de Moura <\/strong><\/p>\n\n\n\n<p>Coordenador Estadual do Programa de Aquisi\u00e7\u00e3o de Alimentos <\/p>\n\n\n\n<p>Email: <a href=\"mailto:durval.gomes@saf.pi.gov.br\">durval.gomes@saf.pi.gov.br<\/a>&nbsp; \/<a href=\"mailto:durvalgomes@hotmail.com\">durvalgomes@hotmail.com<\/a><\/p>\n\n\n\n<p>Telefone: 98854-4452<\/p>\n","protected":false},"excerpt":{"rendered":"<p>A estrat\u00e9gia do programa est\u00e1 centrada na aquisi\u00e7\u00e3o de alimentos da agricultura familiar, na modalidade praticada pelo programa nacional de alimentos \u2013 PAA, qual seja, aquisi\u00e7\u00e3o de produtos de agricultores [&hellip;]<\/p>\n","protected":false},"author":1,"featured_media":0,"parent":0,"menu_order":0,"comment_status":"closed","ping_status":"closed","template":"template-fullwidth.php","meta":[],"featured_image_urls":{"full":"","thumbnail":"","medium":"","medium_large":"","large":"","sgg-420":"","sgg-540":"","sgg-780":"","1536x1536":"","2048x2048":"","homepage-slider":"","homepage-slider-small":"","page-top":"","page-small":"","loop-main":"","thumb-gallery-widget":""},"post_excerpt_stackable":"<p>A estrat\u00e9gia do programa est\u00e1 centrada na aquisi\u00e7\u00e3o de alimentos da agricultura familiar, na modalidade praticada pelo programa nacional de alimentos \u2013 PAA, qual seja, aquisi\u00e7\u00e3o de produtos de agricultores e agricultoras familiares, com doa\u00e7\u00e3o simult\u00e2nea para fam\u00edlias em situa\u00e7\u00e3o de inseguran\u00e7a alimentar, agravada pela pandemia, atrav\u00e9s da aquisi\u00e7\u00e3o e doa\u00e7\u00e3o simult\u00e2nea &nbsp;O Programa Alimenta\u00e7\u00e3o Saud\u00e1vel \u2013 PAS Tem os com os seguintes objetivos: I \u2013 Ajudar a agricultura familiar do Estado do Piau\u00ed durante do estado de calamidade p\u00fablica, fortalecendo diretamente a renda das fam\u00edlias, atrav\u00e9s da compra dos produtos oriundos da agricultura familiar; II \u2013 Promover o acesso&hellip;<\/p>\n","category_list":"","author_info":{"name":"admin","url":"https:\/\/portal.pi.gov.br\/saf\/author\/admin\/"},"comments_num":"0 coment\u00e1rio","featured_image_urls_v2":{"full":"","thumbnail":"","medium":"","medium_large":"","large":"","sgg-420":"","sgg-540":"","sgg-780":"","1536x1536":"","2048x2048":"","homepage-slider":"","homepage-slider-small":"","page-top":"","page-small":"","loop-main":"","thumb-gallery-widget":""},"post_excerpt_stackable_v2":"<p>A estrat\u00e9gia do programa est\u00e1 centrada na aquisi\u00e7\u00e3o de alimentos da agricultura familiar, na modalidade praticada pelo programa nacional de alimentos \u2013 PAA, qual seja, aquisi\u00e7\u00e3o de produtos de agricultores e agricultoras familiares, com doa\u00e7\u00e3o simult\u00e2nea para fam\u00edlias em situa\u00e7\u00e3o de inseguran\u00e7a alimentar, agravada pela pandemia, atrav\u00e9s da aquisi\u00e7\u00e3o e doa\u00e7\u00e3o simult\u00e2nea &nbsp;O Programa Alimenta\u00e7\u00e3o Saud\u00e1vel \u2013 PAS Tem os com os seguintes objetivos: I \u2013 Ajudar a agricultura familiar do Estado do Piau\u00ed durante do estado de calamidade p\u00fablica, fortalecendo diretamente a renda das fam\u00edlias, atrav\u00e9s da compra dos produtos oriundos da agricultura familiar; II \u2013 Promover o acesso&hellip;<\/p>\n","category_list_v2":"","author_info_v2":{"name":"admin","url":"https:\/\/portal.pi.gov.br\/saf\/author\/admin\/"},"comments_num_v2":"0 coment\u00e1rio","_links":{"self":[{"href":"https:\/\/portal.pi.gov.br\/saf\/wp-json\/wp\/v2\/pages\/884"}],"collection":[{"href":"https:\/\/portal.pi.gov.br\/saf\/wp-json\/wp\/v2\/pages"}],"about":[{"href":"https:\/\/portal.pi.gov.br\/saf\/wp-json\/wp\/v2\/types\/page"}],"author":[{"embeddable":true,"href":"https:\/\/portal.pi.gov.br\/saf\/wp-json\/wp\/v2\/users\/1"}],"replies":[{"embeddable":true,"href":"https:\/\/portal.pi.gov.br\/saf\/wp-json\/wp\/v2\/comments?post=884"}],"version-history":[{"count":11,"href":"https:\/\/portal.pi.gov.br\/saf\/wp-json\/wp\/v2\/pages\/884\/revisions"}],"predecessor-version":[{"id":3488,"href":"https:\/\/portal.pi.gov.br\/saf\/wp-json\/wp\/v2\/pages\/884\/revisions\/3488"}],"wp:attachment":[{"href":"https:\/\/portal.pi.gov.br\/saf\/wp-json\/wp\/v2\/media?parent=884"}],"curies":[{"name":"wp","href":"https:\/\/api.w.org\/{rel}","templated":true}]}}