{"id":947,"date":"2024-10-23T09:27:06","date_gmt":"2024-10-23T12:27:06","guid":{"rendered":"https:\/\/portal.pi.gov.br\/sasc\/?page_id=947"},"modified":"2024-11-08T15:18:40","modified_gmt":"2024-11-08T18:18:40","slug":"assistencia-social","status":"publish","type":"page","link":"https:\/\/portal.pi.gov.br\/sasc\/assistencia-social\/","title":{"rendered":"Assist\u00eancia Social"},"content":{"rendered":"\n<p>Endere\u00e7o: Rua 19 de Novembro, 159, Edif\u00edcio Carlos Estevam, Centro, Teresina-PI<\/p>\n\n\n\n<p>Superintendente Jana\u00edna Mapurunga \u2013 86 99501 1032<br><\/p>\n\n\n\n<p><strong>Diretoria de Seguran\u00e7a Alimentar e Nutricional<\/strong><\/p>\n\n\n\n<p>Diretora Edna Guedes \u2013 86 99903 7252<\/p>\n\n\n\n<p>Ger\u00eancia de Alimenta\u00e7\u00e3o e Nutri\u00e7\u00e3o<\/p>\n\n\n\n<p>Coordena\u00e7\u00e3o de Restaurantes Populares e Cozinha Comunit\u00e1ria<\/p>\n\n\n\n<p>Coordena\u00e7\u00e3o de Educa\u00e7\u00e3o Alimentar<\/p>\n\n\n\n<p>Coordena\u00e7\u00e3o de Banco de Alimentos<\/p>\n\n\n\n<p>Ger\u00eancia de Projetos de Articula\u00e7\u00e3o Interinstitucional<\/p>\n\n\n\n<p>Coordena\u00e7\u00e3o de Elabora\u00e7\u00e3o de Projetos de SAN<\/p>\n\n\n\n<p>Coordena\u00e7\u00e3o de parcerias<br><\/p>\n\n\n\n<p><strong>Diretoria da Unidade de Gest\u00e3o do SUAS<\/strong><\/p>\n\n\n\n<p>Diretora:&nbsp; Silvana Ramos 86 99943 6969&nbsp;<\/p>\n\n\n\n<p>Coord. de Ed. Perm. para Trab., Gestores e Conselheiros do SUAS<\/p>\n\n\n\n<p>Ger\u00eancia de Vigil\u00e2ncia Socioassistencial<\/p>\n\n\n\n<p>Coord. de Gest\u00e3o de Sistema da REDE SUAS<\/p>\n\n\n\n<p>Coord. de Acompanhamento e Plan. da Vig. Socioassistencial<\/p>\n\n\n\n<p>Coord. da Gest\u00e3o do Trabalho<\/p>\n\n\n\n<p>Ger\u00eancia da Rede Socioassistencial do Sistema \u00danico da Assist\u00eancia Social &#8211; SUAS<\/p>\n\n\n\n<p>Coord. de Regula\u00e7\u00e3o e acompanhamento da Rede Socioassistencial P\u00fablica do SUAS<\/p>\n\n\n\n<p>Coord. de Orienta\u00e7\u00e3o \u00e0s Entidades Beneficentes da Assist. Social (OS, OSCIPS, Funda\u00e7\u00f5es e SEIPS)<br><\/p>\n\n\n\n<p><strong>Diretoria de Prote\u00e7\u00e3o Social B\u00e1sica<\/strong><\/p>\n\n\n\n<p>Diretora Iraydes Marques \u2013 86 99936 1414<\/p>\n\n\n\n<p>Ger\u00eancia de Prog. de Transf. de Renda e Benef. Socioassistenciais<\/p>\n\n\n\n<p>Coord. do Cad. \u00danico e Prog. B. Fam\u00edlia<\/p>\n\n\n\n<p>Coord. de Beneficios (BPC e Benef\u00edcios eventuais)<\/p>\n\n\n\n<p>Coord. Passe Livre<\/p>\n\n\n\n<p>Coord. do Cart\u00e3o social<\/p>\n\n\n\n<p>Ger\u00eancia de Pol\u00edticas para a Primeira Inf\u00e2ncia<\/p>\n\n\n\n<p>Coord. do Programa Primeira Inf\u00e2ncia<\/p>\n\n\n\n<p>Coord. de Apoio Institucional aos Munic\u00edpios<\/p>\n\n\n\n<p>Ger\u00eancia de Serv. e Prog. Socioassistenciais<\/p>\n\n\n\n<p>Coord. Prot. e Atend. Integral \u00e0 Fam\u00edlia e SCFV<\/p>\n\n\n\n<p>Coord. de Doc. Civil B\u00e1sica \/Programa cidadania Ativa<\/p>\n\n\n\n<p>Ger\u00eancia de Direitos Sociais<\/p>\n\n\n\n<p>Coordena\u00e7\u00e3o de parcerias<\/p>\n\n\n\n<p>Coord. articula\u00e7\u00e3o institucional com os Munic\u00edpios<br><\/p>\n\n\n\n<p><strong>Diretoria de Prote\u00e7\u00e3o Social Especial<\/strong><\/p>\n\n\n\n<p>Diretora Gra\u00e7a Silva \u2013 86 99406 6778<\/p>\n\n\n\n<p>Ger\u00eancia de Prote\u00e7\u00e3o Social de M\u00e9dia Complexidade<\/p>\n\n\n\n<p>Coord. de enfrentamento ao Trabalho Infantil<\/p>\n\n\n\n<p>Coord. de Apoio \u00e0s Medidas em meio aberto<\/p>\n\n\n\n<p>coord. de Enfrentamento \u00e0 viol\u00eancia sexual contra crian\u00e7as e adolescentes<\/p>\n\n\n\n<p>coord. de promo\u00e7\u00e3o de pol\u00edticas para as pessoas em situa\u00e7\u00e3o de rua<\/p>\n\n\n\n<p>Ger\u00eancia de Servi\u00e7os Regionalizados<\/p>\n\n\n\n<p>Coord.Geral de Gest\u00e3o dos servi\u00e7os de acolhimento &#8211; Verificar nomenclatura<\/p>\n\n\n\n<p>Coordena\u00e7\u00f5es em quadro anexo<\/p>\n\n\n\n<p>Casa Lar, fam\u00edlia acolhedora e rep\u00fablica<\/p>\n\n\n\n<p>Ger\u00eancia de Prote\u00e7\u00e3o Social -Alta Complexidade<\/p>\n\n\n\n<p>Coord. de Central Acollhimento<\/p>\n\n\n\n<p>Coord. U. de Acolh. Inst. &#8211; Lar da Crian\u00e7a<\/p>\n\n\n\n<p>Coord.Pedag. da U. de Acolh. &#8211; Lar da Crian\u00e7a<\/p>\n\n\n\n<p>Coord. do da U. de Acolh. Inst. Masculino do Terr. entre Rios<\/p>\n\n\n\n<p>Coord da U. de Acolh. Inst. Feminino do Terr. entre Rios<\/p>\n\n\n\n<p>Coord. casa de passagem<\/p>\n\n\n\n<p>Ger\u00eancia de Servi\u00e7os Regionalizados- todos os cargos do interior foram para a casa do Trabalhador<\/p>\n","protected":false},"excerpt":{"rendered":"<p>Endere\u00e7o: Rua 19 de Novembro, 159, Edif\u00edcio Carlos Estevam, Centro, Teresina-PI Superintendente Jana\u00edna Mapurunga \u2013 86 99501 1032 Diretoria de Seguran\u00e7a Alimentar e Nutricional Diretora Edna Guedes \u2013 86 99903 [&hellip;]<\/p>\n","protected":false},"author":28,"featured_media":0,"parent":0,"menu_order":0,"comment_status":"closed","ping_status":"closed","template":"template-fullwidth.php","meta":[],"featured_image_urls":{"full":"","thumbnail":"","medium":"","medium_large":"","large":"","sgg-420":"","sgg-540":"","sgg-780":"","1536x1536":"","2048x2048":"","homepage-slider":"","homepage-slider-small":"","page-top":"","page-small":"","loop-main":"","thumb-gallery-widget":""},"post_excerpt_stackable":"<p>Endere\u00e7o: Rua 19 de Novembro, 159, Edif\u00edcio Carlos Estevam, Centro, Teresina-PI Superintendente Jana\u00edna Mapurunga \u2013 86 99501 1032 Diretoria de Seguran\u00e7a Alimentar e Nutricional Diretora Edna Guedes \u2013 86 99903 7252 Ger\u00eancia de Alimenta\u00e7\u00e3o e Nutri\u00e7\u00e3o Coordena\u00e7\u00e3o de Restaurantes Populares e Cozinha Comunit\u00e1ria Coordena\u00e7\u00e3o de Educa\u00e7\u00e3o Alimentar Coordena\u00e7\u00e3o de Banco de Alimentos Ger\u00eancia de Projetos de Articula\u00e7\u00e3o Interinstitucional Coordena\u00e7\u00e3o de Elabora\u00e7\u00e3o de Projetos de SAN Coordena\u00e7\u00e3o de parcerias Diretoria da Unidade de Gest\u00e3o do SUAS Diretora:&nbsp; Silvana Ramos 86 99943 6969&nbsp; Coord. de Ed. Perm. para Trab., Gestores e Conselheiros do SUAS Ger\u00eancia de Vigil\u00e2ncia Socioassistencial Coord. de Gest\u00e3o de&hellip;<\/p>\n","category_list":"","author_info":{"name":"tassodenis","url":"https:\/\/portal.pi.gov.br\/sasc\/author\/tassodenis\/"},"comments_num":"0 coment\u00e1rio","featured_image_urls_v2":{"full":"","thumbnail":"","medium":"","medium_large":"","large":"","sgg-420":"","sgg-540":"","sgg-780":"","1536x1536":"","2048x2048":"","homepage-slider":"","homepage-slider-small":"","page-top":"","page-small":"","loop-main":"","thumb-gallery-widget":""},"post_excerpt_stackable_v2":"<p>Endere\u00e7o: Rua 19 de Novembro, 159, Edif\u00edcio Carlos Estevam, Centro, Teresina-PI Superintendente Jana\u00edna Mapurunga \u2013 86 99501 1032 Diretoria de Seguran\u00e7a Alimentar e Nutricional Diretora Edna Guedes \u2013 86 99903 7252 Ger\u00eancia de Alimenta\u00e7\u00e3o e Nutri\u00e7\u00e3o Coordena\u00e7\u00e3o de Restaurantes Populares e Cozinha Comunit\u00e1ria Coordena\u00e7\u00e3o de Educa\u00e7\u00e3o Alimentar Coordena\u00e7\u00e3o de Banco de Alimentos Ger\u00eancia de Projetos de Articula\u00e7\u00e3o Interinstitucional Coordena\u00e7\u00e3o de Elabora\u00e7\u00e3o de Projetos de SAN Coordena\u00e7\u00e3o de parcerias Diretoria da Unidade de Gest\u00e3o do SUAS Diretora:&nbsp; Silvana Ramos 86 99943 6969&nbsp; Coord. de Ed. Perm. para Trab., Gestores e Conselheiros do SUAS Ger\u00eancia de Vigil\u00e2ncia Socioassistencial Coord. de Gest\u00e3o de&hellip;<\/p>\n","category_list_v2":"","author_info_v2":{"name":"tassodenis","url":"https:\/\/portal.pi.gov.br\/sasc\/author\/tassodenis\/"},"comments_num_v2":"0 coment\u00e1rio","_links":{"self":[{"href":"https:\/\/portal.pi.gov.br\/sasc\/wp-json\/wp\/v2\/pages\/947"}],"collection":[{"href":"https:\/\/portal.pi.gov.br\/sasc\/wp-json\/wp\/v2\/pages"}],"about":[{"href":"https:\/\/portal.pi.gov.br\/sasc\/wp-json\/wp\/v2\/types\/page"}],"author":[{"embeddable":true,"href":"https:\/\/portal.pi.gov.br\/sasc\/wp-json\/wp\/v2\/users\/28"}],"replies":[{"embeddable":true,"href":"https:\/\/portal.pi.gov.br\/sasc\/wp-json\/wp\/v2\/comments?post=947"}],"version-history":[{"count":3,"href":"https:\/\/portal.pi.gov.br\/sasc\/wp-json\/wp\/v2\/pages\/947\/revisions"}],"predecessor-version":[{"id":1133,"href":"https:\/\/portal.pi.gov.br\/sasc\/wp-json\/wp\/v2\/pages\/947\/revisions\/1133"}],"wp:attachment":[{"href":"https:\/\/portal.pi.gov.br\/sasc\/wp-json\/wp\/v2\/media?parent=947"}],"curies":[{"name":"wp","href":"https:\/\/api.w.org\/{rel}","templated":true}]}}