{"id":953,"date":"2024-10-23T09:27:49","date_gmt":"2024-10-23T12:27:49","guid":{"rendered":"https:\/\/portal.pi.gov.br\/sasc\/?page_id=953"},"modified":"2024-11-08T15:21:54","modified_gmt":"2024-11-08T18:21:54","slug":"igualdade-racial","status":"publish","type":"page","link":"https:\/\/portal.pi.gov.br\/sasc\/igualdade-racial\/","title":{"rendered":"Igualdade Racial"},"content":{"rendered":"\n<p>Endere\u00e7o: Rua 19 de Novembro, 159, Edif\u00edcio Carlos Estevam, Centro, Teresina &#8211; PI 64000-470<\/p>\n\n\n\n<p><strong>Superintendente:<\/strong><\/p>\n\n\n\n<p>Assun\u00e7\u00e3o Aguiar 86 9 9919 1552<\/p>\n\n\n\n<p>Compromisso 7 \u2013 Racismo Institucional<\/p>\n\n\n\n<p>Compromisso 10 \u2013 Povos origin\u00e1rios e povos tradicionais<\/p>\n\n\n\n<p>A Superintend\u00eancia da Igualdade Racial e dos Povos Origin\u00e1rios &#8211; SUIRPO &#8211; integra a Secretaria da Assist\u00eancia Social, Trabalho e Direitos Humanos do Governo do Estado do Piau\u00ed.<\/p>\n\n\n\n<p>O objetivo da SUIRPO \u00e9 criar, promover, gerir, monitorar e avaliar as a\u00e7\u00f5es, programas e pol\u00edticas p\u00fablicas vinculadas \u00e0 Igualdade Racial, \u00e0s comunidades quilombolas, \u00e0s comunidades ciganas, os ribeirinhos, aos povos origin\u00e1rios e ao trabalho an\u00e1logo ao escravo no \u00e2mbito da SASC e de outros \u00f3rg\u00e3os cong\u00eaneres no \u00e2mbito do Estado em permanente articula\u00e7\u00e3o com entidades governamental e da sociedade civil para o enfrentamento do racismo estrutural, intoler\u00e2ncia religiosa, da desigualdade racial, social e econ\u00f4mica, nas esferas da Educa\u00e7\u00e3o, do Trabalho, da Renda e, do trabalho an\u00e1logo ao escravo e degradante.<\/p>\n\n\n\n<p><strong>A ESTRUTURA DA SUIRPO<\/strong><\/p>\n\n\n\n<p>SUPERINTENDENTE<\/p>\n\n\n\n<p><strong>1 Diretoria da Igualdade Racial<\/strong><\/p>\n\n\n\n<p>Diretor: Jos\u00e9 Bispo<\/p>\n\n\n\n<p>1.1 Ger\u00eancias da Diretoria da Igualdade Racial<\/p>\n\n\n\n<p>1.1.1 Dos povos de Terreiros &#8211; articular, elaborar, planejar, executar e monitorar as a\u00e7\u00f5es, programas e pol\u00edticas p\u00fablicas de combate(enfrentamento) \u00e1 intoler\u00e2ncia religiosa e preserva\u00e7\u00e3o da cultura material e imaterial das religi\u00f5es matrizes afro-brasileiras<\/p>\n\n\n\n<p>1.1.2 Enfrentamento ao trabalho an\u00e1logo ao Escravo \u2013 articular, elaborar, planejar, executar e monitorar as a\u00e7\u00f5es, programas e pol\u00edticas p\u00fablicas de combate(enfrentamento) ao trabalho an\u00e1logo ao escravo e reinser\u00e7\u00e3o do trabalhador no mercado de trabalho<\/p>\n\n\n\n<p>1.2 Da Igualdade Racial &#8211; articular, elaborar, planejar, executar e monitorar as a\u00e7\u00f5es, programas e pol\u00edticas p\u00fablicas de A\u00e7\u00f5es afirmativas e de combate (enfrentamento) \u00e0s discrimina\u00e7\u00f5es e desigualdades \u00e9tnico-raciais na educa\u00e7\u00e3o, no mercado de trabalho, na renda]<\/p>\n\n\n\n<p>1.3 Coordena\u00e7\u00f5es da Ger\u00eancia dos Povos de Terreiro<\/p>\n\n\n\n<p>Enfrentamento \u00e0 Intoler\u00e2ncia Religiosa \u2013 Raimundo Santos<\/p>\n\n\n\n<p>Pol\u00edticas P\u00fablicas para os Povos de Terreiros<\/p>\n\n\n\n<p>1.4 Coordena\u00e7\u00f5es da Ger\u00eancia ao Enfrentamento do Trabalho an\u00e1logo ao Escravo &#8211; Gra\u00e7a<\/p>\n\n\n\n<p>1.4.1 Pol\u00edticas de Enfrentamento ao Trabalho Escravo<\/p>\n\n\n\n<p>1.5 Coordena\u00e7\u00f5es da Ger\u00eancia da Igualdade Racial \u2013 marta<\/p>\n\n\n\n<p>1.5.1 Pol\u00edticas de A\u00e7\u00f5es afirmativas de Igualdade Racial<\/p>\n\n\n\n<p>1.5.2 Combate ao Racismo Institucional<\/p>\n\n\n\n<p>1.5.3 Apoio \u00e0s Comunidades Tradicionais e Quilombolas<\/p>\n\n\n\n<p><strong>2 Diretoria dos Povos Origin\u00e1rios<\/strong><\/p>\n\n\n\n<p>Diretor: Cacique Henrique Manoel<\/p>\n\n\n\n<p>Articular, elaborar, planejar, executar e monitorar as a\u00e7\u00f5es, programas e pol\u00edticas p\u00fablica que assegurem os direitos da popula\u00e7\u00e3o ind\u00edgenas sobre seus territ\u00f3rios, de sua cultura, da educa\u00e7\u00e3o escolar, da seguran\u00e7a alimentar e de seus empoderamento econ\u00f4mico<\/p>\n\n\n\n<p>2.1 Ger\u00eancia dos Povos Origin\u00e1rios \u2013Coordena\u00e7\u00e3o dos Povos Origin\u00e1rios<\/p>\n\n\n\n<p>2.2 Coordena\u00e7\u00e3o dos Povos Origin\u00e1rios<\/p>\n","protected":false},"excerpt":{"rendered":"<p>Endere\u00e7o: Rua 19 de Novembro, 159, Edif\u00edcio Carlos Estevam, Centro, Teresina &#8211; PI 64000-470 Superintendente: Assun\u00e7\u00e3o Aguiar 86 9 9919 1552 Compromisso 7 \u2013 Racismo Institucional Compromisso 10 \u2013 Povos [&hellip;]<\/p>\n","protected":false},"author":28,"featured_media":0,"parent":0,"menu_order":0,"comment_status":"closed","ping_status":"closed","template":"template-fullwidth.php","meta":[],"featured_image_urls":{"full":"","thumbnail":"","medium":"","medium_large":"","large":"","sgg-420":"","sgg-540":"","sgg-780":"","1536x1536":"","2048x2048":"","homepage-slider":"","homepage-slider-small":"","page-top":"","page-small":"","loop-main":"","thumb-gallery-widget":""},"post_excerpt_stackable":"<p>Endere\u00e7o: Rua 19 de Novembro, 159, Edif\u00edcio Carlos Estevam, Centro, Teresina &#8211; PI 64000-470 Superintendente: Assun\u00e7\u00e3o Aguiar 86 9 9919 1552 Compromisso 7 \u2013 Racismo Institucional Compromisso 10 \u2013 Povos origin\u00e1rios e povos tradicionais A Superintend\u00eancia da Igualdade Racial e dos Povos Origin\u00e1rios &#8211; SUIRPO &#8211; integra a Secretaria da Assist\u00eancia Social, Trabalho e Direitos Humanos do Governo do Estado do Piau\u00ed. O objetivo da SUIRPO \u00e9 criar, promover, gerir, monitorar e avaliar as a\u00e7\u00f5es, programas e pol\u00edticas p\u00fablicas vinculadas \u00e0 Igualdade Racial, \u00e0s comunidades quilombolas, \u00e0s comunidades ciganas, os ribeirinhos, aos povos origin\u00e1rios e ao trabalho an\u00e1logo ao escravo&hellip;<\/p>\n","category_list":"","author_info":{"name":"tassodenis","url":"https:\/\/portal.pi.gov.br\/sasc\/author\/tassodenis\/"},"comments_num":"0 coment\u00e1rio","featured_image_urls_v2":{"full":"","thumbnail":"","medium":"","medium_large":"","large":"","sgg-420":"","sgg-540":"","sgg-780":"","1536x1536":"","2048x2048":"","homepage-slider":"","homepage-slider-small":"","page-top":"","page-small":"","loop-main":"","thumb-gallery-widget":""},"post_excerpt_stackable_v2":"<p>Endere\u00e7o: Rua 19 de Novembro, 159, Edif\u00edcio Carlos Estevam, Centro, Teresina &#8211; PI 64000-470 Superintendente: Assun\u00e7\u00e3o Aguiar 86 9 9919 1552 Compromisso 7 \u2013 Racismo Institucional Compromisso 10 \u2013 Povos origin\u00e1rios e povos tradicionais A Superintend\u00eancia da Igualdade Racial e dos Povos Origin\u00e1rios &#8211; SUIRPO &#8211; integra a Secretaria da Assist\u00eancia Social, Trabalho e Direitos Humanos do Governo do Estado do Piau\u00ed. O objetivo da SUIRPO \u00e9 criar, promover, gerir, monitorar e avaliar as a\u00e7\u00f5es, programas e pol\u00edticas p\u00fablicas vinculadas \u00e0 Igualdade Racial, \u00e0s comunidades quilombolas, \u00e0s comunidades ciganas, os ribeirinhos, aos povos origin\u00e1rios e ao trabalho an\u00e1logo ao escravo&hellip;<\/p>\n","category_list_v2":"","author_info_v2":{"name":"tassodenis","url":"https:\/\/portal.pi.gov.br\/sasc\/author\/tassodenis\/"},"comments_num_v2":"0 coment\u00e1rio","_links":{"self":[{"href":"https:\/\/portal.pi.gov.br\/sasc\/wp-json\/wp\/v2\/pages\/953"}],"collection":[{"href":"https:\/\/portal.pi.gov.br\/sasc\/wp-json\/wp\/v2\/pages"}],"about":[{"href":"https:\/\/portal.pi.gov.br\/sasc\/wp-json\/wp\/v2\/types\/page"}],"author":[{"embeddable":true,"href":"https:\/\/portal.pi.gov.br\/sasc\/wp-json\/wp\/v2\/users\/28"}],"replies":[{"embeddable":true,"href":"https:\/\/portal.pi.gov.br\/sasc\/wp-json\/wp\/v2\/comments?post=953"}],"version-history":[{"count":3,"href":"https:\/\/portal.pi.gov.br\/sasc\/wp-json\/wp\/v2\/pages\/953\/revisions"}],"predecessor-version":[{"id":1135,"href":"https:\/\/portal.pi.gov.br\/sasc\/wp-json\/wp\/v2\/pages\/953\/revisions\/1135"}],"wp:attachment":[{"href":"https:\/\/portal.pi.gov.br\/sasc\/wp-json\/wp\/v2\/media?parent=953"}],"curies":[{"name":"wp","href":"https:\/\/api.w.org\/{rel}","templated":true}]}}