{"id":955,"date":"2024-10-23T09:28:05","date_gmt":"2024-10-23T12:28:05","guid":{"rendered":"https:\/\/portal.pi.gov.br\/sasc\/?page_id=955"},"modified":"2024-11-08T15:23:14","modified_gmt":"2024-11-08T18:23:14","slug":"politicas-para-pessoa-idosa","status":"publish","type":"page","link":"https:\/\/portal.pi.gov.br\/sasc\/politicas-para-pessoa-idosa\/","title":{"rendered":"Pol\u00edticas para Pessoa Idosa"},"content":{"rendered":"\n<p>Endere\u00e7o: Rua 19 de Novembro, 159, Edif\u00edcio Carlos Estevam, Centro, Teresina &#8211; PI 64000-470<\/p>\n\n\n\n<p>Superintendente Gilvana Gayoso \u2013 86 99916 3200<\/p>\n\n\n\n<p><strong>Diretoria Programas, Projetos, Conv\u00eanios e Articula\u00e7\u00e3o Social de Direitos da Pessoa Idosa.<\/strong><\/p>\n\n\n\n<p>Diretor \u2013 Jo\u00e3o Rodrigues Lima Filho 86 9 8145 7272<\/p>\n\n\n\n<p>Ger\u00eancia de Promo\u00e7\u00e3o da Pol\u00edtica para a pessoa idosa<\/p>\n\n\n\n<p>Coord. de projetos de conviv\u00eancia<\/p>\n\n\n\n<p>Coord. de parcerias<\/p>\n\n\n\n<p>Coord. de articula\u00e7\u00e3o com os munic\u00edpios<\/p>\n\n\n\n<p><\/p>\n\n\n\n<p><strong>Diretoria de Pol\u00edticas P\u00fablicas para o Idoso\/a<\/strong><\/p>\n\n\n\n<p>Diretora: Maria da Cruz 86 99541 7449<\/p>\n\n\n\n<p>Ger\u00eancia de Prote\u00e7\u00e3o Integral \u00e0 Pessoa Idosa<\/p>\n\n\n\n<p>Coord. da Unidade de Acolhimento Vila do Anci\u00e3o<\/p>\n\n\n\n<p>Coord. da Unidade de Acolhimento Abrigo S\u00e3o Jos\u00e9<\/p>\n\n\n\n<p>Coord. do N\u00facleo de enfrentamento \u00e0 viol\u00eancia a pessoa idosa<\/p>\n","protected":false},"excerpt":{"rendered":"<p>Endere\u00e7o: Rua 19 de Novembro, 159, Edif\u00edcio Carlos Estevam, Centro, Teresina &#8211; PI 64000-470 Superintendente Gilvana Gayoso \u2013 86 99916 3200 Diretoria Programas, Projetos, Conv\u00eanios e Articula\u00e7\u00e3o Social de Direitos [&hellip;]<\/p>\n","protected":false},"author":28,"featured_media":0,"parent":0,"menu_order":0,"comment_status":"closed","ping_status":"closed","template":"template-fullwidth.php","meta":[],"featured_image_urls":{"full":"","thumbnail":"","medium":"","medium_large":"","large":"","sgg-420":"","sgg-540":"","sgg-780":"","1536x1536":"","2048x2048":"","homepage-slider":"","homepage-slider-small":"","page-top":"","page-small":"","loop-main":"","thumb-gallery-widget":""},"post_excerpt_stackable":"<p>Endere\u00e7o: Rua 19 de Novembro, 159, Edif\u00edcio Carlos Estevam, Centro, Teresina &#8211; PI 64000-470 Superintendente Gilvana Gayoso \u2013 86 99916 3200 Diretoria Programas, Projetos, Conv\u00eanios e Articula\u00e7\u00e3o Social de Direitos da Pessoa Idosa. Diretor \u2013 Jo\u00e3o Rodrigues Lima Filho 86 9 8145 7272 Ger\u00eancia de Promo\u00e7\u00e3o da Pol\u00edtica para a pessoa idosa Coord. de projetos de conviv\u00eancia Coord. de parcerias Coord. de articula\u00e7\u00e3o com os munic\u00edpios Diretoria de Pol\u00edticas P\u00fablicas para o Idoso\/a Diretora: Maria da Cruz 86 99541 7449 Ger\u00eancia de Prote\u00e7\u00e3o Integral \u00e0 Pessoa Idosa Coord. da Unidade de Acolhimento Vila do Anci\u00e3o Coord. da Unidade de Acolhimento&hellip;<\/p>\n","category_list":"","author_info":{"name":"tassodenis","url":"https:\/\/portal.pi.gov.br\/sasc\/author\/tassodenis\/"},"comments_num":"0 coment\u00e1rio","featured_image_urls_v2":{"full":"","thumbnail":"","medium":"","medium_large":"","large":"","sgg-420":"","sgg-540":"","sgg-780":"","1536x1536":"","2048x2048":"","homepage-slider":"","homepage-slider-small":"","page-top":"","page-small":"","loop-main":"","thumb-gallery-widget":""},"post_excerpt_stackable_v2":"<p>Endere\u00e7o: Rua 19 de Novembro, 159, Edif\u00edcio Carlos Estevam, Centro, Teresina &#8211; PI 64000-470 Superintendente Gilvana Gayoso \u2013 86 99916 3200 Diretoria Programas, Projetos, Conv\u00eanios e Articula\u00e7\u00e3o Social de Direitos da Pessoa Idosa. Diretor \u2013 Jo\u00e3o Rodrigues Lima Filho 86 9 8145 7272 Ger\u00eancia de Promo\u00e7\u00e3o da Pol\u00edtica para a pessoa idosa Coord. de projetos de conviv\u00eancia Coord. de parcerias Coord. de articula\u00e7\u00e3o com os munic\u00edpios Diretoria de Pol\u00edticas P\u00fablicas para o Idoso\/a Diretora: Maria da Cruz 86 99541 7449 Ger\u00eancia de Prote\u00e7\u00e3o Integral \u00e0 Pessoa Idosa Coord. da Unidade de Acolhimento Vila do Anci\u00e3o Coord. da Unidade de Acolhimento&hellip;<\/p>\n","category_list_v2":"","author_info_v2":{"name":"tassodenis","url":"https:\/\/portal.pi.gov.br\/sasc\/author\/tassodenis\/"},"comments_num_v2":"0 coment\u00e1rio","_links":{"self":[{"href":"https:\/\/portal.pi.gov.br\/sasc\/wp-json\/wp\/v2\/pages\/955"}],"collection":[{"href":"https:\/\/portal.pi.gov.br\/sasc\/wp-json\/wp\/v2\/pages"}],"about":[{"href":"https:\/\/portal.pi.gov.br\/sasc\/wp-json\/wp\/v2\/types\/page"}],"author":[{"embeddable":true,"href":"https:\/\/portal.pi.gov.br\/sasc\/wp-json\/wp\/v2\/users\/28"}],"replies":[{"embeddable":true,"href":"https:\/\/portal.pi.gov.br\/sasc\/wp-json\/wp\/v2\/comments?post=955"}],"version-history":[{"count":3,"href":"https:\/\/portal.pi.gov.br\/sasc\/wp-json\/wp\/v2\/pages\/955\/revisions"}],"predecessor-version":[{"id":1136,"href":"https:\/\/portal.pi.gov.br\/sasc\/wp-json\/wp\/v2\/pages\/955\/revisions\/1136"}],"wp:attachment":[{"href":"https:\/\/portal.pi.gov.br\/sasc\/wp-json\/wp\/v2\/media?parent=955"}],"curies":[{"name":"wp","href":"https:\/\/api.w.org\/{rel}","templated":true}]}}