{"id":934,"date":"2024-02-02T09:39:27","date_gmt":"2024-02-02T12:39:27","guid":{"rendered":"https:\/\/portal.pi.gov.br\/sde\/?page_id=934"},"modified":"2026-04-13T10:02:41","modified_gmt":"2026-04-13T13:02:41","slug":"sobre-o-secretario","status":"publish","type":"page","link":"https:\/\/portal.pi.gov.br\/sde\/sobre-o-secretario\/","title":{"rendered":"Sobre o Secret\u00e1rio"},"content":{"rendered":"\n<p><\/p>\n\n\n\n<div class=\"wp-block-media-text alignwide is-stacked-on-mobile\"><figure class=\"wp-block-media-text__media\"><img decoding=\"async\" loading=\"lazy\" width=\"819\" height=\"1024\" src=\"https:\/\/portal.pi.gov.br\/sde\/wp-content\/uploads\/sites\/89\/2026\/04\/WhatsApp-Image-2026-04-13-at-09.55.11-819x1024.jpeg\" alt=\"\" class=\"wp-image-3091 size-full\" srcset=\"https:\/\/portal.pi.gov.br\/sde\/wp-content\/uploads\/sites\/89\/2026\/04\/WhatsApp-Image-2026-04-13-at-09.55.11-819x1024.jpeg 819w, https:\/\/portal.pi.gov.br\/sde\/wp-content\/uploads\/sites\/89\/2026\/04\/WhatsApp-Image-2026-04-13-at-09.55.11-240x300.jpeg 240w, https:\/\/portal.pi.gov.br\/sde\/wp-content\/uploads\/sites\/89\/2026\/04\/WhatsApp-Image-2026-04-13-at-09.55.11-768x960.jpeg 768w, https:\/\/portal.pi.gov.br\/sde\/wp-content\/uploads\/sites\/89\/2026\/04\/WhatsApp-Image-2026-04-13-at-09.55.11-336x420.jpeg 336w, https:\/\/portal.pi.gov.br\/sde\/wp-content\/uploads\/sites\/89\/2026\/04\/WhatsApp-Image-2026-04-13-at-09.55.11-432x540.jpeg 432w, https:\/\/portal.pi.gov.br\/sde\/wp-content\/uploads\/sites\/89\/2026\/04\/WhatsApp-Image-2026-04-13-at-09.55.11-624x780.jpeg 624w, https:\/\/portal.pi.gov.br\/sde\/wp-content\/uploads\/sites\/89\/2026\/04\/WhatsApp-Image-2026-04-13-at-09.55.11-947x1184.jpeg 947w, https:\/\/portal.pi.gov.br\/sde\/wp-content\/uploads\/sites\/89\/2026\/04\/WhatsApp-Image-2026-04-13-at-09.55.11.jpeg 1024w\" sizes=\"(max-width: 819px) 100vw, 819px\" \/><\/figure><div class=\"wp-block-media-text__content\">\n<p><strong>Deusval Lacerda de Moraes <\/strong>\u00e9 o atual secret\u00e1rio de Desenvolvimento Econ\u00f4mico do Estado do Piau\u00ed (SDE). Possui forma\u00e7\u00e3o em Direito e em Ci\u00eancias Econ\u00f4micas. Tamb\u00e9m possui especializa\u00e7\u00f5es em Ci\u00eancias Jur\u00eddicas e Economia.<\/p>\n\n\n\n<p>Ao longo de sua trajet\u00f3ria na gest\u00e3o p\u00fablica, exerceu o cargo de superintendente de Obras e Servi\u00e7os da Secretaria de Estado de Infraestrutura do Piau\u00ed (SEINFRA), al\u00e9m de ter assumido a fun\u00e7\u00e3o de secret\u00e1rio estadual de Infraestrutura, acumulando experi\u00eancia na condu\u00e7\u00e3o de projetos estrat\u00e9gicos e no fortalecimento da infraestrutura estadual.<\/p>\n\n\n\n<p>\u00c0 frente da SDE, atua com foco na atra\u00e7\u00e3o de investimentos e na melhoria do ambiente de neg\u00f3cios, com a promo\u00e7\u00e3o do desenvolvimento econ\u00f4mico, social e sustent\u00e1vel do Piau\u00ed.<\/p>\n<\/div><\/div>\n","protected":false},"excerpt":{"rendered":"<p>Deusval Lacerda de Moraes \u00e9 o atual secret\u00e1rio de Desenvolvimento Econ\u00f4mico do Estado do Piau\u00ed (SDE). Possui forma\u00e7\u00e3o em Direito e em Ci\u00eancias Econ\u00f4micas. Tamb\u00e9m possui especializa\u00e7\u00f5es em Ci\u00eancias Jur\u00eddicas [&hellip;]<\/p>\n","protected":false},"author":1,"featured_media":0,"parent":0,"menu_order":0,"comment_status":"closed","ping_status":"closed","template":"template-fullwidth.php","meta":[],"featured_image_urls":{"full":"","thumbnail":"","medium":"","medium_large":"","large":"","sgg-420":"","sgg-540":"","sgg-780":"","1536x1536":"","2048x2048":"","homepage-slider":"","homepage-slider-small":"","page-top":"","page-small":"","loop-main":"","thumb-gallery-widget":""},"post_excerpt_stackable":"<p>Deusval Lacerda de Moraes \u00e9 o atual secret\u00e1rio de Desenvolvimento Econ\u00f4mico do Estado do Piau\u00ed (SDE). Possui forma\u00e7\u00e3o em Direito e em Ci\u00eancias Econ\u00f4micas. Tamb\u00e9m possui especializa\u00e7\u00f5es em Ci\u00eancias Jur\u00eddicas e Economia. Ao longo de sua trajet\u00f3ria na gest\u00e3o p\u00fablica, exerceu o cargo de superintendente de Obras e Servi\u00e7os da Secretaria de Estado de Infraestrutura do Piau\u00ed (SEINFRA), al\u00e9m de ter assumido a fun\u00e7\u00e3o de secret\u00e1rio estadual de Infraestrutura, acumulando experi\u00eancia na condu\u00e7\u00e3o de projetos estrat\u00e9gicos e no fortalecimento da infraestrutura estadual. \u00c0 frente da SDE, atua com foco na atra\u00e7\u00e3o de investimentos e na melhoria do ambiente de neg\u00f3cios,&hellip;<\/p>\n","category_list":"","author_info":{"name":"admin","url":"https:\/\/portal.pi.gov.br\/sde\/author\/admin\/"},"comments_num":"0 coment\u00e1rio","featured_image_urls_v2":{"full":"","thumbnail":"","medium":"","medium_large":"","large":"","sgg-420":"","sgg-540":"","sgg-780":"","1536x1536":"","2048x2048":"","homepage-slider":"","homepage-slider-small":"","page-top":"","page-small":"","loop-main":"","thumb-gallery-widget":""},"post_excerpt_stackable_v2":"<p>Deusval Lacerda de Moraes \u00e9 o atual secret\u00e1rio de Desenvolvimento Econ\u00f4mico do Estado do Piau\u00ed (SDE). Possui forma\u00e7\u00e3o em Direito e em Ci\u00eancias Econ\u00f4micas. Tamb\u00e9m possui especializa\u00e7\u00f5es em Ci\u00eancias Jur\u00eddicas e Economia. Ao longo de sua trajet\u00f3ria na gest\u00e3o p\u00fablica, exerceu o cargo de superintendente de Obras e Servi\u00e7os da Secretaria de Estado de Infraestrutura do Piau\u00ed (SEINFRA), al\u00e9m de ter assumido a fun\u00e7\u00e3o de secret\u00e1rio estadual de Infraestrutura, acumulando experi\u00eancia na condu\u00e7\u00e3o de projetos estrat\u00e9gicos e no fortalecimento da infraestrutura estadual. \u00c0 frente da SDE, atua com foco na atra\u00e7\u00e3o de investimentos e na melhoria do ambiente de neg\u00f3cios,&hellip;<\/p>\n","category_list_v2":"","author_info_v2":{"name":"admin","url":"https:\/\/portal.pi.gov.br\/sde\/author\/admin\/"},"comments_num_v2":"0 coment\u00e1rio","_links":{"self":[{"href":"https:\/\/portal.pi.gov.br\/sde\/wp-json\/wp\/v2\/pages\/934"}],"collection":[{"href":"https:\/\/portal.pi.gov.br\/sde\/wp-json\/wp\/v2\/pages"}],"about":[{"href":"https:\/\/portal.pi.gov.br\/sde\/wp-json\/wp\/v2\/types\/page"}],"author":[{"embeddable":true,"href":"https:\/\/portal.pi.gov.br\/sde\/wp-json\/wp\/v2\/users\/1"}],"replies":[{"embeddable":true,"href":"https:\/\/portal.pi.gov.br\/sde\/wp-json\/wp\/v2\/comments?post=934"}],"version-history":[{"count":12,"href":"https:\/\/portal.pi.gov.br\/sde\/wp-json\/wp\/v2\/pages\/934\/revisions"}],"predecessor-version":[{"id":3092,"href":"https:\/\/portal.pi.gov.br\/sde\/wp-json\/wp\/v2\/pages\/934\/revisions\/3092"}],"wp:attachment":[{"href":"https:\/\/portal.pi.gov.br\/sde\/wp-json\/wp\/v2\/media?parent=934"}],"curies":[{"name":"wp","href":"https:\/\/api.w.org\/{rel}","templated":true}]}}