{"id":929,"date":"2024-02-02T21:00:00","date_gmt":"2024-02-03T00:00:00","guid":{"rendered":"https:\/\/portal.pi.gov.br\/secepi\/?page_id=929"},"modified":"2026-03-31T20:27:36","modified_gmt":"2026-03-31T23:27:36","slug":"bolsa-atleta","status":"publish","type":"page","link":"https:\/\/portal.pi.gov.br\/secepi\/bolsa-atleta\/","title":{"rendered":"Bolsa Atleta 2026"},"content":{"rendered":"\n<p><strong>Bolsa Atleta<\/strong>&nbsp;\u00e9 um programa da Secretaria dos Esportes do Piau\u00ed, que patrocina individualmente atletas e para-atletas de alto rendimento em competi\u00e7\u00f5es estaduais, nacionais e internacionais de sua modalidade. Para participar, basta que o proponente cumpra os pr\u00e9-requisitos,&nbsp;mantenha-se treinando e competindo e alcance bons resultados nas competi\u00e7\u00f5es qualificat\u00f3rias indicadas pelas respectivas federa\u00e7\u00f5es. <\/p>\n\n\n\n<p><\/p>\n\n\n\n<p><strong>Inscri\u00e7\u00f5es<\/strong>: 12 a 27 de fevereiro  <\/p>\n\n\n\n<p><strong>An\u00e1lise Documental:<\/strong> 27 de fevereiro a 9 de mar\u00e7o<\/p>\n\n\n\n<p><strong>Per\u00edodo de Avalia\u00e7\u00e3o<\/strong>: 9 a 11 de mar\u00e7o <\/p>\n\n\n\n<p><strong>Divulga\u00e7\u00e3o do Resultado Preliminar<\/strong>: 13 de mar\u00e7o<\/p>\n\n\n\n<p><strong>Interposi\u00e7\u00e3o de Recursos ao Resultado<\/strong>: 16 e 17 de mar\u00e7o<\/p>\n\n\n\n<p><strong>Divulga\u00e7\u00e3o da An\u00e1lise dos Recursos<\/strong>: 30 de mar\u00e7o<\/p>\n\n\n\n<p><strong>Divulga\u00e7\u00e3o do Resultado Final<\/strong>: 31 de mar\u00e7o<\/p>\n\n\n\n<p><a href=\"https:\/\/portal.pi.gov.br\/secepi\/wp-content\/uploads\/sites\/63\/2026\/03\/RELACAO-APROVADOS-FINAL-BOLSA-ATLETA-2026-.pdf\"><strong>RESULTADO FINAL DO BOLSA ATLETA 2026<\/strong><\/a><\/p>\n\n\n\n<p><a href=\"https:\/\/portal.pi.gov.br\/secepi\/wp-content\/uploads\/sites\/63\/2026\/03\/resultado-final-bolsa-atleta-2026.pdf\"><strong>RESULTADO FINAL DO BOLSA ATLETA 2026 &#8211; DOE<\/strong><\/a><\/p>\n\n\n\n<p><strong><a href=\"https:\/\/portal.pi.gov.br\/secepi\/wp-content\/uploads\/sites\/63\/2026\/03\/Relacao-resultado-final-Recursos-Bolsa-Atleta-2026-.pdf\">RESULTADO DOS RECURSOS DO BOLSA ATLETA 2026<\/a><\/strong><\/p>\n\n\n\n<p><a href=\"https:\/\/portal.pi.gov.br\/secepi\/wp-content\/uploads\/sites\/63\/2026\/03\/Relacao-dos-Aprovados-Bolsa-Atleta.pdf\"><strong>RESULTADO PARCIAL DO EDITAL BOLSA ATLETA 2026<\/strong><\/a><\/p>\n\n\n\n<p><strong><a href=\"https:\/\/portal.pi.gov.br\/secepi\/wp-content\/uploads\/sites\/63\/2026\/03\/DOEPI_49_2026-bolsa-atleta.pdf\">RESULTADO PARCIAL DO EDITAL BOLSA ATLETA 2026 &#8211; DOE<\/a><\/strong><\/p>\n\n\n\n<p><a href=\"https:\/\/portal.pi.gov.br\/secepi\/wp-content\/uploads\/sites\/63\/2026\/02\/EDITAL-BOLSA-ATLETA-DIARIO-2026.pdf\"><strong>EDITAL<\/strong> <strong>DI\u00c1RIO OFICIAL DO ESTADO &#8211; DOE<\/strong><\/a><\/p>\n\n\n\n<p><strong><a href=\"https:\/\/portal.pi.gov.br\/secepi\/wp-content\/uploads\/sites\/63\/2026\/02\/09_02__EDITAL_BOLSA_ATLETA_2026___-ultimo.pdf\">EDITAL PDF<\/a><\/strong><\/p>\n\n\n\n<p><a href=\"https:\/\/docs.google.com\/forms\/d\/e\/1FAIpQLSdJiuvsiNXKumX6p3Gi3In2ZXZZGUbyYQQttBjeLUjrLkAjhg\/viewform?usp=header\"><strong>FORMUL\u00c1RIO DE INSCRI\u00c7\u00c3O<\/strong><\/a><\/p>\n\n\n\n<p><a href=\"https:\/\/portal.pi.gov.br\/secepi\/wp-content\/uploads\/sites\/63\/2026\/02\/ANEXO-I.docx\"><strong>ANEXO I <\/strong>&#8211; <strong>PROCEDIMENTOS PARA INSCRI\u00c7\u00c3O<\/strong><\/a><\/p>\n\n\n\n<p><strong><a href=\"https:\/\/portal.pi.gov.br\/secepi\/wp-content\/uploads\/sites\/63\/2026\/02\/Anexo-II.docx\">ANEXO II &#8211; DECLARA\u00c7\u00c3O DA FEDERA\u00c7\u00c3O<\/a><\/strong><\/p>\n\n\n\n<p><strong><a href=\"https:\/\/portal.pi.gov.br\/secepi\/wp-content\/uploads\/sites\/63\/2026\/02\/Anexo-III.docx\">ANEXO III &#8211; DECLARA\u00c7\u00c3O DA INSTITUI\u00c7\u00c3O DE ENSINO<\/a><\/strong><\/p>\n\n\n\n<p><strong><a href=\"https:\/\/portal.pi.gov.br\/secepi\/wp-content\/uploads\/sites\/63\/2026\/02\/Anexo-IV.docx\">ANEXO IV &#8211; DECLARA\u00c7\u00c3O DE N\u00c3O PATROC\u00cdNIO<\/a><\/strong><\/p>\n\n\n\n<p><strong><a href=\"https:\/\/portal.pi.gov.br\/secepi\/wp-content\/uploads\/sites\/63\/2026\/02\/Anexo-V.docx\">ANEXO V &#8211; DECLARA\u00c7\u00c3O QUE RESIDE NO PIAU\u00cd<\/a><\/strong><\/p>\n\n\n\n<p><strong><a href=\"https:\/\/portal.pi.gov.br\/secepi\/wp-content\/uploads\/sites\/63\/2026\/02\/Anexo-VI-1.docx\">ANEXO VI &#8211; QUADRO DE PONTUA\u00c7\u00c3O (CRIT\u00c9RIOS)<\/a><\/strong><\/p>\n\n\n\n<p><strong><a href=\"https:\/\/portal.pi.gov.br\/secepi\/wp-content\/uploads\/sites\/63\/2026\/02\/Anexo-VII-1.docx\">ANEXO VII &#8211; RELA\u00c7\u00c3O DE DESPESAS<\/a><\/strong><\/p>\n\n\n\n<p><strong><a href=\"https:\/\/portal.pi.gov.br\/secepi\/wp-content\/uploads\/sites\/63\/2026\/02\/Anexo-VIII-2.docx\">ANEXO VIII &#8211; DADOS DE DESEMPENHO DO ATLETA<\/a><\/strong><\/p>\n\n\n\n<p><\/p>\n\n\n\n<p><\/p>\n\n\n\n<p><\/p>\n\n\n\n<p><\/p>\n\n\n\n<p><\/p>\n\n\n\n<p><\/p>\n","protected":false},"excerpt":{"rendered":"<p>Bolsa Atleta&nbsp;\u00e9 um programa da Secretaria dos Esportes do Piau\u00ed, que patrocina individualmente atletas e para-atletas de alto rendimento em competi\u00e7\u00f5es estaduais, nacionais e internacionais de sua modalidade. Para participar, [&hellip;]<\/p>\n","protected":false},"author":1,"featured_media":0,"parent":0,"menu_order":0,"comment_status":"closed","ping_status":"closed","template":"template-fullwidth.php","meta":[],"featured_image_urls":{"full":"","thumbnail":"","medium":"","medium_large":"","large":"","sgg-420":"","sgg-540":"","sgg-780":"","1536x1536":"","2048x2048":"","homepage-slider":"","homepage-slider-small":"","page-top":"","page-small":"","loop-main":"","thumb-gallery-widget":""},"post_excerpt_stackable":"<p>Bolsa Atleta&nbsp;\u00e9 um programa da Secretaria dos Esportes do Piau\u00ed, que patrocina individualmente atletas e para-atletas de alto rendimento em competi\u00e7\u00f5es estaduais, nacionais e internacionais de sua modalidade. Para participar, basta que o proponente cumpra os pr\u00e9-requisitos,&nbsp;mantenha-se treinando e competindo e alcance bons resultados nas competi\u00e7\u00f5es qualificat\u00f3rias indicadas pelas respectivas federa\u00e7\u00f5es. Inscri\u00e7\u00f5es: 12 a 27 de fevereiro An\u00e1lise Documental: 27 de fevereiro a 9 de mar\u00e7o Per\u00edodo de Avalia\u00e7\u00e3o: 9 a 11 de mar\u00e7o Divulga\u00e7\u00e3o do Resultado Preliminar: 13 de mar\u00e7o Interposi\u00e7\u00e3o de Recursos ao Resultado: 16 e 17 de mar\u00e7o Divulga\u00e7\u00e3o da An\u00e1lise dos Recursos: 30 de mar\u00e7o Divulga\u00e7\u00e3o&hellip;<\/p>\n","category_list":"","author_info":{"name":"admin","url":"https:\/\/portal.pi.gov.br\/secepi\/author\/admin\/"},"comments_num":"0 coment\u00e1rio","featured_image_urls_v2":{"full":"","thumbnail":"","medium":"","medium_large":"","large":"","sgg-420":"","sgg-540":"","sgg-780":"","1536x1536":"","2048x2048":"","homepage-slider":"","homepage-slider-small":"","page-top":"","page-small":"","loop-main":"","thumb-gallery-widget":""},"post_excerpt_stackable_v2":"<p>Bolsa Atleta&nbsp;\u00e9 um programa da Secretaria dos Esportes do Piau\u00ed, que patrocina individualmente atletas e para-atletas de alto rendimento em competi\u00e7\u00f5es estaduais, nacionais e internacionais de sua modalidade. Para participar, basta que o proponente cumpra os pr\u00e9-requisitos,&nbsp;mantenha-se treinando e competindo e alcance bons resultados nas competi\u00e7\u00f5es qualificat\u00f3rias indicadas pelas respectivas federa\u00e7\u00f5es. Inscri\u00e7\u00f5es: 12 a 27 de fevereiro An\u00e1lise Documental: 27 de fevereiro a 9 de mar\u00e7o Per\u00edodo de Avalia\u00e7\u00e3o: 9 a 11 de mar\u00e7o Divulga\u00e7\u00e3o do Resultado Preliminar: 13 de mar\u00e7o Interposi\u00e7\u00e3o de Recursos ao Resultado: 16 e 17 de mar\u00e7o Divulga\u00e7\u00e3o da An\u00e1lise dos Recursos: 30 de mar\u00e7o Divulga\u00e7\u00e3o&hellip;<\/p>\n","category_list_v2":"","author_info_v2":{"name":"admin","url":"https:\/\/portal.pi.gov.br\/secepi\/author\/admin\/"},"comments_num_v2":"0 coment\u00e1rio","_links":{"self":[{"href":"https:\/\/portal.pi.gov.br\/secepi\/wp-json\/wp\/v2\/pages\/929"}],"collection":[{"href":"https:\/\/portal.pi.gov.br\/secepi\/wp-json\/wp\/v2\/pages"}],"about":[{"href":"https:\/\/portal.pi.gov.br\/secepi\/wp-json\/wp\/v2\/types\/page"}],"author":[{"embeddable":true,"href":"https:\/\/portal.pi.gov.br\/secepi\/wp-json\/wp\/v2\/users\/1"}],"replies":[{"embeddable":true,"href":"https:\/\/portal.pi.gov.br\/secepi\/wp-json\/wp\/v2\/comments?post=929"}],"version-history":[{"count":86,"href":"https:\/\/portal.pi.gov.br\/secepi\/wp-json\/wp\/v2\/pages\/929\/revisions"}],"predecessor-version":[{"id":3229,"href":"https:\/\/portal.pi.gov.br\/secepi\/wp-json\/wp\/v2\/pages\/929\/revisions\/3229"}],"wp:attachment":[{"href":"https:\/\/portal.pi.gov.br\/secepi\/wp-json\/wp\/v2\/media?parent=929"}],"curies":[{"name":"wp","href":"https:\/\/api.w.org\/{rel}","templated":true}]}}