{"id":931,"date":"2023-03-06T08:35:42","date_gmt":"2023-03-06T11:35:42","guid":{"rendered":"https:\/\/portal.pi.gov.br\/secepi\/?page_id=931"},"modified":"2026-04-08T19:58:26","modified_gmt":"2026-04-08T22:58:26","slug":"siespi","status":"publish","type":"page","link":"https:\/\/portal.pi.gov.br\/secepi\/siespi\/","title":{"rendered":"SIESPI 2026"},"content":{"rendered":"\n<p>O SIESPI \u00e9 o Programa de Incentivo Estadual ao Esporte \u00e9 um programa da Secretaria dos Esportes, que instituiu regime de incentivo fiscal, no qual permite que empresas privadas contribuintes de ICMS patrocinem projetos esportivos, com a futura compensa\u00e7\u00e3o tribut\u00e1ria em sua integralidade. De forma a ser mais transparente e clara para a popula\u00e7\u00e3o, patrocinadores e proponentes dos projetos.<\/p>\n\n\n\n<p><strong>Publica\u00e7\u00e3o do Edital<\/strong>: 11 de fevereiro<\/p>\n\n\n\n<p><strong>Prazo de inscri\u00e7\u00f5es<\/strong>: 12 a 23 de fevereiro<\/p>\n\n\n\n<p><strong>Resultado Parcial<\/strong>: 23 de mar\u00e7o<\/p>\n\n\n\n<p><strong>Prazo para Recurso<\/strong>: 24 e 25 de mar\u00e7o<\/p>\n\n\n\n<p><strong>Resultado do Recurso:<\/strong> 7 de abril<\/p>\n\n\n\n<p><strong>Divulga\u00e7\u00e3o do Resultado Final<\/strong>: 8 de abril<br><br><br><strong><a href=\"https:\/\/portal.pi.gov.br\/secepi\/wp-content\/uploads\/sites\/63\/2024\/03\/LEI-SIESPI.pdf\">LEI N\u00ba 8.042, DE 11 DE MAIO DE 2023<\/a><\/strong><\/p>\n\n\n\n<p><strong><a href=\"https:\/\/portal.pi.gov.br\/secepi\/wp-content\/uploads\/sites\/63\/2024\/03\/decreto-nomes-SIESPI-2024.pdf\">DECRETO CONSELHO DELIBERATIVO DO SIESPI<\/a><\/strong><\/p>\n\n\n\n<p class=\"has-medium-font-size\"><strong><a href=\"https:\/\/portal.pi.gov.br\/secepi\/wp-content\/uploads\/sites\/63\/2026\/02\/11-02-2026-MINUTA-EDITAL-SIESPI-2026-REVISADO.pdf\">EDITAL SIESPI 2026 pdf<\/a><\/strong><\/p>\n\n\n\n<p class=\"has-medium-font-size\"><strong><a href=\"https:\/\/portal.pi.gov.br\/secepi\/wp-content\/uploads\/sites\/63\/2026\/02\/edital-SIESPI-DIARIO-2026.pdf\">EDITAL SIESPI 2026 DOE<\/a><\/strong><\/p>\n\n\n\n<p><strong><a href=\"https:\/\/portal.pi.gov.br\/secepi\/wp-content\/uploads\/sites\/63\/2024\/03\/Formulario-SIESPI.docx-3.pdf\">FORMUL\u00c1RIO DE INSCRI\u00c7\u00c3O E PROJETO PDF (ANEXO I DO EDITAL)<\/a><\/strong><\/p>\n\n\n\n<p><strong><a href=\"https:\/\/portal.pi.gov.br\/secepi\/wp-content\/uploads\/sites\/63\/2024\/03\/Formulario-SIESPI-2.docx\">FORMUL\u00c1RIO DE INSCRI\u00c7\u00c3O E PROJETO WORD (ANEXO I DO EDITAL)<\/a><\/strong><\/p>\n\n\n\n<p><strong><a href=\"https:\/\/portal.pi.gov.br\/secepi\/wp-content\/uploads\/sites\/63\/2024\/03\/LOGO-SIESPI-COLORIDA-PNG.png\">LOGOMARCA SIESPI <\/a><\/strong><\/p>\n\n\n\n<p><strong><a href=\"https:\/\/portal.pi.gov.br\/secepi\/wp-content\/uploads\/sites\/63\/2024\/03\/IMG_3716-1.png\">LOGOMARCA SECEPI<\/a><\/strong><\/p>\n\n\n\n<p><strong><a href=\"https:\/\/portal.pi.gov.br\/secepi\/wp-content\/uploads\/sites\/63\/2026\/03\/FORMULARIO-DE-RECURSO-SIESPI-2026.docx\">FORMUL\u00c1RIO DE RECURSO SIESPI 2026<\/a><\/strong><\/p>\n\n\n\n<p><strong><a href=\"https:\/\/portal.pi.gov.br\/secepi\/wp-content\/uploads\/sites\/63\/2026\/03\/PARCIAL-SIESPI-2026-ASS.pdf\">RESULTADO PARCIAL SIESPI 2026<\/a><\/strong><\/p>\n\n\n\n<p><strong><a href=\"https:\/\/portal.pi.gov.br\/secepi\/wp-content\/uploads\/sites\/63\/2026\/03\/RESULTADO-PARCIAL-SIESPI-DIARIO-PUBLICADO.pdf\">RESULTADO PARCIAL SIESPI 2026 &#8211; DOE<\/a><\/strong><\/p>\n\n\n\n<p><strong><a href=\"https:\/\/portal.pi.gov.br\/secepi\/wp-content\/uploads\/sites\/63\/2026\/04\/TABELA-RESULTADO-RECURSOS-SIESPI-2026-com-TIMBRE-assinar.pdf\">RESULTADO DOS RECURSOS SIESPI 2026<\/a><\/strong><\/p>\n\n\n\n<p><strong><a href=\"https:\/\/portal.pi.gov.br\/secepi\/wp-content\/uploads\/sites\/63\/2026\/04\/2-RETIFICADO-FINAL-SIESPI-2026-ASS.pdf\">RESULTADO FINAL SIESPI 2026<\/a><\/strong><\/p>\n\n\n\n<p><strong><a href=\"https:\/\/portal.pi.gov.br\/secepi\/wp-content\/uploads\/sites\/63\/2026\/04\/DIARIO-RESULTADO-FINAL-SIESPI.pdf\">RESULTADO FINAL SIESPI 2026 &#8211; DOE<\/a><\/strong><\/p>\n\n\n\n<p><\/p>\n\n\n\n<p class=\"has-medium-font-size\"><\/p>\n\n\n\n<p><\/p>\n\n\n\n<p><\/p>\n\n\n\n<p><\/p>\n\n\n\n<p><\/p>\n\n\n\n<p><\/p>\n\n\n\n<p><\/p>\n\n\n\n<p><\/p>\n\n\n\n<p><\/p>\n\n\n\n<p><\/p>\n\n\n\n<p><\/p>\n\n\n\n<p><\/p>\n\n\n\n<p class=\"has-text-align-center\"><\/p>\n","protected":false},"excerpt":{"rendered":"<p>O SIESPI \u00e9 o Programa de Incentivo Estadual ao Esporte \u00e9 um programa da Secretaria dos Esportes, que instituiu regime de incentivo fiscal, no qual permite que empresas privadas contribuintes [&hellip;]<\/p>\n","protected":false},"author":1,"featured_media":0,"parent":0,"menu_order":0,"comment_status":"closed","ping_status":"closed","template":"template-fullwidth.php","meta":[],"featured_image_urls":{"full":"","thumbnail":"","medium":"","medium_large":"","large":"","sgg-420":"","sgg-540":"","sgg-780":"","1536x1536":"","2048x2048":"","homepage-slider":"","homepage-slider-small":"","page-top":"","page-small":"","loop-main":"","thumb-gallery-widget":""},"post_excerpt_stackable":"<p>O SIESPI \u00e9 o Programa de Incentivo Estadual ao Esporte \u00e9 um programa da Secretaria dos Esportes, que instituiu regime de incentivo fiscal, no qual permite que empresas privadas contribuintes de ICMS patrocinem projetos esportivos, com a futura compensa\u00e7\u00e3o tribut\u00e1ria em sua integralidade. De forma a ser mais transparente e clara para a popula\u00e7\u00e3o, patrocinadores e proponentes dos projetos. Publica\u00e7\u00e3o do Edital: 11 de fevereiro Prazo de inscri\u00e7\u00f5es: 12 a 23 de fevereiro Resultado Parcial: 23 de mar\u00e7o Prazo para Recurso: 24 e 25 de mar\u00e7o Resultado do Recurso: 7 de abril Divulga\u00e7\u00e3o do Resultado Final: 8 de abrilLEI N\u00ba&hellip;<\/p>\n","category_list":"","author_info":{"name":"admin","url":"https:\/\/portal.pi.gov.br\/secepi\/author\/admin\/"},"comments_num":"0 coment\u00e1rio","featured_image_urls_v2":{"full":"","thumbnail":"","medium":"","medium_large":"","large":"","sgg-420":"","sgg-540":"","sgg-780":"","1536x1536":"","2048x2048":"","homepage-slider":"","homepage-slider-small":"","page-top":"","page-small":"","loop-main":"","thumb-gallery-widget":""},"post_excerpt_stackable_v2":"<p>O SIESPI \u00e9 o Programa de Incentivo Estadual ao Esporte \u00e9 um programa da Secretaria dos Esportes, que instituiu regime de incentivo fiscal, no qual permite que empresas privadas contribuintes de ICMS patrocinem projetos esportivos, com a futura compensa\u00e7\u00e3o tribut\u00e1ria em sua integralidade. De forma a ser mais transparente e clara para a popula\u00e7\u00e3o, patrocinadores e proponentes dos projetos. Publica\u00e7\u00e3o do Edital: 11 de fevereiro Prazo de inscri\u00e7\u00f5es: 12 a 23 de fevereiro Resultado Parcial: 23 de mar\u00e7o Prazo para Recurso: 24 e 25 de mar\u00e7o Resultado do Recurso: 7 de abril Divulga\u00e7\u00e3o do Resultado Final: 8 de abrilLEI N\u00ba&hellip;<\/p>\n","category_list_v2":"","author_info_v2":{"name":"admin","url":"https:\/\/portal.pi.gov.br\/secepi\/author\/admin\/"},"comments_num_v2":"0 coment\u00e1rio","_links":{"self":[{"href":"https:\/\/portal.pi.gov.br\/secepi\/wp-json\/wp\/v2\/pages\/931"}],"collection":[{"href":"https:\/\/portal.pi.gov.br\/secepi\/wp-json\/wp\/v2\/pages"}],"about":[{"href":"https:\/\/portal.pi.gov.br\/secepi\/wp-json\/wp\/v2\/types\/page"}],"author":[{"embeddable":true,"href":"https:\/\/portal.pi.gov.br\/secepi\/wp-json\/wp\/v2\/users\/1"}],"replies":[{"embeddable":true,"href":"https:\/\/portal.pi.gov.br\/secepi\/wp-json\/wp\/v2\/comments?post=931"}],"version-history":[{"count":105,"href":"https:\/\/portal.pi.gov.br\/secepi\/wp-json\/wp\/v2\/pages\/931\/revisions"}],"predecessor-version":[{"id":3288,"href":"https:\/\/portal.pi.gov.br\/secepi\/wp-json\/wp\/v2\/pages\/931\/revisions\/3288"}],"wp:attachment":[{"href":"https:\/\/portal.pi.gov.br\/secepi\/wp-json\/wp\/v2\/media?parent=931"}],"curies":[{"name":"wp","href":"https:\/\/api.w.org\/{rel}","templated":true}]}}