{"id":1912,"date":"2023-03-23T10:43:36","date_gmt":"2023-03-23T13:43:36","guid":{"rendered":"https:\/\/portal.pi.gov.br\/segov\/?page_id=1912"},"modified":"2023-03-24T12:17:00","modified_gmt":"2023-03-24T15:17:00","slug":"exemplo","status":"publish","type":"page","link":"https:\/\/portal.pi.gov.br\/segov\/exemplo\/","title":{"rendered":"Exemplo"},"content":{"rendered":"\n<div class=\"wp-block-columns alignwide are-vertically-aligned-center is-layout-flex wp-container-4\">\n<div class=\"wp-block-column is-vertically-aligned-center has-text-color has-background has-link-color wp-elements-9d2fe084ea7f5012c6bdfa07e0478d95 is-layout-flow\" style=\"color:#000000;background-color:#ffe97d;padding-top:2em;padding-right:2em;padding-bottom:2em;padding-left:2em\">\n<h2 class=\"wp-block-heading\" id=\"single\" style=\"font-size:40px\">MISS\u00c3O<\/h2>\n\n\n\n<hr class=\"wp-block-separator has-text-color has-css-opacity has-background is-style-wide\" style=\"background-color:#000000;color:#000000\" \/>\n\n\n\n<p>Contribuir, de forma direta e imediata, com a Governadoria do Estado do Piau\u00ed no desempenho de suas atribui\u00e7\u00f5es, em especial, na coordena\u00e7\u00e3o e integra\u00e7\u00e3o entre os diversos entes da Administra\u00e7\u00e3o nos atos da gest\u00e3o p\u00fablica, no fortalecimento do relacionamento institucional e na promo\u00e7\u00e3o do desenvolvimento sustent\u00e1vel e inclusivo.<\/p>\n<\/div>\n\n\n\n<div class=\"wp-block-column has-vivid-cyan-blue-background-color has-text-color has-background has-link-color wp-elements-698ed8844ba0dc1a972fab822d6ab1dc is-layout-flow\" style=\"color:#000000;padding-top:2em;padding-right:2em;padding-bottom:2em;padding-left:2em\">\n<h2 class=\"wp-block-heading\" id=\"family\" style=\"font-size:40px\"><strong>VIS\u00c3O<\/strong><\/h2>\n\n\n\n<hr class=\"wp-block-separator has-css-opacity is-style-wide\" \/>\n\n\n\n<p>Ser reconhecida pela excel\u00eancia e efici\u00eancia na presta\u00e7\u00e3o dos servi\u00e7os, na gest\u00e3o dos recursos e na execu\u00e7\u00e3o das estrat\u00e9gias governamentais.<\/p>\n<\/div>\n\n\n\n<div class=\"wp-block-column has-vivid-green-cyan-background-color has-text-color has-background has-link-color wp-elements-86b4536fdc089973558a2c3e58d631ef is-layout-flow\" style=\"color:#000000;padding-top:2em;padding-right:2em;padding-bottom:2em;padding-left:2em\">\n<h2 class=\"wp-block-heading\" id=\"patron\" style=\"font-size:40px\">PILARES<\/h2>\n\n\n\n<hr class=\"wp-block-separator has-css-opacity is-style-wide\" \/>\n\n\n\n<ul>\n<li>Governan\u00e7a<\/li>\n<\/ul>\n\n\n\n<p><\/p>\n\n\n\n<ul>\n<li>Colabora\u00e7\u00e3o<\/li>\n<\/ul>\n\n\n\n<p><\/p>\n\n\n\n<ul>\n<li>Inova\u00e7\u00e3o<\/li>\n<\/ul>\n<\/div>\n<\/div>\n\n\n\n<figure class=\"wp-block-table is-style-regular\"><table class=\"has-white-color has-text-color has-background\" style=\"background-color:#ff6a00b3\"><tbody><tr><td><strong>ATRIBUTOS DE VALOR<\/strong><\/td><td><\/td><\/tr><tr><td>* Valoriza\u00e7\u00e3o do Servidor: foco no desenvolvimento humano e profissional<br>* Integra\u00e7\u00e3o: relacionamento entre governo e sociedade<br>* Resolutividade: capacidade de solucionar problemas<br>* Transpar\u00eancia: dos dados de interesse p\u00fablico<br>* Gest\u00e3o por resultados: acompanhamento e monitoramento das metas e objetivos almejados<br>* Gest\u00e3o \u00e9tica, t\u00e9cnica e eficiente: moralidade e t\u00e9cnica no desempenho das atribui\u00e7\u00f5es para que alcance a qualidade nos servi\u00e7os de forma eficiente<br>* Criatividade: transforma\u00e7\u00e3o da cultura atrav\u00e9s de ideias criativas<\/td><td><\/td><\/tr><\/tbody><\/table><\/figure>\n","protected":false},"excerpt":{"rendered":"<p>MISS\u00c3O Contribuir, de forma direta e imediata, com a Governadoria do Estado do Piau\u00ed no desempenho de suas atribui\u00e7\u00f5es, em especial, na coordena\u00e7\u00e3o e integra\u00e7\u00e3o entre os diversos entes da [&hellip;]<\/p>\n","protected":false},"author":1,"featured_media":0,"parent":0,"menu_order":0,"comment_status":"closed","ping_status":"closed","template":"","meta":[],"featured_image_urls":{"full":"","thumbnail":"","medium":"","medium_large":"","large":"","sgg-420":"","sgg-540":"","sgg-780":"","1536x1536":"","2048x2048":"","homepage-slider":"","homepage-slider-small":"","page-top":"","page-small":"","loop-main":"","thumb-gallery-widget":""},"post_excerpt_stackable":"<p>MISS\u00c3O Contribuir, de forma direta e imediata, com a Governadoria do Estado do Piau\u00ed no desempenho de suas atribui\u00e7\u00f5es, em especial, na coordena\u00e7\u00e3o e integra\u00e7\u00e3o entre os diversos entes da Administra\u00e7\u00e3o nos atos da gest\u00e3o p\u00fablica, no fortalecimento do relacionamento institucional e na promo\u00e7\u00e3o do desenvolvimento sustent\u00e1vel e inclusivo. VIS\u00c3O Ser reconhecida pela excel\u00eancia e efici\u00eancia na presta\u00e7\u00e3o dos servi\u00e7os, na gest\u00e3o dos recursos e na execu\u00e7\u00e3o das estrat\u00e9gias governamentais. PILARES Governan\u00e7a Colabora\u00e7\u00e3o Inova\u00e7\u00e3o ATRIBUTOS DE VALOR* Valoriza\u00e7\u00e3o do Servidor: foco no desenvolvimento humano e profissional* Integra\u00e7\u00e3o: relacionamento entre governo e sociedade* Resolutividade: capacidade de solucionar problemas* Transpar\u00eancia: dos dados&hellip;<\/p>\n","category_list":"","author_info":{"name":"admin","url":"https:\/\/portal.pi.gov.br\/segov\/author\/admin\/"},"comments_num":"0 coment\u00e1rio","featured_image_urls_v2":{"full":"","thumbnail":"","medium":"","medium_large":"","large":"","sgg-420":"","sgg-540":"","sgg-780":"","1536x1536":"","2048x2048":"","homepage-slider":"","homepage-slider-small":"","page-top":"","page-small":"","loop-main":"","thumb-gallery-widget":""},"post_excerpt_stackable_v2":"<p>MISS\u00c3O Contribuir, de forma direta e imediata, com a Governadoria do Estado do Piau\u00ed no desempenho de suas atribui\u00e7\u00f5es, em especial, na coordena\u00e7\u00e3o e integra\u00e7\u00e3o entre os diversos entes da Administra\u00e7\u00e3o nos atos da gest\u00e3o p\u00fablica, no fortalecimento do relacionamento institucional e na promo\u00e7\u00e3o do desenvolvimento sustent\u00e1vel e inclusivo. VIS\u00c3O Ser reconhecida pela excel\u00eancia e efici\u00eancia na presta\u00e7\u00e3o dos servi\u00e7os, na gest\u00e3o dos recursos e na execu\u00e7\u00e3o das estrat\u00e9gias governamentais. PILARES Governan\u00e7a Colabora\u00e7\u00e3o Inova\u00e7\u00e3o ATRIBUTOS DE VALOR* Valoriza\u00e7\u00e3o do Servidor: foco no desenvolvimento humano e profissional* Integra\u00e7\u00e3o: relacionamento entre governo e sociedade* Resolutividade: capacidade de solucionar problemas* Transpar\u00eancia: dos dados&hellip;<\/p>\n","category_list_v2":"","author_info_v2":{"name":"admin","url":"https:\/\/portal.pi.gov.br\/segov\/author\/admin\/"},"comments_num_v2":"0 coment\u00e1rio","_links":{"self":[{"href":"https:\/\/portal.pi.gov.br\/segov\/wp-json\/wp\/v2\/pages\/1912"}],"collection":[{"href":"https:\/\/portal.pi.gov.br\/segov\/wp-json\/wp\/v2\/pages"}],"about":[{"href":"https:\/\/portal.pi.gov.br\/segov\/wp-json\/wp\/v2\/types\/page"}],"author":[{"embeddable":true,"href":"https:\/\/portal.pi.gov.br\/segov\/wp-json\/wp\/v2\/users\/1"}],"replies":[{"embeddable":true,"href":"https:\/\/portal.pi.gov.br\/segov\/wp-json\/wp\/v2\/comments?post=1912"}],"version-history":[{"count":3,"href":"https:\/\/portal.pi.gov.br\/segov\/wp-json\/wp\/v2\/pages\/1912\/revisions"}],"predecessor-version":[{"id":1957,"href":"https:\/\/portal.pi.gov.br\/segov\/wp-json\/wp\/v2\/pages\/1912\/revisions\/1957"}],"wp:attachment":[{"href":"https:\/\/portal.pi.gov.br\/segov\/wp-json\/wp\/v2\/media?parent=1912"}],"curies":[{"name":"wp","href":"https:\/\/api.w.org\/{rel}","templated":true}]}}