{"id":2419,"date":"2023-05-11T08:39:10","date_gmt":"2023-05-11T11:39:10","guid":{"rendered":"https:\/\/portal.pi.gov.br\/segov\/?page_id=2419"},"modified":"2024-06-10T09:16:40","modified_gmt":"2024-06-10T12:16:40","slug":"legislacao","status":"publish","type":"page","link":"https:\/\/portal.pi.gov.br\/segov\/legislacao\/","title":{"rendered":"Legisla\u00e7\u00e3o"},"content":{"rendered":"\n\n\n\n<p><strong>Carta de Servi\u00e7os da Ouvidoria-Geral do Estado do Piau\u00ed (OGE\/PI)<\/strong><\/p>\n\n\n\n<p>A Carta de Servi\u00e7os ao Usu\u00e1rio, conforme Lei Federal no 13.460, de 26 de junho de 2017, possui como objetivo dar visibilidade e transpar\u00eancia aos servi\u00e7os prestados pelo poder p\u00fablico. <\/p>\n\n\n\n<p><a href=\"https:\/\/drive.google.com\/file\/d\/1sayoHvwqHJqoNJnYQrzpL9oBKzPzx8lz\/view?usp=share_link\" data-type=\"URL\" data-id=\"https:\/\/drive.google.com\/file\/d\/1sayoHvwqHJqoNJnYQrzpL9oBKzPzx8lz\/view?usp=share_link\" target=\"_blank\" rel=\"noreferrer noopener\"><em>Acesse o Documento<\/em><\/a><\/p>\n\n\n\n<p><\/p>\n\n\n\n<p><\/p>\n\n\n\n<p><\/p>\n\n\n\n<p><strong>Decreto 22.855\/2024<\/strong><\/p>\n\n\n\n<p>Institui a Pol\u00edtica Estadual de Atendimento ao Cidad\u00e3o, regulamenta a avalia\u00e7\u00e3o do servi\u00e7o p\u00fablico no Estado do Piau\u00ed e cria o Conselho de Usu\u00e1rios do Servi\u00e7o P\u00fablico.<\/p>\n\n\n\n<p><a href=\"https:\/\/drive.google.com\/file\/d\/18O1KXaI2dSBBsgwKMoAYwnyCvFBqK1uO\/view?usp=sharing\" data-type=\"URL\" data-id=\"https:\/\/drive.google.com\/file\/d\/18O1KXaI2dSBBsgwKMoAYwnyCvFBqK1uO\/view?usp=sharing\" target=\"_blank\" rel=\"noreferrer noopener\"><em>Acesse o Documento<\/em><\/a><\/p>\n\n\n\n<div class=\"wp-block-stackable-spacer stk-block-spacer stk--no-padding stk-block stk-50c4611\" data-block-id=\"50c4611\"><style>.stk-50c4611{height:50px !important}<\/style><\/div>\n\n\n\n<p><strong>Decreto 22.698\/2024<\/strong><\/p>\n\n\n\n<p>Regulamenta o Sistema de Ouvidoria do Governo do Estado.<\/p>\n\n\n\n<p><a href=\"https:\/\/drive.google.com\/file\/d\/17sBvbGws832HbZf2RuT-6AUkyEPYb3fh\/view?usp=sharing\" data-type=\"URL\" data-id=\"https:\/\/drive.google.com\/file\/d\/17sBvbGws832HbZf2RuT-6AUkyEPYb3fh\/view?usp=sharing\" target=\"_blank\" rel=\"noreferrer noopener\"><em>Acesse o Documento<\/em><\/a><\/p>\n\n\n\n<div class=\"wp-block-stackable-spacer stk-block-spacer stk--no-padding stk-block stk-e1716cf\" data-block-id=\"e1716cf\"><style>.stk-e1716cf{height:50px !important}<\/style><\/div>\n\n\n\n<p><strong>Lei 13.709\/2018<\/strong><\/p>\n\n\n\n<p>Lei Geral de Prote\u00e7\u00e3o de Dados Pessoais (LGPD).<\/p>\n\n\n\n<p><em><a href=\"https:\/\/www.planalto.gov.br\/ccivil_03\/_ato2015-2018\/2018\/lei\/l13709.htm\" data-type=\"URL\" data-id=\"https:\/\/www.planalto.gov.br\/ccivil_03\/_ato2015-2018\/2018\/lei\/l13709.htm\" target=\"_blank\" rel=\"noreferrer noopener\">Acesse o Documento<\/a><\/em><\/p>\n\n\n\n<div class=\"wp-block-stackable-spacer stk-block-spacer stk--no-padding stk-block stk-1d3511f\" data-block-id=\"1d3511f\"><\/div>\n\n\n\n<p><\/p>\n\n\n\n<p><strong>Lei 13.460\/2017<\/strong><\/p>\n\n\n\n<p>Disp\u00f5e sobre participa\u00e7\u00e3o, prote\u00e7\u00e3o e defesa dos direitos do usu\u00e1rio dos servi\u00e7os p\u00fablicos da administra\u00e7\u00e3o p\u00fablica<\/p>\n\n\n\n<p><a rel=\"noreferrer noopener\" href=\"https:\/\/www.planalto.gov.br\/ccivil_03\/_ato2015-2018\/2017\/lei\/l13460.htm\" data-type=\"URL\" data-id=\"https:\/\/www.planalto.gov.br\/ccivil_03\/_ato2015-2018\/2017\/lei\/l13460.htm\" target=\"_blank\"><em>Acesse o Documento<\/em><\/a><\/p>\n\n\n\n<div class=\"wp-block-stackable-spacer stk-block-spacer stk--no-padding stk-block stk-30bc589\" data-block-id=\"30bc589\"><style>.stk-30bc589{height:50px !important}<\/style><\/div>\n\n\n\n<p><strong>Lei 12.527\/2011<\/strong><\/p>\n\n\n\n<p>Regula o acesso a informa\u00e7\u00f5es previsto no&#8230;<\/p>\n\n\n\n<p><a rel=\"noreferrer noopener\" href=\"https:\/\/www.planalto.gov.br\/ccivil_03\/_ato2011-2014\/2011\/lei\/l12527.htm\" data-type=\"URL\" data-id=\"https:\/\/www.planalto.gov.br\/ccivil_03\/_ato2011-2014\/2011\/lei\/l12527.htm\" target=\"_blank\"><em>Acesse o Documento<\/em><\/a><\/p>\n","protected":false},"excerpt":{"rendered":"<p>Carta de Servi\u00e7os da Ouvidoria-Geral do Estado do Piau\u00ed (OGE\/PI) A Carta de Servi\u00e7os ao Usu\u00e1rio, conforme Lei Federal no 13.460, de 26 de junho de 2017, possui como objetivo [&hellip;]<\/p>\n","protected":false},"author":1,"featured_media":0,"parent":0,"menu_order":0,"comment_status":"closed","ping_status":"closed","template":"template-fullwidth.php","meta":[],"featured_image_urls":{"full":"","thumbnail":"","medium":"","medium_large":"","large":"","sgg-420":"","sgg-540":"","sgg-780":"","1536x1536":"","2048x2048":"","homepage-slider":"","homepage-slider-small":"","page-top":"","page-small":"","loop-main":"","thumb-gallery-widget":""},"post_excerpt_stackable":"<p>Carta de Servi\u00e7os da Ouvidoria-Geral do Estado do Piau\u00ed (OGE\/PI) A Carta de Servi\u00e7os ao Usu\u00e1rio, conforme Lei Federal no 13.460, de 26 de junho de 2017, possui como objetivo dar visibilidade e transpar\u00eancia aos servi\u00e7os prestados pelo poder p\u00fablico. Acesse o Documento Decreto 22.855\/2024 Institui a Pol\u00edtica Estadual de Atendimento ao Cidad\u00e3o, regulamenta a avalia\u00e7\u00e3o do servi\u00e7o p\u00fablico no Estado do Piau\u00ed e cria o Conselho de Usu\u00e1rios do Servi\u00e7o P\u00fablico. Acesse o Documento Decreto 22.698\/2024 Regulamenta o Sistema de Ouvidoria do Governo do Estado. Acesse o Documento Lei 13.709\/2018 Lei Geral de Prote\u00e7\u00e3o de Dados Pessoais (LGPD). Acesse&hellip;<\/p>\n","category_list":"","author_info":{"name":"admin","url":"https:\/\/portal.pi.gov.br\/segov\/author\/admin\/"},"comments_num":"0 coment\u00e1rio","featured_image_urls_v2":{"full":"","thumbnail":"","medium":"","medium_large":"","large":"","sgg-420":"","sgg-540":"","sgg-780":"","1536x1536":"","2048x2048":"","homepage-slider":"","homepage-slider-small":"","page-top":"","page-small":"","loop-main":"","thumb-gallery-widget":""},"post_excerpt_stackable_v2":"<p>Carta de Servi\u00e7os da Ouvidoria-Geral do Estado do Piau\u00ed (OGE\/PI) A Carta de Servi\u00e7os ao Usu\u00e1rio, conforme Lei Federal no 13.460, de 26 de junho de 2017, possui como objetivo dar visibilidade e transpar\u00eancia aos servi\u00e7os prestados pelo poder p\u00fablico. Acesse o Documento Decreto 22.855\/2024 Institui a Pol\u00edtica Estadual de Atendimento ao Cidad\u00e3o, regulamenta a avalia\u00e7\u00e3o do servi\u00e7o p\u00fablico no Estado do Piau\u00ed e cria o Conselho de Usu\u00e1rios do Servi\u00e7o P\u00fablico. Acesse o Documento Decreto 22.698\/2024 Regulamenta o Sistema de Ouvidoria do Governo do Estado. Acesse o Documento Lei 13.709\/2018 Lei Geral de Prote\u00e7\u00e3o de Dados Pessoais (LGPD). Acesse&hellip;<\/p>\n","category_list_v2":"","author_info_v2":{"name":"admin","url":"https:\/\/portal.pi.gov.br\/segov\/author\/admin\/"},"comments_num_v2":"0 coment\u00e1rio","_links":{"self":[{"href":"https:\/\/portal.pi.gov.br\/segov\/wp-json\/wp\/v2\/pages\/2419"}],"collection":[{"href":"https:\/\/portal.pi.gov.br\/segov\/wp-json\/wp\/v2\/pages"}],"about":[{"href":"https:\/\/portal.pi.gov.br\/segov\/wp-json\/wp\/v2\/types\/page"}],"author":[{"embeddable":true,"href":"https:\/\/portal.pi.gov.br\/segov\/wp-json\/wp\/v2\/users\/1"}],"replies":[{"embeddable":true,"href":"https:\/\/portal.pi.gov.br\/segov\/wp-json\/wp\/v2\/comments?post=2419"}],"version-history":[{"count":11,"href":"https:\/\/portal.pi.gov.br\/segov\/wp-json\/wp\/v2\/pages\/2419\/revisions"}],"predecessor-version":[{"id":7411,"href":"https:\/\/portal.pi.gov.br\/segov\/wp-json\/wp\/v2\/pages\/2419\/revisions\/7411"}],"wp:attachment":[{"href":"https:\/\/portal.pi.gov.br\/segov\/wp-json\/wp\/v2\/media?parent=2419"}],"curies":[{"name":"wp","href":"https:\/\/api.w.org\/{rel}","templated":true}]}}