{"id":915,"date":"2022-12-12T09:46:29","date_gmt":"2022-12-12T12:46:29","guid":{"rendered":"https:\/\/portal.pi.gov.br\/segov\/?page_id=915"},"modified":"2023-10-26T04:32:09","modified_gmt":"2023-10-26T07:32:09","slug":"diario-oficial","status":"publish","type":"page","link":"https:\/\/portal.pi.gov.br\/segov\/diario-oficial\/","title":{"rendered":"Di\u00e1rio Oficial"},"content":{"rendered":"\n<p>O \u00f3rg\u00e3o oficial de publica\u00e7\u00e3o dos atos dos poderes do Estado foi criado pela Lei n\u00ba 558 em 2 de junho de 1910, sob a dire\u00e7\u00e3o de Simpl\u00edcio de Sousa Mendes. A Imprensa Oficial, como era chamada, continha not\u00edcias oficiais, propagandas e at\u00e9 mesmo notici\u00e1rios de outros Estados. Somente em 1930, o \u00f3rg\u00e3o encarregado da divulga\u00e7\u00e3o dos atos oficiais recebeu o nome de Di\u00e1rio Oficial que mant\u00e9m at\u00e9 hoje. &nbsp;Em 1968, o ve\u00edculo passou a ser editado pela Companhia Editora do Piau\u00ed \u2013 COMEPI.<\/p>\n\n\n\n<p>Somente 107 anos depois, o Di\u00e1rio Oficial ganhou sua vers\u00e3o eletr\u00f4nica, atrav\u00e9s da Lei n\u00ba 6.980, de 25 de abril de 2017 \u2013 regulamentada pelo Decreto n\u00ba 19.876, de 15 de julho de 2021 e pelo Decreto n\u00ba 19.950, de 26 de agosto de 2021. Atualmente, a diretoria do Di\u00e1rio Oficial do Estado do Piau\u00ed est\u00e1 vinculada \u00e0 Secretaria de Governo do Estado do Piau\u00ed (SEGOV).<\/p>\n\n\n\n<p><br>Site antigo: http:\/\/www.diariooficial.pi.gov.br\/<\/p>\n\n\n\n<p>Site novo: https:\/\/www.diario.pi.gov.br\/doe\/<\/p>\n","protected":false},"excerpt":{"rendered":"<p>O \u00f3rg\u00e3o oficial de publica\u00e7\u00e3o dos atos dos poderes do Estado foi criado pela Lei n\u00ba 558 em 2 de junho de 1910, sob a dire\u00e7\u00e3o de Simpl\u00edcio de Sousa [&hellip;]<\/p>\n","protected":false},"author":1,"featured_media":0,"parent":0,"menu_order":0,"comment_status":"closed","ping_status":"closed","template":"template-fullwidth.php","meta":[],"featured_image_urls":{"full":"","thumbnail":"","medium":"","medium_large":"","large":"","sgg-420":"","sgg-540":"","sgg-780":"","1536x1536":"","2048x2048":"","homepage-slider":"","homepage-slider-small":"","page-top":"","page-small":"","loop-main":"","thumb-gallery-widget":""},"post_excerpt_stackable":"<p>O \u00f3rg\u00e3o oficial de publica\u00e7\u00e3o dos atos dos poderes do Estado foi criado pela Lei n\u00ba 558 em 2 de junho de 1910, sob a dire\u00e7\u00e3o de Simpl\u00edcio de Sousa Mendes. A Imprensa Oficial, como era chamada, continha not\u00edcias oficiais, propagandas e at\u00e9 mesmo notici\u00e1rios de outros Estados. Somente em 1930, o \u00f3rg\u00e3o encarregado da divulga\u00e7\u00e3o dos atos oficiais recebeu o nome de Di\u00e1rio Oficial que mant\u00e9m at\u00e9 hoje. &nbsp;Em 1968, o ve\u00edculo passou a ser editado pela Companhia Editora do Piau\u00ed \u2013 COMEPI. Somente 107 anos depois, o Di\u00e1rio Oficial ganhou sua vers\u00e3o eletr\u00f4nica, atrav\u00e9s da Lei n\u00ba 6.980,&hellip;<\/p>\n","category_list":"","author_info":{"name":"admin","url":"https:\/\/portal.pi.gov.br\/segov\/author\/admin\/"},"comments_num":"0 coment\u00e1rio","featured_image_urls_v2":{"full":"","thumbnail":"","medium":"","medium_large":"","large":"","sgg-420":"","sgg-540":"","sgg-780":"","1536x1536":"","2048x2048":"","homepage-slider":"","homepage-slider-small":"","page-top":"","page-small":"","loop-main":"","thumb-gallery-widget":""},"post_excerpt_stackable_v2":"<p>O \u00f3rg\u00e3o oficial de publica\u00e7\u00e3o dos atos dos poderes do Estado foi criado pela Lei n\u00ba 558 em 2 de junho de 1910, sob a dire\u00e7\u00e3o de Simpl\u00edcio de Sousa Mendes. A Imprensa Oficial, como era chamada, continha not\u00edcias oficiais, propagandas e at\u00e9 mesmo notici\u00e1rios de outros Estados. Somente em 1930, o \u00f3rg\u00e3o encarregado da divulga\u00e7\u00e3o dos atos oficiais recebeu o nome de Di\u00e1rio Oficial que mant\u00e9m at\u00e9 hoje. &nbsp;Em 1968, o ve\u00edculo passou a ser editado pela Companhia Editora do Piau\u00ed \u2013 COMEPI. Somente 107 anos depois, o Di\u00e1rio Oficial ganhou sua vers\u00e3o eletr\u00f4nica, atrav\u00e9s da Lei n\u00ba 6.980,&hellip;<\/p>\n","category_list_v2":"","author_info_v2":{"name":"admin","url":"https:\/\/portal.pi.gov.br\/segov\/author\/admin\/"},"comments_num_v2":"0 coment\u00e1rio","_links":{"self":[{"href":"https:\/\/portal.pi.gov.br\/segov\/wp-json\/wp\/v2\/pages\/915"}],"collection":[{"href":"https:\/\/portal.pi.gov.br\/segov\/wp-json\/wp\/v2\/pages"}],"about":[{"href":"https:\/\/portal.pi.gov.br\/segov\/wp-json\/wp\/v2\/types\/page"}],"author":[{"embeddable":true,"href":"https:\/\/portal.pi.gov.br\/segov\/wp-json\/wp\/v2\/users\/1"}],"replies":[{"embeddable":true,"href":"https:\/\/portal.pi.gov.br\/segov\/wp-json\/wp\/v2\/comments?post=915"}],"version-history":[{"count":3,"href":"https:\/\/portal.pi.gov.br\/segov\/wp-json\/wp\/v2\/pages\/915\/revisions"}],"predecessor-version":[{"id":4549,"href":"https:\/\/portal.pi.gov.br\/segov\/wp-json\/wp\/v2\/pages\/915\/revisions\/4549"}],"wp:attachment":[{"href":"https:\/\/portal.pi.gov.br\/segov\/wp-json\/wp\/v2\/media?parent=915"}],"curies":[{"name":"wp","href":"https:\/\/api.w.org\/{rel}","templated":true}]}}