{"id":606,"date":"2020-12-16T08:02:02","date_gmt":"2020-12-16T11:02:02","guid":{"rendered":"http:\/\/www2.pi.gov.br\/cepm\/?page_id=606"},"modified":"2026-04-01T08:43:12","modified_gmt":"2026-04-01T11:43:12","slug":"gestoras","status":"publish","type":"page","link":"https:\/\/portal.pi.gov.br\/sempi\/gestoras\/","title":{"rendered":"Gestoras"},"content":{"rendered":"\n<p>                                               <\/p>\n\n\n\n<p><strong><strong>Diva Carvalho de Vasconscelos<\/strong><\/strong><\/p>\n\n\n\n<p id=\"block-fe81db56-1d0d-4106-b010-81e33fa0ca65\">SECRET\u00c1RIA DE ESTADO DAS MULHERES DO PIAU\u00cd<\/p>\n\n\n\n<p id=\"block-7d413ea0-b030-460f-843b-e1c1bbb018dc\"><strong>Francinete Barbosa de Sousa Castelo<\/strong><\/p>\n\n\n\n<p id=\"block-11b3059d-e74a-4eb0-a9b1-aa2878c6c398\">DIRETORA ADMINISTRATIVO FINANCEIRA<\/p>\n\n\n\n<p id=\"block-ece61ada-37d3-42b3-a397-882d3255af28\"><strong>Ana Cleide Nascimento<\/strong><\/p>\n\n\n\n<p id=\"block-620b9bb6-66e2-4876-8c9a-b8bcf6ed9c72\">DIRETORA DE ENFRETAMENTO \u00c0 VIOL\u00caNCIA CONTRA AS MULHERES<\/p>\n\n\n\n<p id=\"block-9bf7078f-86b1-41bd-856e-3d9a4b6ed18f\"><strong>Ivana Ara\u00fajo Pereira Amorim<\/strong><\/p>\n\n\n\n<p id=\"block-747fb38a-c094-4d00-84d6-329a63e89ebb\">DIRETORA DE ARTICULA\u00c7\u00c3O INSTITUCIONAL E A\u00c7\u00d5ES TEM\u00c1TICAS E PARTICIPA\u00c7\u00c3O POL\u00cdTICA<\/p>\n\n\n\n<p id=\"block-9103a2ab-a2f2-497b-95b1-6ff765645124\"><strong>Karla Lorenna Rodrigues Costa<\/strong><\/p>\n\n\n\n<p id=\"block-1e1c9134-d4c5-440c-bf8b-691ec49e500a\">GERENTE EXECUTIVA DO GABINETE<\/p>\n\n\n\n<p id=\"block-ca37e50c-f33e-4088-b61a-aa8c7a971b68\"><strong>Maria Luisa Mendes Santos Barros<\/strong><\/p>\n\n\n\n<p id=\"block-0d50be83-cb9a-412d-8cb9-cb5e8730f9ec\">COORDENA\u00c7\u00c3O DA ASSESSORIA DE COMUNICA\u00c7\u00c3O<\/p>\n\n\n\n<p class=\"has-text-align-center\"><\/p>\n\n\n\n<p><\/p>\n\n\n\n<p> <\/p>\n","protected":false},"excerpt":{"rendered":"<p>Diva Carvalho de Vasconscelos SECRET\u00c1RIA DE ESTADO DAS MULHERES DO PIAU\u00cd Francinete Barbosa de Sousa Castelo DIRETORA ADMINISTRATIVO FINANCEIRA Ana Cleide Nascimento DIRETORA DE ENFRETAMENTO \u00c0 VIOL\u00caNCIA CONTRA AS MULHERES [&hellip;]<\/p>\n","protected":false},"author":1,"featured_media":0,"parent":0,"menu_order":0,"comment_status":"closed","ping_status":"closed","template":"template-fullwidth.php","meta":[],"featured_image_urls":{"full":"","thumbnail":"","medium":"","medium_large":"","large":"","sgg-420":"","sgg-540":"","sgg-780":"","1536x1536":"","2048x2048":"","homepage-slider":"","homepage-slider-small":"","page-top":"","page-small":"","loop-main":"","thumb-gallery-widget":""},"post_excerpt_stackable":"<p>Diva Carvalho de Vasconscelos SECRET\u00c1RIA DE ESTADO DAS MULHERES DO PIAU\u00cd Francinete Barbosa de Sousa Castelo DIRETORA ADMINISTRATIVO FINANCEIRA Ana Cleide Nascimento DIRETORA DE ENFRETAMENTO \u00c0 VIOL\u00caNCIA CONTRA AS MULHERES Ivana Ara\u00fajo Pereira Amorim DIRETORA DE ARTICULA\u00c7\u00c3O INSTITUCIONAL E A\u00c7\u00d5ES TEM\u00c1TICAS E PARTICIPA\u00c7\u00c3O POL\u00cdTICA Karla Lorenna Rodrigues Costa GERENTE EXECUTIVA DO GABINETE Maria Luisa Mendes Santos Barros COORDENA\u00c7\u00c3O DA ASSESSORIA DE COMUNICA\u00c7\u00c3O<\/p>\n","category_list":"","author_info":{"name":"admin","url":"https:\/\/portal.pi.gov.br\/sempi\/author\/admin\/"},"comments_num":"0 coment\u00e1rio","featured_image_urls_v2":{"full":"","thumbnail":"","medium":"","medium_large":"","large":"","sgg-420":"","sgg-540":"","sgg-780":"","1536x1536":"","2048x2048":"","homepage-slider":"","homepage-slider-small":"","page-top":"","page-small":"","loop-main":"","thumb-gallery-widget":""},"post_excerpt_stackable_v2":"<p>Diva Carvalho de Vasconscelos SECRET\u00c1RIA DE ESTADO DAS MULHERES DO PIAU\u00cd Francinete Barbosa de Sousa Castelo DIRETORA ADMINISTRATIVO FINANCEIRA Ana Cleide Nascimento DIRETORA DE ENFRETAMENTO \u00c0 VIOL\u00caNCIA CONTRA AS MULHERES Ivana Ara\u00fajo Pereira Amorim DIRETORA DE ARTICULA\u00c7\u00c3O INSTITUCIONAL E A\u00c7\u00d5ES TEM\u00c1TICAS E PARTICIPA\u00c7\u00c3O POL\u00cdTICA Karla Lorenna Rodrigues Costa GERENTE EXECUTIVA DO GABINETE Maria Luisa Mendes Santos Barros COORDENA\u00c7\u00c3O DA ASSESSORIA DE COMUNICA\u00c7\u00c3O<\/p>\n","category_list_v2":"","author_info_v2":{"name":"admin","url":"https:\/\/portal.pi.gov.br\/sempi\/author\/admin\/"},"comments_num_v2":"0 coment\u00e1rio","_links":{"self":[{"href":"https:\/\/portal.pi.gov.br\/sempi\/wp-json\/wp\/v2\/pages\/606"}],"collection":[{"href":"https:\/\/portal.pi.gov.br\/sempi\/wp-json\/wp\/v2\/pages"}],"about":[{"href":"https:\/\/portal.pi.gov.br\/sempi\/wp-json\/wp\/v2\/types\/page"}],"author":[{"embeddable":true,"href":"https:\/\/portal.pi.gov.br\/sempi\/wp-json\/wp\/v2\/users\/1"}],"replies":[{"embeddable":true,"href":"https:\/\/portal.pi.gov.br\/sempi\/wp-json\/wp\/v2\/comments?post=606"}],"version-history":[{"count":27,"href":"https:\/\/portal.pi.gov.br\/sempi\/wp-json\/wp\/v2\/pages\/606\/revisions"}],"predecessor-version":[{"id":17394,"href":"https:\/\/portal.pi.gov.br\/sempi\/wp-json\/wp\/v2\/pages\/606\/revisions\/17394"}],"wp:attachment":[{"href":"https:\/\/portal.pi.gov.br\/sempi\/wp-json\/wp\/v2\/media?parent=606"}],"curies":[{"name":"wp","href":"https:\/\/api.w.org\/{rel}","templated":true}]}}