{"id":612,"date":"2020-12-16T08:04:38","date_gmt":"2020-12-16T11:04:38","guid":{"rendered":"http:\/\/www2.pi.gov.br\/cepm\/?page_id=612"},"modified":"2022-10-07T11:08:12","modified_gmt":"2022-10-07T14:08:12","slug":"centro-de-referencia-francisca-trindade","status":"publish","type":"page","link":"https:\/\/portal.pi.gov.br\/sempi\/centro-de-referencia-francisca-trindade\/","title":{"rendered":"Centro de Refer\u00eancia Francisca Trindade"},"content":{"rendered":"\n<figure class=\"wp-block-image size-full\"><img decoding=\"async\" loading=\"lazy\" width=\"650\" height=\"791\" src=\"https:\/\/portal.pi.gov.br\/cepm\/wp-content\/uploads\/sites\/23\/2022\/04\/01-centro-de-referencia.png\" alt=\"\" class=\"wp-image-2759\" srcset=\"https:\/\/portal.pi.gov.br\/sempi\/wp-content\/uploads\/sites\/23\/2022\/04\/01-centro-de-referencia.png 650w, https:\/\/portal.pi.gov.br\/sempi\/wp-content\/uploads\/sites\/23\/2022\/04\/01-centro-de-referencia-247x300.png 247w, https:\/\/portal.pi.gov.br\/sempi\/wp-content\/uploads\/sites\/23\/2022\/04\/01-centro-de-referencia-345x420.png 345w, https:\/\/portal.pi.gov.br\/sempi\/wp-content\/uploads\/sites\/23\/2022\/04\/01-centro-de-referencia-444x540.png 444w, https:\/\/portal.pi.gov.br\/sempi\/wp-content\/uploads\/sites\/23\/2022\/04\/01-centro-de-referencia-641x780.png 641w, https:\/\/portal.pi.gov.br\/sempi\/wp-content\/uploads\/sites\/23\/2022\/04\/01-centro-de-referencia-624x759.png 624w\" sizes=\"(max-width: 650px) 100vw, 650px\" \/><\/figure>\n\n\n\n<p>O\u00a0<strong>Centro de Refer\u00eancia Francisca Trindade<\/strong>\u00a0em Teresina \u00e9 um local que realiza orienta\u00e7\u00e3o psicol\u00f3gica, social e jur\u00eddica a mulheres vitimas de viol\u00eancia.  Al\u00e9m disso, fortalece a rede de enfretamento a viol\u00eancia nos munic\u00edpios do Estado do Piau\u00ed. Para fazer den\u00fancia ou solicitar o servi\u00e7o deve ligar no n\u00famero 86  99433-0809 ou mandar um email  para ouvidoria.mulher@cepm.pi.gov.br .<\/p>\n\n\n\n<ol type=\"1\"><li><strong>APRESENTA\u00c7\u00c3O<\/strong><\/li><\/ol>\n\n\n\n<p>A Coordenadoria Estadual de Pol\u00edticas para as Mulheres do Estado do Piau\u00ed \u00e9 fundamentada na Lei n\u00ba 6.465, de 19 de dezembro de 2013.<\/p>\n\n\n\n<p>Desse modo, conforme a referida Lei, a Coordenadoria \u00e9 vinculada \u00e0 Governadora do Estado, e tem por finalidade o planejamento, a coordena\u00e7\u00e3o, a execu\u00e7\u00e3o e a articula\u00e7\u00e3o das pol\u00edticas p\u00fablicas para mulheres no \u00e2mbito do estado do Piau\u00ed.<\/p>\n\n\n\n<p>Nesse sentido, quanto \u00e0 compet\u00eancia desse \u00f3rg\u00e3o, cabe ressaltar a prote\u00e7\u00e3o \u00e0s mulheres em situa\u00e7\u00e3o de vulnerabilidade, conforme previs\u00e3o no Art. 29-J do referido dispositivo legal, cujas atribui\u00e7\u00f5es seguem:<\/p>\n\n\n\n<p>I.&nbsp;&nbsp;&nbsp;&nbsp;&nbsp;&nbsp; elaborar e planejar pol\u00edticas de g\u00eanero que contribuam com as a\u00e7\u00f5es do governo estadual com vistas ao empoderamento das mulheres e consequente igualdade entre os sexos. O empoderamento deve incluir os componentes cognitivos, psicol\u00f3gicos, pol\u00edticos e econ\u00f4micos;<\/p>\n\n\n\n<p>II.&nbsp;&nbsp;&nbsp;&nbsp;&nbsp; assessorar a Administra\u00e7\u00e3o P\u00fablica na formula\u00e7\u00e3o, coordena\u00e7\u00e3o e articula\u00e7\u00e3o de pol\u00edticas para as mulheres, de forma transversal;<\/p>\n\n\n\n<p>III.&nbsp;&nbsp;&nbsp;&nbsp; planejar e implementar campanhas educativas de combate a todo tipo de discrimina\u00e7\u00e3o contra a mulher no \u00e2mbito estadual;<\/p>\n\n\n\n<p>IV.&nbsp;&nbsp;&nbsp;&nbsp; articular, promover e executar programas de coopera\u00e7\u00e3o entre organismos p\u00fablicos e privados nos n\u00edveis municipal, estadual, federal e internacional, voltados \u00e0 implementa\u00e7\u00e3o de pol\u00edticas para as mulheres;<\/p>\n\n\n\n<p>V.&nbsp;&nbsp;&nbsp;&nbsp;&nbsp; implementar e coordenar pol\u00edticas de prote\u00e7\u00e3o \u00e0s mulheres em situa\u00e7\u00e3o de vulnerabilidade, que v\u00eam a englobar tanto o risco f\u00edsico, quanto a condi\u00e7\u00e3o social prec\u00e1ria;<\/p>\n\n\n\n<p>VI. Cumprir as atribui\u00e7\u00f5es administrativas previstas no ordenamento jur\u00eddico vigente.<\/p>\n\n\n\n<p>Posteriormente foi institu\u00eddo o Comit\u00ea Estadual de Articula\u00e7\u00e3o e Monitoramento de Pol\u00edticas P\u00fablicas para as Mulheres, mediante Decreto 18.829 de 17 de fevereiro de 2020, cuja composi\u00e7\u00e3o abarca diversos \u00f3rg\u00e3os estaduais e municipais, buscando garantir que as a\u00e7\u00f5es estejam acess\u00edveis \u00e0s mulheres em todo o estado.<\/p>\n\n\n\n<p>Nesse sentido, com o fim de contribuir para o enfrentamento da viol\u00eancia contra a mulher, bem como oferecer um espa\u00e7o de acolhimento a essas v\u00edtimas, prop\u00f5e-se a cria\u00e7\u00e3o do Centro de Refer\u00eancia Francisca Trindade.<\/p>\n\n\n\n<ol type=\"1\"><li><strong>CONTEXTUALIZA\u00c7\u00c3O<\/strong><\/li><\/ol>\n\n\n\n<p>Apesar dos esfor\u00e7os envidados pelo governo do estado, a viol\u00eancia contra mulher ainda \u00e9 um grave problema a ser combatido.<\/p>\n\n\n\n<p>Essa problem\u00e1tica decorre de um processo hist\u00f3rico, cultural e econ\u00f4mico mis\u00f3gino, fundado em uma estrutura social na qual os homens (especialmente os brancos, cisg\u00eaneros e heterossexuais) det\u00eam o poder pol\u00edtico, e econ\u00f4mico (o qual se tornou o preponderante atualmente).<\/p>\n\n\n\n<p>Consequentemente, culmina com o indicador mais cruel e doloroso que trata do n\u00edvel de viol\u00eancia sofrida por mulheres, sobretudo as mulheres pretas.<\/p>\n\n\n\n<p>Segundo o estudo CEPRO\/SEPLAN, a taxa de feminic\u00eddio elevou-se entre 2019 a 2021, de modo que em 2021, a cada 100 mil mulheres, 2,2 vieram a \u00f3bito em raz\u00e3o do tipo de crime em refer\u00eancia.<a href=\"#_ftn1\" id=\"_ftnref1\">[1]<\/a><\/p>\n\n\n\n<p>Buscando reduzir esse problema em n\u00edvel nacional, nas \u00faltimas d\u00e9cadas, foram criados Centros de Refer\u00eancia, ou seja:<\/p>\n\n\n\n<p><em>&nbsp;\u201c<\/em><em>estruturas essenciais do programa de preven\u00e7\u00e3o e enfrentamento \u00e0 viol\u00eancia contra a mulher, uma vez que visa promover a ruptura da situa\u00e7\u00e3o de viol\u00eancia e a constru\u00e7\u00e3o da cidadania por meio de a\u00e7\u00f5es globais e de atendimento interdisciplinar (psicol\u00f3gico, social, jur\u00eddico, de orienta\u00e7\u00e3o e informa\u00e7\u00e3o) \u00e0 mulher em situa\u00e7\u00e3o de viol\u00eancia. Devem exercer o papel de articuladores dos servi\u00e7os organismos governamentais e n\u00e3o-governamentais que integram a rede de atendimento \u00e0s mulheres em situa\u00e7\u00e3o de vulnerabilidade social, em fun\u00e7\u00e3o da viol\u00eancia de g\u00eanero.\u201d<\/em><a href=\"#_ftn2\" id=\"_ftnref2\">[2]<\/a><\/p>\n\n\n\n<p>A partir dessa urgente demanda social, a CEPM prop\u00f5e a cria\u00e7\u00e3o do Centro de Refer\u00eancia de Atendimento \u00e0 Mulher V\u00edtima de Viol\u00eancia \u201cFrancisca Trindade\u201d, vinculado diretamente \u00e0 referida coordenadoria, unidade administrativa da Secretaria de Estado da Assist\u00eancia Social, Trabalho e Direitos Humanos, com o objetivo de prestar atendimento multiprofissional \u00e0s mulheres em situa\u00e7\u00e3o de viol\u00eancia para atuar no estado do Piau\u00ed.<\/p>\n\n\n\n<ul><li><strong>DO OBJETIVO E PRINC\u00cdPIOS NORTEADORES DA INTERVEN\u00c7\u00c3O DO CENTRO DE REFER\u00caNCIA<\/strong><\/li><\/ul>\n\n\n\n<p>Em observ\u00e2ncia ao item II da Norma T\u00e9cnica de Uniformiza\u00e7\u00e3o dos Centros de Refer\u00eancia de Atendimento \u00e0 Mulher em Situa\u00e7\u00e3o de Viol\u00eancia<a href=\"#_ftn3\" id=\"_ftnref3\">[3]<\/a>, referente \u00e0 Pol\u00edtica Nacional de Enfrentamento \u00e0 Viol\u00eancia contra a Mulher e trata dos Centros de Refer\u00eancia,<\/p>\n\n\n\n<p>\u201cO objetivo prim\u00e1rio da interven\u00e7\u00e3o \u00e9 cessar a situa\u00e7\u00e3o de viol\u00eancia vivenciada pela mulher atendida sem ferir o seu direito \u00e0 autodetermina\u00e7\u00e3o, mas promovendo meios para que ela fortale\u00e7a sua autoestima e tome decis\u00f5es relativas \u00e0 situa\u00e7\u00e3o de viol\u00eancia por ela vivenciada. Ressalta-se que o foco da interven\u00e7\u00e3o do Centro de Refer\u00eancia deve ser o de prevenir futuros atos de agress\u00e3o e de promover a interrup\u00e7\u00e3o do ciclo de viol\u00eancia. Os servi\u00e7os prestados pelos Centros de Refer\u00eancia devem seguir os princ\u00edpios de interven\u00e7\u00e3o listados a seguir:<\/p>\n\n\n\n<ol type=\"1\"><li>&nbsp;Atender as necessidades da mulher em situa\u00e7\u00e3o de viol\u00eancia<\/li><li>Defesa dos Direitos das Mulheres e Responsabiliza\u00e7\u00e3o do agressor e dos servi\u00e7os<\/li><li>Reconhecimento da Diversidade de Mulheres As a\u00e7\u00f5es de interven\u00e7\u00e3o devem considerar as necessidades<\/li><li>Diagnosticar o contexto onde o epis\u00f3dio de viol\u00eancia se insere<\/li><li>Evite a\u00e7\u00f5es de interven\u00e7\u00e3o que possam causar maior risco \u00e0 mulher em situa\u00e7\u00e3o de viol\u00eancia<\/li><li>Articula\u00e7\u00e3o com demais profissionais dos servi\u00e7os da Rede<\/li><li>Gest\u00e3o Democr\u00e1tica. Envolvimento de mulheres no monitoramento das a\u00e7\u00f5es<\/li><\/ol>\n\n\n\n<p>Al\u00e9m dos princ\u00edpios supracitados, ser\u00e3o observadas as diretrizes gerais e espec\u00edficas presentes na referida norma.<\/p>\n\n\n\n<ul><li><strong>DAS ATRIBUI\u00c7\u00d5ES DO CENTRO DE REFER\u00caNCIA DE ATENDIMENTO \u00c0 MULHER V\u00cdTIMA DE VIOL\u00caNCIA \u201cFRANCISCA TRINDADE\u201d<\/strong><strong>.<\/strong><\/li><\/ul>\n\n\n\n<p>S\u00e3o atribui\u00e7\u00f5es do Centro de Refer\u00eancia de Atendimento \u00e0 Mulher V\u00edtima de Viol\u00eancia Francisca Trindade:<\/p>\n\n\n\n<p>I \u2013 fornecer assist\u00eancia direta e multiprofissional \u00e0s mulheres em situa\u00e7\u00e3o de viol\u00eancia nas \u00e1reas social, psicol\u00f3gica, jur\u00eddica e educativa;<\/p>\n\n\n\n<p>II \u2013 acolher, atender e acompanhar as mulheres em situa\u00e7\u00e3o de viol\u00eancia dom\u00e9stica, familiar, sexual e v\u00edtimas do tr\u00e1fico de pessoas;<\/p>\n\n\n\n<p>III \u2013 orientar e encaminhar as mulheres referidas no inciso II deste artigo aos servi\u00e7os da rede de atendimento \u00e1s mulheres em situa\u00e7\u00e3o de viol\u00eancia e \u00e0s demais pol\u00edticas setoriais existentes, conforme a demanda apresentada; IV \u2013 encaminhar as mulheres em situa\u00e7\u00e3o de iminente risco de morte em raz\u00e3o da viol\u00eancia dom\u00e9stica e familiar aos abrigos sigilosos, quando necess\u00e1rio e mediante pr\u00e9via avalia\u00e7\u00e3o de risco;<\/p>\n\n\n\n<p>V \u2013 realizar a\u00e7\u00f5es educativas de preven\u00e7\u00e3o e enfrentamento \u00e0 viol\u00eancia contra a mulher;<\/p>\n\n\n\n<p>VI \u2013 elaborar diagn\u00f3stico da contra as mulheres atendidas no equipamento;<\/p>\n\n\n\n<p>VII \u2013 articular, por interm\u00e9dio da Coordenadoria de Estado de Pol\u00edtica para as Mulheres, forma\u00e7\u00e3o continuada em viol\u00eancia contra a mulher para profissionais do servi\u00e7o interessadas em enfrentar discrimina\u00e7\u00f5es no trabalho.<\/p>\n\n\n\n<ul><li><strong>DA COMPOSI\u00c7\u00c3O<\/strong><\/li><\/ul>\n\n\n\n<p>Centro de Refer\u00eancia de Atendimento \u00e0 Mulher V\u00edtima de Viol\u00eancia Francisca Trindade dispor\u00e1 de equipe multiprofissional para o atendimento \u00e0s mulheres em situa\u00e7\u00e3o de viol\u00eancia, disposta seguinte forma:<\/p>\n\n\n\n<p>I \u2013 Coordena\u00e7\u00e3o, composta pela Coordenadora;<\/p>\n\n\n\n<p>II \u2013 Equipe T\u00e9cnica, composta por assistentes sociais, psic\u00f3logas, advogadas e educadoras sociais;<\/p>\n\n\n\n<p>III \u2013 Administrativo, composta por profissionais da \u00e1rea administrativa.<\/p>\n\n\n\n<ul><li><strong>DA ESTRUTURA<\/strong><\/li><\/ul>\n\n\n\n<p><strong>Equipamentos<\/strong><\/p>\n\n\n\n<p>Os equipamentos m\u00ednimos necess\u00e1rios ao funcionamento de um Centro de Refer\u00eancia s\u00e3o classificados nas seguintes categorias:<\/p>\n\n\n\n<p>a. Comunica\u00e7\u00e3o \u2013 uma Central telef\u00f4nica, telefones;<\/p>\n\n\n\n<p>b. Transporte \u2013 um ve\u00edculo tipo utilit\u00e1rio;<\/p>\n\n\n\n<p>c. Inform\u00e1tica \u2013 a especifica\u00e7\u00e3o prev\u00ea no m\u00ednimo um computador e uma impressora, com previs\u00e3o de rede l\u00f3gica e Internet e uma m\u00e1quina copiadora<\/p>\n\n\n\n<p>d. Diversos \u2013 neste item, os equipamentos especificados s\u00e3o: 01 aparelho de TV de 20 polegadas, 01 equipamento de data-show, 01 celular com c\u00e2mera (boa resolu\u00e7\u00e3o de foto, 04 minigravadores, 01 filmadora; bebedouro refrigerado, fog\u00e3o, geladeira, ventiladores.<\/p>\n\n\n\n<p>REFER\u00caNCIA:<\/p>\n\n\n\n<p>BRASIL. Presid\u00eancia da Rep\u00fablica. <strong>Secretaria Especial de Pol\u00edticas para as Mulheres<\/strong>. Norma T\u00e9cnica de Uniformiza\u00e7\u00e3o &#8211; Centros de Refer\u00eancia e Atendimento \u00e0 Mulher em Situa\u00e7\u00e3o de Viol\u00eancia.<\/p>\n\n\n\n<hr class=\"wp-block-separator has-alpha-channel-opacity\" \/>\n\n\n\n<p><a href=\"#_ftnref1\" id=\"_ftn1\">[1]<\/a> LINHARES Juciara; NASCIMENTO Socorro; MARTINS Sofia; VASCONCELOS Larissa; FARIAS Mikaele. A mulher no cen\u00e1rio socioecon\u00f4mico do Piau\u00ed. Acess\u00edvel em: http:\/\/www.cepro.pi.gov.br\/download\/202206\/CEPRO07_c1c64e2c71.pdf<\/p>\n\n\n\n<p><a href=\"#_ftnref2\" id=\"_ftn2\">[2]<\/a> https:\/\/www.gov.br\/mdh\/pt-br\/navegue-por-temas\/politicas-para-mulheres\/arquivo\/arquivos-diversos\/publicacoes\/publicacoes\/crams.pdf, Acesso em 21\/07\/2022.<\/p>\n\n\n\n<p><a href=\"#_ftnref3\" id=\"_ftn3\">[3]<\/a> https:\/\/www.gov.br\/mdh\/pt-br\/navegue-por-temas\/politicas-para-mulheres\/arquivo\/arquivos-diversos\/publicacoes\/norma_tecnica_de_uniformizacao. Acesso em 21\/07\/2022.<\/p>\n","protected":false},"excerpt":{"rendered":"<p>O\u00a0Centro de Refer\u00eancia Francisca Trindade\u00a0em Teresina \u00e9 um local que realiza orienta\u00e7\u00e3o psicol\u00f3gica, social e jur\u00eddica a mulheres vitimas de viol\u00eancia. Al\u00e9m disso, fortalece a rede de enfretamento a viol\u00eancia [&hellip;]<\/p>\n","protected":false},"author":1,"featured_media":0,"parent":0,"menu_order":0,"comment_status":"closed","ping_status":"closed","template":"template-fullwidth.php","meta":[],"featured_image_urls":{"full":"","thumbnail":"","medium":"","medium_large":"","large":"","sgg-420":"","sgg-540":"","sgg-780":"","1536x1536":"","2048x2048":"","homepage-slider":"","homepage-slider-small":"","page-top":"","page-small":"","loop-main":"","thumb-gallery-widget":""},"post_excerpt_stackable":"<p>O\u00a0Centro de Refer\u00eancia Francisca Trindade\u00a0em Teresina \u00e9 um local que realiza orienta\u00e7\u00e3o psicol\u00f3gica, social e jur\u00eddica a mulheres vitimas de viol\u00eancia. Al\u00e9m disso, fortalece a rede de enfretamento a viol\u00eancia nos munic\u00edpios do Estado do Piau\u00ed. Para fazer den\u00fancia ou solicitar o servi\u00e7o deve ligar no n\u00famero 86 99433-0809 ou mandar um email para ouvidoria.mulher@cepm.pi.gov.br . APRESENTA\u00c7\u00c3O A Coordenadoria Estadual de Pol\u00edticas para as Mulheres do Estado do Piau\u00ed \u00e9 fundamentada na Lei n\u00ba 6.465, de 19 de dezembro de 2013. Desse modo, conforme a referida Lei, a Coordenadoria \u00e9 vinculada \u00e0 Governadora do Estado, e tem por finalidade o&hellip;<\/p>\n","category_list":"","author_info":{"name":"admin","url":"https:\/\/portal.pi.gov.br\/sempi\/author\/admin\/"},"comments_num":"0 coment\u00e1rio","featured_image_urls_v2":{"full":"","thumbnail":"","medium":"","medium_large":"","large":"","sgg-420":"","sgg-540":"","sgg-780":"","1536x1536":"","2048x2048":"","homepage-slider":"","homepage-slider-small":"","page-top":"","page-small":"","loop-main":"","thumb-gallery-widget":""},"post_excerpt_stackable_v2":"<p>O\u00a0Centro de Refer\u00eancia Francisca Trindade\u00a0em Teresina \u00e9 um local que realiza orienta\u00e7\u00e3o psicol\u00f3gica, social e jur\u00eddica a mulheres vitimas de viol\u00eancia. Al\u00e9m disso, fortalece a rede de enfretamento a viol\u00eancia nos munic\u00edpios do Estado do Piau\u00ed. Para fazer den\u00fancia ou solicitar o servi\u00e7o deve ligar no n\u00famero 86 99433-0809 ou mandar um email para ouvidoria.mulher@cepm.pi.gov.br . APRESENTA\u00c7\u00c3O A Coordenadoria Estadual de Pol\u00edticas para as Mulheres do Estado do Piau\u00ed \u00e9 fundamentada na Lei n\u00ba 6.465, de 19 de dezembro de 2013. Desse modo, conforme a referida Lei, a Coordenadoria \u00e9 vinculada \u00e0 Governadora do Estado, e tem por finalidade o&hellip;<\/p>\n","category_list_v2":"","author_info_v2":{"name":"admin","url":"https:\/\/portal.pi.gov.br\/sempi\/author\/admin\/"},"comments_num_v2":"0 coment\u00e1rio","_links":{"self":[{"href":"https:\/\/portal.pi.gov.br\/sempi\/wp-json\/wp\/v2\/pages\/612"}],"collection":[{"href":"https:\/\/portal.pi.gov.br\/sempi\/wp-json\/wp\/v2\/pages"}],"about":[{"href":"https:\/\/portal.pi.gov.br\/sempi\/wp-json\/wp\/v2\/types\/page"}],"author":[{"embeddable":true,"href":"https:\/\/portal.pi.gov.br\/sempi\/wp-json\/wp\/v2\/users\/1"}],"replies":[{"embeddable":true,"href":"https:\/\/portal.pi.gov.br\/sempi\/wp-json\/wp\/v2\/comments?post=612"}],"version-history":[{"count":5,"href":"https:\/\/portal.pi.gov.br\/sempi\/wp-json\/wp\/v2\/pages\/612\/revisions"}],"predecessor-version":[{"id":3335,"href":"https:\/\/portal.pi.gov.br\/sempi\/wp-json\/wp\/v2\/pages\/612\/revisions\/3335"}],"wp:attachment":[{"href":"https:\/\/portal.pi.gov.br\/sempi\/wp-json\/wp\/v2\/media?parent=612"}],"curies":[{"name":"wp","href":"https:\/\/api.w.org\/{rel}","templated":true}]}}