{"id":632,"date":"2020-12-16T08:09:21","date_gmt":"2020-12-16T11:09:21","guid":{"rendered":"http:\/\/www2.pi.gov.br\/cepm\/?page_id=632"},"modified":"2025-01-10T12:29:06","modified_gmt":"2025-01-10T15:29:06","slug":"assessoria-de-comunicacao","status":"publish","type":"page","link":"https:\/\/portal.pi.gov.br\/sempi\/assessoria-de-comunicacao\/","title":{"rendered":"Assessoria de comunica\u00e7\u00e3o"},"content":{"rendered":"\n<h2 class=\"wp-block-heading\"> <\/h2>\n\n\n\n<p class=\"has-medium-font-size\">Canal de comunica\u00e7\u00e3o entre a Secretaria de Estado das Mulheres \u2014 SEMPI e a imprensa e sociedade civil. A nossa equipe est\u00e1 \u00e0 disposi\u00e7\u00e3o para mediar, institucionalmente, a comunica\u00e7\u00e3o entre as gestoras do \u00f3rg\u00e3o e a imprensa, bem como fornecer informa\u00e7\u00f5es sobre projetos, servi\u00e7os, a\u00e7\u00f5es e iniciativas da SEMPI. <\/p>\n\n\n\n<p class=\"has-medium-font-size\">Assessoria de Comunica\u00e7\u00e3o: (86) 99434-7808<\/p>\n\n\n\n<p class=\"has-medium-font-size\">Assessoria T\u00e9cnica: (86) 99432-6900<br><em><strong>E-mail:<\/strong>&nbsp;<\/em>sempiassessoria@gmail.com&nbsp;<\/p>\n\n\n\n<p><strong>SEMPI<\/strong><\/p>\n\n\n\n<p>E-mail institucional: secretariadasmulheres@sempi.pi.gov.br<\/p>\n\n\n\n<p>Contato Gabinete: 86 99431-7177 <\/p>\n\n\n\n<div class=\"wp-block-file\"><object class=\"wp-block-file__embed\" data=\"https:\/\/portal.pi.gov.br\/sempi\/wp-content\/uploads\/sites\/23\/2025\/01\/CONTATOS-SEMPI-1.pdf\" type=\"application\/pdf\" style=\"width:100%;height:600px\" aria-label=\"Incorporado de CONTATOS-SEMPI-1.\"><\/object><a id=\"wp-block-file--media-9889bfff-b74d-48d9-ac39-f20e3fd1bd15\" href=\"https:\/\/portal.pi.gov.br\/sempi\/wp-content\/uploads\/sites\/23\/2025\/01\/CONTATOS-SEMPI-1.pdf\">CONTATOS-SEMPI-1<\/a><a href=\"https:\/\/portal.pi.gov.br\/sempi\/wp-content\/uploads\/sites\/23\/2025\/01\/CONTATOS-SEMPI-1.pdf\" class=\"wp-block-file__button wp-element-button\" download aria-describedby=\"wp-block-file--media-9889bfff-b74d-48d9-ac39-f20e3fd1bd15\">Baixar<\/a><\/div>\n\n\n\n<p><\/p>\n\n\n\n<p><strong>LEI DE ACESSO A INFORMA\u00c7\u00c3O<\/strong> <\/p>\n\n\n\n<figure class=\"wp-block-embed is-type-wp-embed is-provider-cge-controladoria-geral-do-estado-do-piaui wp-block-embed-cge-controladoria-geral-do-estado-do-piaui\"><div class=\"wp-block-embed__wrapper\">\n<blockquote class=\"wp-embedded-content\" data-secret=\"rjUgjtCnAa\"><a href=\"https:\/\/portal.pi.gov.br\/cge\/lei-de-acesso-a-informacao-lai\/\">Lei de Acesso \u00e0 Informa\u00e7\u00e3o (LAI)<\/a><\/blockquote><iframe class=\"wp-embedded-content\" sandbox=\"allow-scripts\" security=\"restricted\" style=\"position: absolute; clip: rect(1px, 1px, 1px, 1px);\" title=\"&#8220;Lei de Acesso \u00e0 Informa\u00e7\u00e3o (LAI)&#8221; &#8212; CGE - Controladoria-Geral do Estado do Piau\u00ed\" src=\"https:\/\/portal.pi.gov.br\/cge\/lei-de-acesso-a-informacao-lai\/embed\/#?secret=OUK4FuHYWB#?secret=rjUgjtCnAa\" data-secret=\"rjUgjtCnAa\" width=\"600\" height=\"338\" frameborder=\"0\" marginwidth=\"0\" marginheight=\"0\" scrolling=\"no\"><\/iframe>\n<\/div><\/figure>\n\n\n\n<p><strong>PEDIDO DE ACESSO A INFORMA\u00c7\u00c3O<\/strong> <\/p>\n\n\n\n<p>Escolha um tipo de login:<\/p>\n\n\n\n<p><strong>Login Pessoa F\u00edsica<\/strong><\/p>\n\n\n\n<p>Registre e acompanhe suas manifesta\u00e7\u00f5es e pedidos de acesso \u00e0 informa\u00e7\u00e3o com a sua&nbsp;<strong>Conta Gov.br<\/strong><\/p>\n\n\n\n<p><strong>Login Pessoa Jur\u00eddica<\/strong><\/p>\n\n\n\n<p>Para acessar o Fala.BR como Pessoa Jur\u00eddica, vincule o CNPJ da empresa \u00e0 sua Conta Gov.br.&nbsp;<a href=\"https:\/\/www.gov.br\/governodigital\/pt-br\/acessibilidade-e-usuario\/atendimento-gov.br\/duvidas-na-conta-gov.br\/duvidas-na-vinculacao-de-cnpj-no-gov.br\/como-vincular-cnpj\" target=\"_blank\" rel=\"noreferrer noopener\">Saiba mais<\/a><\/p>\n\n\n\n<p>API (Exclusivo para \u00d3rg\u00e3os e Entidades)<\/p>\n\n\n\n<p><strong>Exclusivo para \u00f3rg\u00e3os e entidades<\/strong>&nbsp;que utilizam integra\u00e7\u00e3o autom\u00e1tica com a plataforma Fala.BR.<br>Para acessar, insira usu\u00e1rio e senha cadastrados.<\/p>\n\n\n\n<p><a href=\"https:\/\/falabr.cgu.gov.br\/web\/login?idFormulario=3&amp;tipo=8&amp;ReturnUrl=%2fpublico%2fPI%2fmanifestacao%2fRegistrarDadosManifestacao%3fidFormulario%3d3%26tipo%3d8%26origem%3didp%26modo%3d\">https:\/\/falabr.cgu.gov.br\/web\/login?idFormulario=3&amp;tipo=8&amp;ReturnUrl=%2fpublico%2fPI%2fmanifestacao%2fRegistrarDadosManifestacao%3fidFormulario%3d3%26tipo%3d8%26origem%3didp%26modo%3d<\/a><\/p>\n","protected":false},"excerpt":{"rendered":"<p>Canal de comunica\u00e7\u00e3o entre a Secretaria de Estado das Mulheres \u2014 SEMPI e a imprensa e sociedade civil. A nossa equipe est\u00e1 \u00e0 disposi\u00e7\u00e3o para mediar, institucionalmente, a comunica\u00e7\u00e3o entre [&hellip;]<\/p>\n","protected":false},"author":1,"featured_media":0,"parent":0,"menu_order":0,"comment_status":"closed","ping_status":"closed","template":"template-fullwidth.php","meta":[],"featured_image_urls":{"full":"","thumbnail":"","medium":"","medium_large":"","large":"","sgg-420":"","sgg-540":"","sgg-780":"","1536x1536":"","2048x2048":"","homepage-slider":"","homepage-slider-small":"","page-top":"","page-small":"","loop-main":"","thumb-gallery-widget":""},"post_excerpt_stackable":"<p>Canal de comunica\u00e7\u00e3o entre a Secretaria de Estado das Mulheres \u2014 SEMPI e a imprensa e sociedade civil. A nossa equipe est\u00e1 \u00e0 disposi\u00e7\u00e3o para mediar, institucionalmente, a comunica\u00e7\u00e3o entre as gestoras do \u00f3rg\u00e3o e a imprensa, bem como fornecer informa\u00e7\u00f5es sobre projetos, servi\u00e7os, a\u00e7\u00f5es e iniciativas da SEMPI. Assessoria de Comunica\u00e7\u00e3o: (86) 99434-7808 Assessoria T\u00e9cnica: (86) 99432-6900E-mail:&nbsp;sempiassessoria@gmail.com&nbsp; SEMPI E-mail institucional: secretariadasmulheres@sempi.pi.gov.br Contato Gabinete: 86 99431-7177 CONTATOS-SEMPI-1Baixar LEI DE ACESSO A INFORMA\u00c7\u00c3O Lei de Acesso \u00e0 Informa\u00e7\u00e3o (LAI) PEDIDO DE ACESSO A INFORMA\u00c7\u00c3O Escolha um tipo de login: Login Pessoa F\u00edsica Registre e acompanhe suas manifesta\u00e7\u00f5es e pedidos de acesso&hellip;<\/p>\n","category_list":"","author_info":{"name":"admin","url":"https:\/\/portal.pi.gov.br\/sempi\/author\/admin\/"},"comments_num":"0 coment\u00e1rio","featured_image_urls_v2":{"full":"","thumbnail":"","medium":"","medium_large":"","large":"","sgg-420":"","sgg-540":"","sgg-780":"","1536x1536":"","2048x2048":"","homepage-slider":"","homepage-slider-small":"","page-top":"","page-small":"","loop-main":"","thumb-gallery-widget":""},"post_excerpt_stackable_v2":"<p>Canal de comunica\u00e7\u00e3o entre a Secretaria de Estado das Mulheres \u2014 SEMPI e a imprensa e sociedade civil. A nossa equipe est\u00e1 \u00e0 disposi\u00e7\u00e3o para mediar, institucionalmente, a comunica\u00e7\u00e3o entre as gestoras do \u00f3rg\u00e3o e a imprensa, bem como fornecer informa\u00e7\u00f5es sobre projetos, servi\u00e7os, a\u00e7\u00f5es e iniciativas da SEMPI. Assessoria de Comunica\u00e7\u00e3o: (86) 99434-7808 Assessoria T\u00e9cnica: (86) 99432-6900E-mail:&nbsp;sempiassessoria@gmail.com&nbsp; SEMPI E-mail institucional: secretariadasmulheres@sempi.pi.gov.br Contato Gabinete: 86 99431-7177 CONTATOS-SEMPI-1Baixar LEI DE ACESSO A INFORMA\u00c7\u00c3O Lei de Acesso \u00e0 Informa\u00e7\u00e3o (LAI) PEDIDO DE ACESSO A INFORMA\u00c7\u00c3O Escolha um tipo de login: Login Pessoa F\u00edsica Registre e acompanhe suas manifesta\u00e7\u00f5es e pedidos de acesso&hellip;<\/p>\n","category_list_v2":"","author_info_v2":{"name":"admin","url":"https:\/\/portal.pi.gov.br\/sempi\/author\/admin\/"},"comments_num_v2":"0 coment\u00e1rio","_links":{"self":[{"href":"https:\/\/portal.pi.gov.br\/sempi\/wp-json\/wp\/v2\/pages\/632"}],"collection":[{"href":"https:\/\/portal.pi.gov.br\/sempi\/wp-json\/wp\/v2\/pages"}],"about":[{"href":"https:\/\/portal.pi.gov.br\/sempi\/wp-json\/wp\/v2\/types\/page"}],"author":[{"embeddable":true,"href":"https:\/\/portal.pi.gov.br\/sempi\/wp-json\/wp\/v2\/users\/1"}],"replies":[{"embeddable":true,"href":"https:\/\/portal.pi.gov.br\/sempi\/wp-json\/wp\/v2\/comments?post=632"}],"version-history":[{"count":13,"href":"https:\/\/portal.pi.gov.br\/sempi\/wp-json\/wp\/v2\/pages\/632\/revisions"}],"predecessor-version":[{"id":11253,"href":"https:\/\/portal.pi.gov.br\/sempi\/wp-json\/wp\/v2\/pages\/632\/revisions\/11253"}],"wp:attachment":[{"href":"https:\/\/portal.pi.gov.br\/sempi\/wp-json\/wp\/v2\/media?parent=632"}],"curies":[{"name":"wp","href":"https:\/\/api.w.org\/{rel}","templated":true}]}}