{"id":634,"date":"2020-12-16T08:09:59","date_gmt":"2020-12-16T11:09:59","guid":{"rendered":"http:\/\/www2.pi.gov.br\/cepm\/?page_id=634"},"modified":"2022-04-04T09:05:45","modified_gmt":"2022-04-04T12:05:45","slug":"ferramenta-vamos","status":"publish","type":"page","link":"https:\/\/portal.pi.gov.br\/sempi\/ferramenta-vamos\/","title":{"rendered":"Ferramenta Vamos"},"content":{"rendered":"\n<p>             <\/p>\n\n\n\n<p>        A Ferramenta VAMOS! adaptada da metodologia da SASA! Desenvolvida e implementada na Uganda pela ONG Raising Voices, obteve resultados significativos na redu\u00e7\u00e3o da viol\u00eancia contra a mulher nas comunidades beneficiadas, como tamb\u00e9m na transforma\u00e7\u00e3o da percep\u00e7\u00e3o da comunidade sobre quest\u00f5es relacionadas aos direitos da mulher e \u00e0 viol\u00eancia de g\u00eanero.<\/p>\n\n\n\n<p>           O manual VAMOS! surge, portanto, como resposta ao desafio de transformar comportamentos e modelos mentais que funcionam como fatores promotores da viol\u00eancia contra a mulher. O objetivo da ferramenta \u00e9 promover, de maneira interativa e em linguagem simples, o questionamento das normas sociais geradoras das desigualdades entre homens e mulheres e das viol\u00eancias que resultam dessas desigualdades. A abordagem \u00e9 participativa e l\u00fadica, incluindo jogos e dramatiza\u00e7\u00f5es, com o objetivo de promover o questionamento e a mudan\u00e7a de normas e comportamentos violentos \u2013 e consequentemente prevenir a viol\u00eancia contra as mulheres. O manual \u201cVAMOS! Usando Nosso Poder pelo Fim da Viol\u00eancia contra as Mulheres\u201d foi desenvolvido como guia para facilitar reflex\u00f5es sobre o poder e suas din\u00e2micas, particularmente \u00e0quelas associadas a pap\u00e9is e a viol\u00eancia de g\u00eanero.<\/p>\n\n\n\n<p>&nbsp;&nbsp;&nbsp;&nbsp;&nbsp;&nbsp; No marco de suas atribui\u00e7\u00f5es, a Coordenadoria de Estado de Pol\u00edticas para as Mulheres (CEPM), em parceria com Banco Internacional para Reconstru\u00e7\u00e3o e Desenvolvimento (BIRD) e a Oxford Policy Management, implementou a Ferramenta VAMOS! de preven\u00e7\u00e3o \u00e0 viol\u00eancia contra a mulher nas cidades de Teresina e Cocal de Telha. Em ambas o foco foram membros da sociedade civil e agentes p\u00fablicos, selecionados pelos Organismos de Pol\u00edticas para as Mulheres (OPMs) das respectivas cidades em que o projeto ocorreu. Com base nos resultados obtidos no projeto piloto, a CEPM prop\u00f5e a expans\u00e3o da utiliza\u00e7\u00e3o da Ferramenta VAMOS! para outros munic\u00edpios e \u00f3rg\u00e3os do Governo do Estado do Piau\u00ed.<\/p>\n\n\n\n<figure class=\"wp-block-image size-full\"><img decoding=\"async\" loading=\"lazy\" width=\"476\" height=\"636\" src=\"https:\/\/portal.pi.gov.br\/cepm\/wp-content\/uploads\/sites\/23\/2022\/03\/Banner-1.jpeg\" alt=\"\" class=\"wp-image-2642\" srcset=\"https:\/\/portal.pi.gov.br\/sempi\/wp-content\/uploads\/sites\/23\/2022\/03\/Banner-1.jpeg 476w, https:\/\/portal.pi.gov.br\/sempi\/wp-content\/uploads\/sites\/23\/2022\/03\/Banner-1-225x300.jpeg 225w, https:\/\/portal.pi.gov.br\/sempi\/wp-content\/uploads\/sites\/23\/2022\/03\/Banner-1-314x420.jpeg 314w, https:\/\/portal.pi.gov.br\/sempi\/wp-content\/uploads\/sites\/23\/2022\/03\/Banner-1-404x540.jpeg 404w\" sizes=\"(max-width: 476px) 100vw, 476px\" \/><\/figure>\n\n\n\n<p><strong>Baixe e Acesse o Livro Vamos:<\/strong><\/p>\n\n\n\n<div class=\"wp-block-file\"><a href=\"https:\/\/portal.pi.gov.br\/cepm\/wp-content\/uploads\/sites\/23\/2022\/03\/LIVRO-VAMOS.pdf\">LIVRO-VAMOS<\/a><a href=\"https:\/\/portal.pi.gov.br\/cepm\/wp-content\/uploads\/sites\/23\/2022\/03\/LIVRO-VAMOS.pdf\" class=\"wp-block-file__button\" download>Baixar<\/a><\/div>\n\n\n\n<p><\/p>\n","protected":false},"excerpt":{"rendered":"<p>A Ferramenta VAMOS! adaptada da metodologia da SASA! Desenvolvida e implementada na Uganda pela ONG Raising Voices, obteve resultados significativos na redu\u00e7\u00e3o da viol\u00eancia contra a mulher nas comunidades beneficiadas, [&hellip;]<\/p>\n","protected":false},"author":1,"featured_media":0,"parent":0,"menu_order":0,"comment_status":"closed","ping_status":"closed","template":"template-fullwidth.php","meta":[],"featured_image_urls":{"full":"","thumbnail":"","medium":"","medium_large":"","large":"","sgg-420":"","sgg-540":"","sgg-780":"","1536x1536":"","2048x2048":"","homepage-slider":"","homepage-slider-small":"","page-top":"","page-small":"","loop-main":"","thumb-gallery-widget":""},"post_excerpt_stackable":"<p>A Ferramenta VAMOS! adaptada da metodologia da SASA! Desenvolvida e implementada na Uganda pela ONG Raising Voices, obteve resultados significativos na redu\u00e7\u00e3o da viol\u00eancia contra a mulher nas comunidades beneficiadas, como tamb\u00e9m na transforma\u00e7\u00e3o da percep\u00e7\u00e3o da comunidade sobre quest\u00f5es relacionadas aos direitos da mulher e \u00e0 viol\u00eancia de g\u00eanero. O manual VAMOS! surge, portanto, como resposta ao desafio de transformar comportamentos e modelos mentais que funcionam como fatores promotores da viol\u00eancia contra a mulher. O objetivo da ferramenta \u00e9 promover, de maneira interativa e em linguagem simples, o questionamento das normas sociais geradoras das desigualdades entre homens e mulheres&hellip;<\/p>\n","category_list":"","author_info":{"name":"admin","url":"https:\/\/portal.pi.gov.br\/sempi\/author\/admin\/"},"comments_num":"0 coment\u00e1rio","featured_image_urls_v2":{"full":"","thumbnail":"","medium":"","medium_large":"","large":"","sgg-420":"","sgg-540":"","sgg-780":"","1536x1536":"","2048x2048":"","homepage-slider":"","homepage-slider-small":"","page-top":"","page-small":"","loop-main":"","thumb-gallery-widget":""},"post_excerpt_stackable_v2":"<p>A Ferramenta VAMOS! adaptada da metodologia da SASA! Desenvolvida e implementada na Uganda pela ONG Raising Voices, obteve resultados significativos na redu\u00e7\u00e3o da viol\u00eancia contra a mulher nas comunidades beneficiadas, como tamb\u00e9m na transforma\u00e7\u00e3o da percep\u00e7\u00e3o da comunidade sobre quest\u00f5es relacionadas aos direitos da mulher e \u00e0 viol\u00eancia de g\u00eanero. O manual VAMOS! surge, portanto, como resposta ao desafio de transformar comportamentos e modelos mentais que funcionam como fatores promotores da viol\u00eancia contra a mulher. O objetivo da ferramenta \u00e9 promover, de maneira interativa e em linguagem simples, o questionamento das normas sociais geradoras das desigualdades entre homens e mulheres&hellip;<\/p>\n","category_list_v2":"","author_info_v2":{"name":"admin","url":"https:\/\/portal.pi.gov.br\/sempi\/author\/admin\/"},"comments_num_v2":"0 coment\u00e1rio","_links":{"self":[{"href":"https:\/\/portal.pi.gov.br\/sempi\/wp-json\/wp\/v2\/pages\/634"}],"collection":[{"href":"https:\/\/portal.pi.gov.br\/sempi\/wp-json\/wp\/v2\/pages"}],"about":[{"href":"https:\/\/portal.pi.gov.br\/sempi\/wp-json\/wp\/v2\/types\/page"}],"author":[{"embeddable":true,"href":"https:\/\/portal.pi.gov.br\/sempi\/wp-json\/wp\/v2\/users\/1"}],"replies":[{"embeddable":true,"href":"https:\/\/portal.pi.gov.br\/sempi\/wp-json\/wp\/v2\/comments?post=634"}],"version-history":[{"count":4,"href":"https:\/\/portal.pi.gov.br\/sempi\/wp-json\/wp\/v2\/pages\/634\/revisions"}],"predecessor-version":[{"id":2754,"href":"https:\/\/portal.pi.gov.br\/sempi\/wp-json\/wp\/v2\/pages\/634\/revisions\/2754"}],"wp:attachment":[{"href":"https:\/\/portal.pi.gov.br\/sempi\/wp-json\/wp\/v2\/media?parent=634"}],"curies":[{"name":"wp","href":"https:\/\/api.w.org\/{rel}","templated":true}]}}