{"id":947,"date":"2023-08-04T12:07:20","date_gmt":"2023-08-04T15:07:20","guid":{"rendered":"https:\/\/portal.pi.gov.br\/seres\/?page_id=947"},"modified":"2023-09-22T09:26:30","modified_gmt":"2023-09-22T12:26:30","slug":"conselho-de-participacao-social","status":"publish","type":"page","link":"https:\/\/portal.pi.gov.br\/seres\/conselho-de-participacao-social\/","title":{"rendered":"Pol\u00edtica Estadual de Participa\u00e7\u00e3o Social (PEPS)"},"content":{"rendered":"\n<p><\/p>\n\n\n\n<p class=\"has-text-align-left\">Institu\u00edda em 03 de fevereiro de  2020,  pela ela Lei n\u00ba 7.357<strong>,<\/strong> a Pol\u00edtica Estadual de Participa\u00e7\u00e3o Social (PEPS),\u00a0tem como objetivo, fortalecer e articular os mecanismos e as inst\u00e2ncias democr\u00e1ticas de di\u00e1logo e a atua\u00e7\u00e3o conjunta entre a Administra\u00e7\u00e3o P\u00fablica estadual e a sociedade civil.<\/p>\n\n\n\n<p>Assim, a Pol\u00edtica Estadual  de Participa\u00e7\u00e3o Social \u00e9 uma importante conquista dos movimentos e entidades da sociedade civil que buscam na participa\u00e7\u00e3o social o caminho para a defesa e efetiva\u00e7\u00e3o de direitos e cidadania. <\/p>\n\n\n\n<p>\u00a0<a href=\"https:\/\/drive.google.com\/file\/d\/1xJAykSV8qFXDOGInDQmQ6dG11-Dv6SZN\/view?usp=sharing\" data-type=\"URL\" data-id=\"https:\/\/drive.google.com\/file\/d\/1xJAykSV8qFXDOGInDQmQ6dG11-Dv6SZN\/view?usp=sharing\">Lei de Cria\u00e7\u00e3o da Pol\u00edtica Estadual de Participa\u00e7\u00e3o Social <\/a> <\/p>\n\n\n\n<p><\/p>\n\n\n\n<p><\/p>\n\n\n\n<p><\/p>\n","protected":false},"excerpt":{"rendered":"<p>Institu\u00edda em 03 de fevereiro de 2020, pela ela Lei n\u00ba 7.357, a Pol\u00edtica Estadual de Participa\u00e7\u00e3o Social (PEPS),\u00a0tem como objetivo, fortalecer e articular os mecanismos e as inst\u00e2ncias democr\u00e1ticas [&hellip;]<\/p>\n","protected":false},"author":1,"featured_media":0,"parent":0,"menu_order":0,"comment_status":"closed","ping_status":"closed","template":"template-fullwidth.php","meta":[],"featured_image_urls":{"full":"","thumbnail":"","medium":"","medium_large":"","large":"","sgg-420":"","sgg-540":"","sgg-780":"","1536x1536":"","2048x2048":"","homepage-slider":"","homepage-slider-small":"","page-top":"","page-small":"","loop-main":"","thumb-gallery-widget":""},"post_excerpt_stackable":"<p>Institu\u00edda em 03 de fevereiro de 2020, pela ela Lei n\u00ba 7.357, a Pol\u00edtica Estadual de Participa\u00e7\u00e3o Social (PEPS),\u00a0tem como objetivo, fortalecer e articular os mecanismos e as inst\u00e2ncias democr\u00e1ticas de di\u00e1logo e a atua\u00e7\u00e3o conjunta entre a Administra\u00e7\u00e3o P\u00fablica estadual e a sociedade civil. Assim, a Pol\u00edtica Estadual de Participa\u00e7\u00e3o Social \u00e9 uma importante conquista dos movimentos e entidades da sociedade civil que buscam na participa\u00e7\u00e3o social o caminho para a defesa e efetiva\u00e7\u00e3o de direitos e cidadania. \u00a0Lei de Cria\u00e7\u00e3o da Pol\u00edtica Estadual de Participa\u00e7\u00e3o Social<\/p>\n","category_list":"","author_info":{"name":"admin","url":"https:\/\/portal.pi.gov.br\/seres\/author\/admin\/"},"comments_num":"0 coment\u00e1rio","featured_image_urls_v2":{"full":"","thumbnail":"","medium":"","medium_large":"","large":"","sgg-420":"","sgg-540":"","sgg-780":"","1536x1536":"","2048x2048":"","homepage-slider":"","homepage-slider-small":"","page-top":"","page-small":"","loop-main":"","thumb-gallery-widget":""},"post_excerpt_stackable_v2":"<p>Institu\u00edda em 03 de fevereiro de 2020, pela ela Lei n\u00ba 7.357, a Pol\u00edtica Estadual de Participa\u00e7\u00e3o Social (PEPS),\u00a0tem como objetivo, fortalecer e articular os mecanismos e as inst\u00e2ncias democr\u00e1ticas de di\u00e1logo e a atua\u00e7\u00e3o conjunta entre a Administra\u00e7\u00e3o P\u00fablica estadual e a sociedade civil. Assim, a Pol\u00edtica Estadual de Participa\u00e7\u00e3o Social \u00e9 uma importante conquista dos movimentos e entidades da sociedade civil que buscam na participa\u00e7\u00e3o social o caminho para a defesa e efetiva\u00e7\u00e3o de direitos e cidadania. \u00a0Lei de Cria\u00e7\u00e3o da Pol\u00edtica Estadual de Participa\u00e7\u00e3o Social<\/p>\n","category_list_v2":"","author_info_v2":{"name":"admin","url":"https:\/\/portal.pi.gov.br\/seres\/author\/admin\/"},"comments_num_v2":"0 coment\u00e1rio","_links":{"self":[{"href":"https:\/\/portal.pi.gov.br\/seres\/wp-json\/wp\/v2\/pages\/947"}],"collection":[{"href":"https:\/\/portal.pi.gov.br\/seres\/wp-json\/wp\/v2\/pages"}],"about":[{"href":"https:\/\/portal.pi.gov.br\/seres\/wp-json\/wp\/v2\/types\/page"}],"author":[{"embeddable":true,"href":"https:\/\/portal.pi.gov.br\/seres\/wp-json\/wp\/v2\/users\/1"}],"replies":[{"embeddable":true,"href":"https:\/\/portal.pi.gov.br\/seres\/wp-json\/wp\/v2\/comments?post=947"}],"version-history":[{"count":15,"href":"https:\/\/portal.pi.gov.br\/seres\/wp-json\/wp\/v2\/pages\/947\/revisions"}],"predecessor-version":[{"id":1362,"href":"https:\/\/portal.pi.gov.br\/seres\/wp-json\/wp\/v2\/pages\/947\/revisions\/1362"}],"wp:attachment":[{"href":"https:\/\/portal.pi.gov.br\/seres\/wp-json\/wp\/v2\/media?parent=947"}],"curies":[{"name":"wp","href":"https:\/\/api.w.org\/{rel}","templated":true}]}}

Política Estadual de Participação Social (PEPS)

<p></p>



<p class="has-text-align-left">Instituída em 03 de fevereiro de  2020,  pela ela Lei nº 7.357<strong>,</strong> a Política Estadual de Participação Social (PEPS), tem como objetivo, fortalecer e articular os mecanismos e as instâncias democráticas de diálogo e a atuação conjunta entre a Administração Pública estadual e a sociedade civil.</p>



<p>Assim, a Política Estadual  de Participação Social é uma importante conquista dos movimentos e entidades da sociedade civil que buscam na participação social o caminho para a defesa e efetivação de direitos e cidadania. </p>



<p> <a href="https://drive.google.com/file/d/1xJAykSV8qFXDOGInDQmQ6dG11-Dv6SZN/view?usp=sharing" data-type="URL" data-id="https://drive.google.com/file/d/1xJAykSV8qFXDOGInDQmQ6dG11-Dv6SZN/view?usp=sharing">Lei de Criação da Política Estadual de Participação Social </a> </p>



<p></p>



<p></p>



<p></p>

<p>Instituída em 03 de fevereiro de 2020, pela ela Lei nº 7.357, a Política Estadual de Participação Social (PEPS), tem como objetivo, fortalecer e articular os mecanismos e as instâncias democráticas [&hellip;]</p>

<p>Instituída em 03 de fevereiro de 2020, pela ela Lei nº 7.357, a Política Estadual de Participação Social (PEPS), tem como objetivo, fortalecer e articular os mecanismos e as instâncias democráticas de diálogo e a atuação conjunta entre a Administração Pública estadual e a sociedade civil. Assim, a Política Estadual de Participação Social é uma importante conquista dos movimentos e entidades da sociedade civil que buscam na participação social o caminho para a defesa e efetivação de direitos e cidadania.  Lei de Criação da Política Estadual de Participação Social</p>

0 comentário
