{"id":983,"date":"2023-08-28T08:46:25","date_gmt":"2023-08-28T11:46:25","guid":{"rendered":"https:\/\/portal.pi.gov.br\/seres\/?page_id=983"},"modified":"2023-10-20T18:26:13","modified_gmt":"2023-10-20T21:26:13","slug":"secretaria","status":"publish","type":"page","link":"https:\/\/portal.pi.gov.br\/seres\/secretaria\/","title":{"rendered":"Secretaria"},"content":{"rendered":"<div class=\"wp-block-image\">\n<figure class=\"aligncenter size-large is-resized\"><img decoding=\"async\" loading=\"lazy\" src=\"https:\/\/portal.pi.gov.br\/seres\/wp-content\/uploads\/sites\/87\/2023\/09\/seres1-1024x298.png\" alt=\"\" class=\"wp-image-1126\" width=\"471\" height=\"137\" srcset=\"https:\/\/portal.pi.gov.br\/seres\/wp-content\/uploads\/sites\/87\/2023\/09\/seres1-1024x298.png 1024w, https:\/\/portal.pi.gov.br\/seres\/wp-content\/uploads\/sites\/87\/2023\/09\/seres1-300x87.png 300w, https:\/\/portal.pi.gov.br\/seres\/wp-content\/uploads\/sites\/87\/2023\/09\/seres1-768x223.png 768w, https:\/\/portal.pi.gov.br\/seres\/wp-content\/uploads\/sites\/87\/2023\/09\/seres1-420x122.png 420w, https:\/\/portal.pi.gov.br\/seres\/wp-content\/uploads\/sites\/87\/2023\/09\/seres1-540x157.png 540w, https:\/\/portal.pi.gov.br\/seres\/wp-content\/uploads\/sites\/87\/2023\/09\/seres1-780x227.png 780w, https:\/\/portal.pi.gov.br\/seres\/wp-content\/uploads\/sites\/87\/2023\/09\/seres1-1536x447.png 1536w, https:\/\/portal.pi.gov.br\/seres\/wp-content\/uploads\/sites\/87\/2023\/09\/seres1-947x275.png 947w, https:\/\/portal.pi.gov.br\/seres\/wp-content\/uploads\/sites\/87\/2023\/09\/seres1-624x182.png 624w, https:\/\/portal.pi.gov.br\/seres\/wp-content\/uploads\/sites\/87\/2023\/09\/seres1.png 1712w\" sizes=\"(max-width: 471px) 100vw, 471px\" \/><\/figure><\/div>\n\n\n<p>A Secretaria de Estado das Rela\u00e7\u00f5es Sociais (SERES) criada na atual gest\u00e3o do Governador Rafael Fonteles a partir da Lei 7.948 de fevereiro de 2023. A secretaria tem como miss\u00e3o assessorar o governo no di\u00e1logo entre o Estado e a sociedade civil, coordenar o acolhimento das demandas dos movimentos sociais, dos sindicatos e conselhos de pol\u00edticas p\u00fablicas, fortalecendo a Pol\u00edtica e o Sistema Estadual de Participa\u00e7\u00e3o Social.<\/p>\n\n\n\n<p><strong>Compete \u00e0 SERES:<\/strong><\/p>\n\n\n\n<p>-Assessorar o governo visando alcan\u00e7ar a excel\u00eancia do di\u00e1logo entre Estado e Sociedade Civil, a democratiza\u00e7\u00e3o e a transpar\u00eancia da gest\u00e3o p\u00fablica;<\/p>\n\n\n\n<p>-Coordenar as rela\u00e7\u00f5es de acolhimento aos movimentos sociais, buscando se antecipar \u00e0s tend\u00eancias e cen\u00e1rios para potencializar e fomentar diferentes pol\u00edticas p\u00fablicas e prioridades de governo;<\/p>\n\n\n\n<p>-Identificar e acompanhar as demandas advindas dos conselhos estaduais de pol\u00edticas p\u00fablicas, sindicatos, associa\u00e7\u00f5es de classe, movimentos sociais e populares, visando fortalecer a participa\u00e7\u00e3o social;<\/p>\n\n\n\n<p>-Aprimorar a interface entre \u00f3rg\u00e3os governamentais e os segmentos sociais, observando os princ\u00edpios da transversalidade e integra\u00e7\u00e3o das pol\u00edticas p\u00fablicas, respeitando as especificidades de cada um, contribuindo para articula\u00e7\u00e3o, di\u00e1logo e estreitamento das rela\u00e7\u00f5es com a sociedade;<\/p>\n\n\n\n<p>-Fortalecer a Pol\u00edtica e o Sistema Estadual de Participa\u00e7\u00e3o Social (PEPS\/SEPS), buscando articular as inst\u00e2ncias e os mecanismos de di\u00e1logo democr\u00e1ticos entre a administra\u00e7\u00e3o p\u00fablica e a sociedade civil, garantindo sua transversalidade e integra\u00e7\u00e3o;<\/p>\n\n\n\n<p>-Pactuar e institucionalizar a Pol\u00edtica e o Sistema Estadual de Participa\u00e7\u00e3o Social (PEPS\/SEPS), nos munic\u00edpios piauienses.<\/p>\n\n\n\n<p><\/p>\n\n\n\n<p><a href=\"https:\/\/drive.google.com\/file\/d\/1E5Pist-IGWDw5MSthta6b3-FJ3_D4kNG\/view?usp=sharing\" data-type=\"URL\" data-id=\"https:\/\/drive.google.com\/file\/d\/1E5Pist-IGWDw5MSthta6b3-FJ3_D4kNG\/view?usp=sharing\">Lei de Cria\u00e7\u00e3o de Secretaria <\/a><\/p>\n\n\n\n<p><a href=\"https:\/\/drive.google.com\/file\/d\/1xJAykSV8qFXDOGInDQmQ6dG11-Dv6SZN\/view?usp=sharing\">Lei da Pol\u00edtica Estadual de Participa\u00e7\u00e3o Social <\/a><\/p>\n","protected":false},"excerpt":{"rendered":"<p>A Secretaria de Estado das Rela\u00e7\u00f5es Sociais (SERES) criada na atual gest\u00e3o do Governador Rafael Fonteles a partir da Lei 7.948 de fevereiro de 2023. A secretaria tem como miss\u00e3o [&hellip;]<\/p>\n","protected":false},"author":1,"featured_media":0,"parent":0,"menu_order":0,"comment_status":"closed","ping_status":"closed","template":"template-fullwidth.php","meta":[],"featured_image_urls":{"full":"","thumbnail":"","medium":"","medium_large":"","large":"","sgg-420":"","sgg-540":"","sgg-780":"","1536x1536":"","2048x2048":"","homepage-slider":"","homepage-slider-small":"","page-top":"","page-small":"","loop-main":"","thumb-gallery-widget":""},"post_excerpt_stackable":"<p>A Secretaria de Estado das Rela\u00e7\u00f5es Sociais (SERES) criada na atual gest\u00e3o do Governador Rafael Fonteles a partir da Lei 7.948 de fevereiro de 2023. A secretaria tem como miss\u00e3o assessorar o governo no di\u00e1logo entre o Estado e a sociedade civil, coordenar o acolhimento das demandas dos movimentos sociais, dos sindicatos e conselhos de pol\u00edticas p\u00fablicas, fortalecendo a Pol\u00edtica e o Sistema Estadual de Participa\u00e7\u00e3o Social. Compete \u00e0 SERES: -Assessorar o governo visando alcan\u00e7ar a excel\u00eancia do di\u00e1logo entre Estado e Sociedade Civil, a democratiza\u00e7\u00e3o e a transpar\u00eancia da gest\u00e3o p\u00fablica; -Coordenar as rela\u00e7\u00f5es de acolhimento aos movimentos sociais,&hellip;<\/p>\n","category_list":"","author_info":{"name":"admin","url":"https:\/\/portal.pi.gov.br\/seres\/author\/admin\/"},"comments_num":"0 coment\u00e1rio","featured_image_urls_v2":{"full":"","thumbnail":"","medium":"","medium_large":"","large":"","sgg-420":"","sgg-540":"","sgg-780":"","1536x1536":"","2048x2048":"","homepage-slider":"","homepage-slider-small":"","page-top":"","page-small":"","loop-main":"","thumb-gallery-widget":""},"post_excerpt_stackable_v2":"<p>A Secretaria de Estado das Rela\u00e7\u00f5es Sociais (SERES) criada na atual gest\u00e3o do Governador Rafael Fonteles a partir da Lei 7.948 de fevereiro de 2023. A secretaria tem como miss\u00e3o assessorar o governo no di\u00e1logo entre o Estado e a sociedade civil, coordenar o acolhimento das demandas dos movimentos sociais, dos sindicatos e conselhos de pol\u00edticas p\u00fablicas, fortalecendo a Pol\u00edtica e o Sistema Estadual de Participa\u00e7\u00e3o Social. Compete \u00e0 SERES: -Assessorar o governo visando alcan\u00e7ar a excel\u00eancia do di\u00e1logo entre Estado e Sociedade Civil, a democratiza\u00e7\u00e3o e a transpar\u00eancia da gest\u00e3o p\u00fablica; -Coordenar as rela\u00e7\u00f5es de acolhimento aos movimentos sociais,&hellip;<\/p>\n","category_list_v2":"","author_info_v2":{"name":"admin","url":"https:\/\/portal.pi.gov.br\/seres\/author\/admin\/"},"comments_num_v2":"0 coment\u00e1rio","_links":{"self":[{"href":"https:\/\/portal.pi.gov.br\/seres\/wp-json\/wp\/v2\/pages\/983"}],"collection":[{"href":"https:\/\/portal.pi.gov.br\/seres\/wp-json\/wp\/v2\/pages"}],"about":[{"href":"https:\/\/portal.pi.gov.br\/seres\/wp-json\/wp\/v2\/types\/page"}],"author":[{"embeddable":true,"href":"https:\/\/portal.pi.gov.br\/seres\/wp-json\/wp\/v2\/users\/1"}],"replies":[{"embeddable":true,"href":"https:\/\/portal.pi.gov.br\/seres\/wp-json\/wp\/v2\/comments?post=983"}],"version-history":[{"count":16,"href":"https:\/\/portal.pi.gov.br\/seres\/wp-json\/wp\/v2\/pages\/983\/revisions"}],"predecessor-version":[{"id":1723,"href":"https:\/\/portal.pi.gov.br\/seres\/wp-json\/wp\/v2\/pages\/983\/revisions\/1723"}],"wp:attachment":[{"href":"https:\/\/portal.pi.gov.br\/seres\/wp-json\/wp\/v2\/media?parent=983"}],"curies":[{"name":"wp","href":"https:\/\/api.w.org\/{rel}","templated":true}]}}

<div class="wp-block-image">
<figure class="aligncenter size-large is-resized"><img decoding="async" loading="lazy" src="https://portal.pi.gov.br/seres/wp-content/uploads/sites/87/2023/09/seres1-1024x298.png" alt="" class="wp-image-1126" width="471" height="137" srcset="https://portal.pi.gov.br/seres/wp-content/uploads/sites/87/2023/09/seres1-1024x298.png 1024w, https://portal.pi.gov.br/seres/wp-content/uploads/sites/87/2023/09/seres1-300x87.png 300w, https://portal.pi.gov.br/seres/wp-content/uploads/sites/87/2023/09/seres1-768x223.png 768w, https://portal.pi.gov.br/seres/wp-content/uploads/sites/87/2023/09/seres1-420x122.png 420w, https://portal.pi.gov.br/seres/wp-content/uploads/sites/87/2023/09/seres1-540x157.png 540w, https://portal.pi.gov.br/seres/wp-content/uploads/sites/87/2023/09/seres1-780x227.png 780w, https://portal.pi.gov.br/seres/wp-content/uploads/sites/87/2023/09/seres1-1536x447.png 1536w, https://portal.pi.gov.br/seres/wp-content/uploads/sites/87/2023/09/seres1-947x275.png 947w, https://portal.pi.gov.br/seres/wp-content/uploads/sites/87/2023/09/seres1-624x182.png 624w, https://portal.pi.gov.br/seres/wp-content/uploads/sites/87/2023/09/seres1.png 1712w" sizes="(max-width: 471px) 100vw, 471px" /></figure></div>


<p>A Secretaria de Estado das Relações Sociais (SERES) criada na atual gestão do Governador Rafael Fonteles a partir da Lei 7.948 de fevereiro de 2023. A secretaria tem como missão assessorar o governo no diálogo entre o Estado e a sociedade civil, coordenar o acolhimento das demandas dos movimentos sociais, dos sindicatos e conselhos de políticas públicas, fortalecendo a Política e o Sistema Estadual de Participação Social.</p>



<p><strong>Compete à SERES:</strong></p>



<p>-Assessorar o governo visando alcançar a excelência do diálogo entre Estado e Sociedade Civil, a democratização e a transparência da gestão pública;</p>



<p>-Coordenar as relações de acolhimento aos movimentos sociais, buscando se antecipar às tendências e cenários para potencializar e fomentar diferentes políticas públicas e prioridades de governo;</p>



<p>-Identificar e acompanhar as demandas advindas dos conselhos estaduais de políticas públicas, sindicatos, associações de classe, movimentos sociais e populares, visando fortalecer a participação social;</p>



<p>-Aprimorar a interface entre órgãos governamentais e os segmentos sociais, observando os princípios da transversalidade e integração das políticas públicas, respeitando as especificidades de cada um, contribuindo para articulação, diálogo e estreitamento das relações com a sociedade;</p>



<p>-Fortalecer a Política e o Sistema Estadual de Participação Social (PEPS/SEPS), buscando articular as instâncias e os mecanismos de diálogo democráticos entre a administração pública e a sociedade civil, garantindo sua transversalidade e integração;</p>



<p>-Pactuar e institucionalizar a Política e o Sistema Estadual de Participação Social (PEPS/SEPS), nos municípios piauienses.</p>



<p></p>



<p><a href="https://drive.google.com/file/d/1E5Pist-IGWDw5MSthta6b3-FJ3_D4kNG/view?usp=sharing" data-type="URL" data-id="https://drive.google.com/file/d/1E5Pist-IGWDw5MSthta6b3-FJ3_D4kNG/view?usp=sharing">Lei de Criação de Secretaria </a></p>



<p><a href="https://drive.google.com/file/d/1xJAykSV8qFXDOGInDQmQ6dG11-Dv6SZN/view?usp=sharing">Lei da Política Estadual de Participação Social </a></p>

<p>A Secretaria de Estado das Relações Sociais (SERES) criada na atual gestão do Governador Rafael Fonteles a partir da Lei 7.948 de fevereiro de 2023. A secretaria tem como missão [&hellip;]</p>

<p>A Secretaria de Estado das Relações Sociais (SERES) criada na atual gestão do Governador Rafael Fonteles a partir da Lei 7.948 de fevereiro de 2023. A secretaria tem como missão assessorar o governo no diálogo entre o Estado e a sociedade civil, coordenar o acolhimento das demandas dos movimentos sociais, dos sindicatos e conselhos de políticas públicas, fortalecendo a Política e o Sistema Estadual de Participação Social. Compete à SERES: -Assessorar o governo visando alcançar a excelência do diálogo entre Estado e Sociedade Civil, a democratização e a transparência da gestão pública; -Coordenar as relações de acolhimento aos movimentos sociais,&hellip;</p>

0 comentário
