{"id":987,"date":"2023-08-28T08:48:10","date_gmt":"2023-08-28T11:48:10","guid":{"rendered":"https:\/\/portal.pi.gov.br\/seres\/?page_id=987"},"modified":"2023-09-05T08:50:29","modified_gmt":"2023-09-05T11:50:29","slug":"contatos-comunicacao","status":"publish","type":"page","link":"https:\/\/portal.pi.gov.br\/seres\/contatos-comunicacao\/","title":{"rendered":"Contatos"},"content":{"rendered":"\n<p>Gabinete: (86) 9 9496-0644 (Whatsapp)<\/p>\n\n\n\n<p>E-mail:<strong>&nbsp;<\/strong>gab@seres.pi.gov.br<\/p>\n\n\n\n<p>Endere\u00e7o: Edif\u00edcio Antonieta Ara\u00fajo, 1479, Centro (Sul) \u2022 CEP: 64001-040 \u2022 Teresina \u2013 Piau\u00ed<\/p>\n\n\n\n<p>Hor\u00e1rio de funcionamento &#8211; atendimento ao p\u00fablico e protocolo: Segunda a sexta-feira &#8211; 7h30 \u00e0s 13h30<\/p>\n\n\n\n<p>_<\/p>\n\n\n\n<p><strong>Assessoria de Comunica\u00e7\u00e3o <\/strong><\/p>\n\n\n\n<p>E-mail: secretariaderspiaui@gmail.com <\/p>\n\n\n\n<p>(86) 9  8851-1858 (Whatsapp)<\/p>\n","protected":false},"excerpt":{"rendered":"<p>Gabinete: (86) 9 9496-0644 (Whatsapp) E-mail:&nbsp;gab@seres.pi.gov.br Endere\u00e7o: Edif\u00edcio Antonieta Ara\u00fajo, 1479, Centro (Sul) \u2022 CEP: 64001-040 \u2022 Teresina \u2013 Piau\u00ed Hor\u00e1rio de funcionamento &#8211; atendimento ao p\u00fablico e protocolo: Segunda [&hellip;]<\/p>\n","protected":false},"author":1,"featured_media":0,"parent":0,"menu_order":0,"comment_status":"closed","ping_status":"closed","template":"template-fullwidth.php","meta":[],"featured_image_urls":{"full":"","thumbnail":"","medium":"","medium_large":"","large":"","sgg-420":"","sgg-540":"","sgg-780":"","1536x1536":"","2048x2048":"","homepage-slider":"","homepage-slider-small":"","page-top":"","page-small":"","loop-main":"","thumb-gallery-widget":""},"post_excerpt_stackable":"<p>Gabinete: (86) 9 9496-0644 (Whatsapp) E-mail:&nbsp;gab@seres.pi.gov.br Endere\u00e7o: Edif\u00edcio Antonieta Ara\u00fajo, 1479, Centro (Sul) \u2022 CEP: 64001-040 \u2022 Teresina \u2013 Piau\u00ed Hor\u00e1rio de funcionamento &#8211; atendimento ao p\u00fablico e protocolo: Segunda a sexta-feira &#8211; 7h30 \u00e0s 13h30 _ Assessoria de Comunica\u00e7\u00e3o E-mail: secretariaderspiaui@gmail.com (86) 9 8851-1858 (Whatsapp)<\/p>\n","category_list":"","author_info":{"name":"admin","url":"https:\/\/portal.pi.gov.br\/seres\/author\/admin\/"},"comments_num":"0 coment\u00e1rio","featured_image_urls_v2":{"full":"","thumbnail":"","medium":"","medium_large":"","large":"","sgg-420":"","sgg-540":"","sgg-780":"","1536x1536":"","2048x2048":"","homepage-slider":"","homepage-slider-small":"","page-top":"","page-small":"","loop-main":"","thumb-gallery-widget":""},"post_excerpt_stackable_v2":"<p>Gabinete: (86) 9 9496-0644 (Whatsapp) E-mail:&nbsp;gab@seres.pi.gov.br Endere\u00e7o: Edif\u00edcio Antonieta Ara\u00fajo, 1479, Centro (Sul) \u2022 CEP: 64001-040 \u2022 Teresina \u2013 Piau\u00ed Hor\u00e1rio de funcionamento &#8211; atendimento ao p\u00fablico e protocolo: Segunda a sexta-feira &#8211; 7h30 \u00e0s 13h30 _ Assessoria de Comunica\u00e7\u00e3o E-mail: secretariaderspiaui@gmail.com (86) 9 8851-1858 (Whatsapp)<\/p>\n","category_list_v2":"","author_info_v2":{"name":"admin","url":"https:\/\/portal.pi.gov.br\/seres\/author\/admin\/"},"comments_num_v2":"0 coment\u00e1rio","_links":{"self":[{"href":"https:\/\/portal.pi.gov.br\/seres\/wp-json\/wp\/v2\/pages\/987"}],"collection":[{"href":"https:\/\/portal.pi.gov.br\/seres\/wp-json\/wp\/v2\/pages"}],"about":[{"href":"https:\/\/portal.pi.gov.br\/seres\/wp-json\/wp\/v2\/types\/page"}],"author":[{"embeddable":true,"href":"https:\/\/portal.pi.gov.br\/seres\/wp-json\/wp\/v2\/users\/1"}],"replies":[{"embeddable":true,"href":"https:\/\/portal.pi.gov.br\/seres\/wp-json\/wp\/v2\/comments?post=987"}],"version-history":[{"count":7,"href":"https:\/\/portal.pi.gov.br\/seres\/wp-json\/wp\/v2\/pages\/987\/revisions"}],"predecessor-version":[{"id":1175,"href":"https:\/\/portal.pi.gov.br\/seres\/wp-json\/wp\/v2\/pages\/987\/revisions\/1175"}],"wp:attachment":[{"href":"https:\/\/portal.pi.gov.br\/seres\/wp-json\/wp\/v2\/media?parent=987"}],"curies":[{"name":"wp","href":"https:\/\/api.w.org\/{rel}","templated":true}]}}