{"id":1005,"date":"2024-10-09T10:43:28","date_gmt":"2024-10-09T13:43:28","guid":{"rendered":"https:\/\/portal.pi.gov.br\/sesapi\/?page_id=1005"},"modified":"2024-11-14T13:27:56","modified_gmt":"2024-11-14T16:27:56","slug":"hemopi","status":"publish","type":"page","link":"https:\/\/portal.pi.gov.br\/sesapi\/hemopi\/","title":{"rendered":"Hemopi"},"content":{"rendered":"\n<p>O Piau\u00ed conta com uma Hemorrede composta de 01 (um) Hemocentro Coordenador na capital, respons\u00e1vel pelas pol\u00edticas e todo ciclo do sangue.<\/p>\n\n\n\n<p>Conta tamb\u00e9m&nbsp;com 03 (tr\u00eas) N\u00facleos de Hemoterapia, desempenhando atividades de coleta, estocagem e transfus\u00e3o de sangue, localizados em Picos, Parna\u00edba e Floriano.<\/p>\n\n\n\n<p>E ainda 28 (vinte e oito) Ag\u00eancias Transfusionais, respons\u00e1veis pela estocagem e distribui\u00e7\u00e3o do sangue, localizadas nos seguintes munic\u00edpios: Barras, Bom Jesus, Corrente, Campo Maior, Esperantina, Fronteiras, Jaic\u00f3s, Luzil\u00e2ndia, Oeiras, Paulistana, Pedro II, Piripiri, Piracuruca, S\u00e3o Raimundo Nonato, Uni\u00e3o, Uru\u00e7u\u00ed, Valen\u00e7a, \u00c1gua Branca, Amarante, Guadalupe e S\u00e3o Jo\u00e3o do Piau\u00ed.<\/p>\n\n\n\n<p>E 07 (sete) em Teresina: Hospital Get\u00falio Vargas, Hospital S\u00e3o Marcos, Hospital de Urg\u00eancia de Teresina, Hospital S\u00e3o Paulo, Maternidade Dona Evagelina Rosa, Prontomed&nbsp;e 01 (uma) no pr\u00f3prio Hemopi&nbsp;para atender Hospitais e Cl\u00ednicas que n\u00e3o disp\u00f5em de Agencia Transfusional.<\/p>\n\n\n\n<p><strong>Diretor<\/strong><\/p>\n\n\n\n<p>Rafael Alencar Soares de Souza<\/p>\n\n\n\n<p><strong>ENDERE\u00c7O DA HEMORREDE:<\/strong><\/p>\n\n\n\n<p><strong>HEMOCENTRO COORDENADOR &#8211; TERESINA-PI<\/strong><br>Rua 1\u00ba de maio, 235\/C &#8211; pr\u00f3ximo&nbsp;ao HGV<br>Fones: 86&nbsp;99471-3089<\/p>\n\n\n\n<p><strong>Hemocentro Regional de Parna\u00edba<\/strong><br>Av. S\u00e3o Sebasti\u00e3o, 2055.<br>Bairro de F\u00e1tima<br>Fone: 86 98894-7159<\/p>\n\n\n\n<p><strong>Hemocentro Regional de Picos<\/strong><br>Pra\u00e7a Dr.Antenor Neiva, S\/N<br>Fone: 89 99982-4991<\/p>\n\n\n\n<p><strong>Hemocentro Regional de Floriano<\/strong><br>Rua Jo\u00e3o Dantas, 1161<br>Fone: 89 99464-4729<\/p>\n\n\n\n<p><strong><em>Site do HEMOPI:&nbsp;<a href=\"http:\/\/www.hemopi.pi.gov.br\/\" target=\"_blank\" rel=\"noreferrer noopener\">http:\/\/www.hemopi.pi.gov.br\/<\/a><\/em><\/strong><\/p>\n","protected":false},"excerpt":{"rendered":"<p>O Piau\u00ed conta com uma Hemorrede composta de 01 (um) Hemocentro Coordenador na capital, respons\u00e1vel pelas pol\u00edticas e todo ciclo do sangue. Conta tamb\u00e9m&nbsp;com 03 (tr\u00eas) N\u00facleos de Hemoterapia, desempenhando [&hellip;]<\/p>\n","protected":false},"author":1798,"featured_media":0,"parent":0,"menu_order":0,"comment_status":"closed","ping_status":"closed","template":"template-fullwidth.php","meta":[],"featured_image_urls":{"full":"","thumbnail":"","medium":"","medium_large":"","large":"","sgg-420":"","sgg-540":"","sgg-780":"","1536x1536":"","2048x2048":"","homepage-slider":"","homepage-slider-small":"","page-top":"","page-small":"","loop-main":"","thumb-gallery-widget":""},"post_excerpt_stackable":"<p>O Piau\u00ed conta com uma Hemorrede composta de 01 (um) Hemocentro Coordenador na capital, respons\u00e1vel pelas pol\u00edticas e todo ciclo do sangue. Conta tamb\u00e9m&nbsp;com 03 (tr\u00eas) N\u00facleos de Hemoterapia, desempenhando atividades de coleta, estocagem e transfus\u00e3o de sangue, localizados em Picos, Parna\u00edba e Floriano. E ainda 28 (vinte e oito) Ag\u00eancias Transfusionais, respons\u00e1veis pela estocagem e distribui\u00e7\u00e3o do sangue, localizadas nos seguintes munic\u00edpios: Barras, Bom Jesus, Corrente, Campo Maior, Esperantina, Fronteiras, Jaic\u00f3s, Luzil\u00e2ndia, Oeiras, Paulistana, Pedro II, Piripiri, Piracuruca, S\u00e3o Raimundo Nonato, Uni\u00e3o, Uru\u00e7u\u00ed, Valen\u00e7a, \u00c1gua Branca, Amarante, Guadalupe e S\u00e3o Jo\u00e3o do Piau\u00ed. E 07 (sete) em Teresina: Hospital&hellip;<\/p>\n","category_list":"","author_info":{"name":"yancarvalho","url":"https:\/\/portal.pi.gov.br\/sesapi\/author\/yancarvalho\/"},"comments_num":"0 coment\u00e1rio","featured_image_urls_v2":{"full":"","thumbnail":"","medium":"","medium_large":"","large":"","sgg-420":"","sgg-540":"","sgg-780":"","1536x1536":"","2048x2048":"","homepage-slider":"","homepage-slider-small":"","page-top":"","page-small":"","loop-main":"","thumb-gallery-widget":""},"post_excerpt_stackable_v2":"<p>O Piau\u00ed conta com uma Hemorrede composta de 01 (um) Hemocentro Coordenador na capital, respons\u00e1vel pelas pol\u00edticas e todo ciclo do sangue. Conta tamb\u00e9m&nbsp;com 03 (tr\u00eas) N\u00facleos de Hemoterapia, desempenhando atividades de coleta, estocagem e transfus\u00e3o de sangue, localizados em Picos, Parna\u00edba e Floriano. E ainda 28 (vinte e oito) Ag\u00eancias Transfusionais, respons\u00e1veis pela estocagem e distribui\u00e7\u00e3o do sangue, localizadas nos seguintes munic\u00edpios: Barras, Bom Jesus, Corrente, Campo Maior, Esperantina, Fronteiras, Jaic\u00f3s, Luzil\u00e2ndia, Oeiras, Paulistana, Pedro II, Piripiri, Piracuruca, S\u00e3o Raimundo Nonato, Uni\u00e3o, Uru\u00e7u\u00ed, Valen\u00e7a, \u00c1gua Branca, Amarante, Guadalupe e S\u00e3o Jo\u00e3o do Piau\u00ed. E 07 (sete) em Teresina: Hospital&hellip;<\/p>\n","category_list_v2":"","author_info_v2":{"name":"yancarvalho","url":"https:\/\/portal.pi.gov.br\/sesapi\/author\/yancarvalho\/"},"comments_num_v2":"0 coment\u00e1rio","_links":{"self":[{"href":"https:\/\/portal.pi.gov.br\/sesapi\/wp-json\/wp\/v2\/pages\/1005"}],"collection":[{"href":"https:\/\/portal.pi.gov.br\/sesapi\/wp-json\/wp\/v2\/pages"}],"about":[{"href":"https:\/\/portal.pi.gov.br\/sesapi\/wp-json\/wp\/v2\/types\/page"}],"author":[{"embeddable":true,"href":"https:\/\/portal.pi.gov.br\/sesapi\/wp-json\/wp\/v2\/users\/1798"}],"replies":[{"embeddable":true,"href":"https:\/\/portal.pi.gov.br\/sesapi\/wp-json\/wp\/v2\/comments?post=1005"}],"version-history":[{"count":2,"href":"https:\/\/portal.pi.gov.br\/sesapi\/wp-json\/wp\/v2\/pages\/1005\/revisions"}],"predecessor-version":[{"id":1312,"href":"https:\/\/portal.pi.gov.br\/sesapi\/wp-json\/wp\/v2\/pages\/1005\/revisions\/1312"}],"wp:attachment":[{"href":"https:\/\/portal.pi.gov.br\/sesapi\/wp-json\/wp\/v2\/media?parent=1005"}],"curies":[{"name":"wp","href":"https:\/\/api.w.org\/{rel}","templated":true}]}}