{"id":1011,"date":"2024-10-09T10:44:26","date_gmt":"2024-10-09T13:44:26","guid":{"rendered":"https:\/\/portal.pi.gov.br\/sesapi\/?page_id=1011"},"modified":"2025-08-15T13:06:51","modified_gmt":"2025-08-15T16:06:51","slug":"hospitais-regionais","status":"publish","type":"page","link":"https:\/\/portal.pi.gov.br\/sesapi\/hospitais-regionais\/","title":{"rendered":"Hospitais Regionais"},"content":{"rendered":"\n<p><strong>BARRAS<\/strong><\/p>\n\n\n\n<p><strong>\u2022&nbsp;<\/strong><strong>HOSP. REGIONAL LE\u00d4NIDAS MELO<\/strong><br>Pra\u00e7a Monsenhor Boson, 210, bairro Centro<br>(86) 3242-1336<br><strong>Diretora:<\/strong>&nbsp;Celene Maria Moraes Fontenele<\/p>\n\n\n\n<p><strong>BOM JESUS<\/strong><\/p>\n\n\n\n<p><strong>\u2022&nbsp;<\/strong><strong>HOSP. REG. MANOEL DE SOUSA SANTOS<\/strong><br>Av. Dr. Raimundo Santos, 546 &#8211; Bairro Centro<br><strong>Diretora:<\/strong>&nbsp;Kamila Coelho de Sousa&nbsp;<\/p>\n\n\n\n<p><strong>CAMPO MAIOR<\/strong><\/p>\n\n\n\n<p><strong>\u2022&nbsp;<\/strong><strong>HOSP. REG. DE CAMPO MAIOR<\/strong><br>Av. do Contorno, S\/N- Bairro: S\u00e3o Lu\u00eds<br>(86) 2222-0439<br><strong>Diretora:&nbsp;<\/strong>Vin\u00edcius Pereira de Barros Cobra<\/p>\n\n\n\n<p><strong>FLORIANO<\/strong><\/p>\n\n\n\n<p>\u2022\u00a0<strong>HOSP. REGIONAL TIB\u00c9RIO NUNES<\/strong><br>Rua Antonino Freire, s\/n &#8211; Bairro Manguinha<br>(86) 3522-2020<br><strong>Diretor:<\/strong>\u00a0M\u00e1rcio Paulo Duarte<\/p>\n\n\n\n<p><strong>OEIRAS<\/strong><\/p>\n\n\n\n<p><strong>\u2022&nbsp;<\/strong><strong>HOSP. REGIONAL DEOLINDO COUTO<\/strong><br>Av. Rui Barbosa,586 \u2013 Bairro Centro<br><strong>Diretor:<\/strong>&nbsp;Tays Emanuelly Leal Mendes<\/p>\n\n\n\n<p><strong>PARNA\u00cdBA<\/strong><\/p>\n\n\n\n<p><strong>\u2022 HOSP. COL\u00d4NIA DO CARPINA<\/strong><br>Rua Dr. Mariano Lucas de Sousa, 508 &#8211; Frei Higino<br><strong>Diretor:<\/strong>&nbsp;Marisa Corr\u00eaa<\/p>\n\n\n\n<p><strong>PICOS<\/strong><\/p>\n\n\n\n<p><strong>\u2022&nbsp;HOSP. REG. JUSTINO LUZ<\/strong><br>Pra\u00e7a Antenor Neiva, 184 \u2013 Bairro Bomba<br><strong>Diretora:<\/strong>&nbsp;Ana Ligia Passos<\/p>\n\n\n\n<p><strong>\u2022&nbsp;NOVO HOSPITAL REGIONAL DE PICOS<\/strong><br>Rua Senador Helv\u00eddio Nunes, sn, Paraibinha<br><strong>Dire\u00e7\u00e3o:&nbsp;<\/strong>Maycon de Sousa do Nascimento&nbsp;(Gerente Administrativo)\/&nbsp;Ang\u00e9lica Carneiro Sousa luz&nbsp;(Gerente Assistencial)<\/p>\n\n\n\n<p><strong>PIRIPIRI<\/strong><\/p>\n\n\n\n<p><strong>\u2022&nbsp;<\/strong><strong>HOSP. REG. CHAGAS RODRIGUES<\/strong><br>Av. Dr. P\u00e1dua Mendes, 300 \u2013 Bairro Centro<br>(86) 3276-3362\/1325<br><strong>Diretor:<\/strong>&nbsp;Mayanna Flavya de Freitas C. Pereira<\/p>\n\n\n\n<p><strong>S\u00c3O RAIMUNDO NONATO<\/strong><\/p>\n\n\n\n<p><strong>\u2022\u00a0HOSP. REG. SEN. J. CANDIDO FERRAZ<\/strong><br>Rua Cap. Newton Rub\u00e9ns, 1351<br>(89) 3582-1413<br><strong>Diretora:<\/strong>\u00a0Paulo Afonso de Oliveira Ribeiro<\/p>\n\n\n\n<p><strong>URU\u00c7UI<\/strong><\/p>\n\n\n\n<p><strong>\u2022&nbsp;<\/strong><strong>HOSP. REG. SENADOR DIRCEU ARCOVERDE<\/strong><br>Av. Jos\u00e9 Cavalcante, S\/N<br><strong>Diretor:<\/strong>&nbsp;S\u00e9rgio Rom\u00e9rio Silva Leal<\/p>\n\n\n\n<p><strong>VALEN\u00c7A<\/strong><\/p>\n\n\n\n<p><strong>\u2022&nbsp;<\/strong><strong>HOSP. REG. EUST\u00c1QUIO PORTELA<\/strong><br>Av. Santos Dumont, S\/N, CEP: 64760-000<br><strong>Diretora:&nbsp;<\/strong>Zeigler Zingles Faustino Sousa<\/p>\n","protected":false},"excerpt":{"rendered":"<p>BARRAS \u2022&nbsp;HOSP. REGIONAL LE\u00d4NIDAS MELOPra\u00e7a Monsenhor Boson, 210, bairro Centro(86) 3242-1336Diretora:&nbsp;Celene Maria Moraes Fontenele BOM JESUS \u2022&nbsp;HOSP. REG. MANOEL DE SOUSA SANTOSAv. Dr. Raimundo Santos, 546 &#8211; Bairro CentroDiretora:&nbsp;Kamila Coelho [&hellip;]<\/p>\n","protected":false},"author":1798,"featured_media":0,"parent":0,"menu_order":0,"comment_status":"closed","ping_status":"closed","template":"template-fullwidth.php","meta":[],"featured_image_urls":{"full":"","thumbnail":"","medium":"","medium_large":"","large":"","sgg-420":"","sgg-540":"","sgg-780":"","1536x1536":"","2048x2048":"","homepage-slider":"","homepage-slider-small":"","page-top":"","page-small":"","loop-main":"","thumb-gallery-widget":""},"post_excerpt_stackable":"<p>BARRAS \u2022&nbsp;HOSP. REGIONAL LE\u00d4NIDAS MELOPra\u00e7a Monsenhor Boson, 210, bairro Centro(86) 3242-1336Diretora:&nbsp;Celene Maria Moraes Fontenele BOM JESUS \u2022&nbsp;HOSP. REG. MANOEL DE SOUSA SANTOSAv. Dr. Raimundo Santos, 546 &#8211; Bairro CentroDiretora:&nbsp;Kamila Coelho de Sousa&nbsp; CAMPO MAIOR \u2022&nbsp;HOSP. REG. DE CAMPO MAIORAv. do Contorno, S\/N- Bairro: S\u00e3o Lu\u00eds(86) 2222-0439Diretora:&nbsp;Vin\u00edcius Pereira de Barros Cobra FLORIANO \u2022\u00a0HOSP. REGIONAL TIB\u00c9RIO NUNESRua Antonino Freire, s\/n &#8211; Bairro Manguinha(86) 3522-2020Diretor:\u00a0M\u00e1rcio Paulo Duarte OEIRAS \u2022&nbsp;HOSP. REGIONAL DEOLINDO COUTOAv. Rui Barbosa,586 \u2013 Bairro CentroDiretor:&nbsp;Tays Emanuelly Leal Mendes PARNA\u00cdBA \u2022 HOSP. COL\u00d4NIA DO CARPINARua Dr. Mariano Lucas de Sousa, 508 &#8211; Frei HiginoDiretor:&nbsp;Marisa Corr\u00eaa PICOS \u2022&nbsp;HOSP. REG. JUSTINO LUZPra\u00e7a Antenor Neiva,&hellip;<\/p>\n","category_list":"","author_info":{"name":"yancarvalho","url":"https:\/\/portal.pi.gov.br\/sesapi\/author\/yancarvalho\/"},"comments_num":"0 coment\u00e1rio","featured_image_urls_v2":{"full":"","thumbnail":"","medium":"","medium_large":"","large":"","sgg-420":"","sgg-540":"","sgg-780":"","1536x1536":"","2048x2048":"","homepage-slider":"","homepage-slider-small":"","page-top":"","page-small":"","loop-main":"","thumb-gallery-widget":""},"post_excerpt_stackable_v2":"<p>BARRAS \u2022&nbsp;HOSP. REGIONAL LE\u00d4NIDAS MELOPra\u00e7a Monsenhor Boson, 210, bairro Centro(86) 3242-1336Diretora:&nbsp;Celene Maria Moraes Fontenele BOM JESUS \u2022&nbsp;HOSP. REG. MANOEL DE SOUSA SANTOSAv. Dr. Raimundo Santos, 546 &#8211; Bairro CentroDiretora:&nbsp;Kamila Coelho de Sousa&nbsp; CAMPO MAIOR \u2022&nbsp;HOSP. REG. DE CAMPO MAIORAv. do Contorno, S\/N- Bairro: S\u00e3o Lu\u00eds(86) 2222-0439Diretora:&nbsp;Vin\u00edcius Pereira de Barros Cobra FLORIANO \u2022\u00a0HOSP. REGIONAL TIB\u00c9RIO NUNESRua Antonino Freire, s\/n &#8211; Bairro Manguinha(86) 3522-2020Diretor:\u00a0M\u00e1rcio Paulo Duarte OEIRAS \u2022&nbsp;HOSP. REGIONAL DEOLINDO COUTOAv. Rui Barbosa,586 \u2013 Bairro CentroDiretor:&nbsp;Tays Emanuelly Leal Mendes PARNA\u00cdBA \u2022 HOSP. COL\u00d4NIA DO CARPINARua Dr. Mariano Lucas de Sousa, 508 &#8211; Frei HiginoDiretor:&nbsp;Marisa Corr\u00eaa PICOS \u2022&nbsp;HOSP. REG. JUSTINO LUZPra\u00e7a Antenor Neiva,&hellip;<\/p>\n","category_list_v2":"","author_info_v2":{"name":"yancarvalho","url":"https:\/\/portal.pi.gov.br\/sesapi\/author\/yancarvalho\/"},"comments_num_v2":"0 coment\u00e1rio","_links":{"self":[{"href":"https:\/\/portal.pi.gov.br\/sesapi\/wp-json\/wp\/v2\/pages\/1011"}],"collection":[{"href":"https:\/\/portal.pi.gov.br\/sesapi\/wp-json\/wp\/v2\/pages"}],"about":[{"href":"https:\/\/portal.pi.gov.br\/sesapi\/wp-json\/wp\/v2\/types\/page"}],"author":[{"embeddable":true,"href":"https:\/\/portal.pi.gov.br\/sesapi\/wp-json\/wp\/v2\/users\/1798"}],"replies":[{"embeddable":true,"href":"https:\/\/portal.pi.gov.br\/sesapi\/wp-json\/wp\/v2\/comments?post=1011"}],"version-history":[{"count":6,"href":"https:\/\/portal.pi.gov.br\/sesapi\/wp-json\/wp\/v2\/pages\/1011\/revisions"}],"predecessor-version":[{"id":5555,"href":"https:\/\/portal.pi.gov.br\/sesapi\/wp-json\/wp\/v2\/pages\/1011\/revisions\/5555"}],"wp:attachment":[{"href":"https:\/\/portal.pi.gov.br\/sesapi\/wp-json\/wp\/v2\/media?parent=1011"}],"curies":[{"name":"wp","href":"https:\/\/api.w.org\/{rel}","templated":true}]}}