{"id":1013,"date":"2024-10-09T10:44:45","date_gmt":"2024-10-09T13:44:45","guid":{"rendered":"https:\/\/portal.pi.gov.br\/sesapi\/?page_id=1013"},"modified":"2024-12-16T09:43:08","modified_gmt":"2024-12-16T12:43:08","slug":"hospital-getulio-vargas","status":"publish","type":"page","link":"https:\/\/portal.pi.gov.br\/sesapi\/hospital-getulio-vargas\/","title":{"rendered":"Hospital Get\u00falio Vargas"},"content":{"rendered":"<div class=\"wp-block-image\">\n<figure class=\"aligncenter size-full\"><img decoding=\"async\" loading=\"lazy\" width=\"800\" height=\"600\" src=\"https:\/\/portal.pi.gov.br\/sesapi\/wp-content\/uploads\/sites\/101\/2024\/12\/HGV.jpeg\" alt=\"\" class=\"wp-image-1652\" srcset=\"https:\/\/portal.pi.gov.br\/sesapi\/wp-content\/uploads\/sites\/101\/2024\/12\/HGV.jpeg 800w, https:\/\/portal.pi.gov.br\/sesapi\/wp-content\/uploads\/sites\/101\/2024\/12\/HGV-300x225.jpeg 300w, https:\/\/portal.pi.gov.br\/sesapi\/wp-content\/uploads\/sites\/101\/2024\/12\/HGV-768x576.jpeg 768w, https:\/\/portal.pi.gov.br\/sesapi\/wp-content\/uploads\/sites\/101\/2024\/12\/HGV-420x315.jpeg 420w, https:\/\/portal.pi.gov.br\/sesapi\/wp-content\/uploads\/sites\/101\/2024\/12\/HGV-540x405.jpeg 540w, https:\/\/portal.pi.gov.br\/sesapi\/wp-content\/uploads\/sites\/101\/2024\/12\/HGV-780x585.jpeg 780w, https:\/\/portal.pi.gov.br\/sesapi\/wp-content\/uploads\/sites\/101\/2024\/12\/HGV-624x468.jpeg 624w\" sizes=\"(max-width: 800px) 100vw, 800px\" \/><\/figure><\/div>\n\n\n<p>O Hospital Get\u00falio Vargas (HGV), \u00e9 um hospital geral, de base e de ensino, pesquisa e extens\u00e3o, com resid\u00eancia m\u00e9dica regulamentada, subordinado diretamente \u00e0 Secretaria Estadual da Sa\u00fade (SESAPI), integrante do patrim\u00f4nio e da estrutura do Estado do Piau\u00ed. Foi inaugurado no dia 03 de maio de 1941 e aos 71 anos \u00e9 um dos maiores e mais bem equipados hospitais da regi\u00f5es Norte e Nordeste.<\/p>\n\n\n\n<p>O HGV \u00e9 refer\u00eancia na rede do Sistema \u00danico de Sa\u00fade \u2013 SUS, onde todos os servi\u00e7os s\u00e3o gratuitos em n\u00edvel de m\u00e9dia e alta complexidade, isto \u00e9, atende casos complexos que n\u00e3o s\u00e3o resolvidos em hospitais de bairros e do interior do Estado.<\/p>\n\n\n\n<p>Possui 382 leitos ativos, duas Unidades de Terapia Intensiva e 15 cl\u00ednicas: Demartol\u00f3gica, Pneumol\u00f3gica, Oftalmol\u00f3gica, Ginecol\u00f3gica, Ortop\u00e9dica\/Traumatologia, Urol\u00f3gica, Cir\u00fargica, Cir\u00fargica II.Nefrol\u00f3gica, Neurol\u00f3gica, M\u00e9dica, Cardiol\u00f3gica, Fisioterapia e Otorrinolaringologia.<\/p>\n\n\n\n<p>Conta com programas de resid\u00eancia m\u00e9dica em Cl\u00ednica M\u00e9dica, Cirurgia Geral, Oftalmologia, Ginecologia, Ortopedia, Gastroenterologia, Mastologia, Medicina Intensiva, Reumatologia e Nefrologia. \u00c9 refer\u00eancia de atendimento para os estados do nordeste setentrional (Piau\u00ed, Cear\u00e1, Tocantins, Par\u00e1, Maranh\u00e3o, dentre outros), representando esta demanda cerca de 26,80% do seu atendimento de interna\u00e7\u00e3o.<\/p>\n\n\n\n<p>O Hospital Possui os servi\u00e7os de Ambulat\u00f3rio e Interna\u00e7\u00f5es nas cl\u00ednicas: M\u00e9dica, Cir\u00fargica, Ortop\u00e9dica, Ginecol\u00f3gica, Neurol\u00f3gica, Nefrol\u00f3gica e Hemodi\u00e1lise, Otorrinolaringol\u00f3gica, Pneumol\u00f3gica, Dermatol\u00f3gica, Urol\u00f3gica, Oftalmol\u00f3gica. Al\u00e9m de contar com 02 Unidades de Tratamento Intensivo (UTI\u00b4s). disp\u00f5e ainda de servi\u00e7os de diagn\u00f3stico e tratamento como Laborat\u00f3rio de An\u00e1lises Cl\u00ednicas, Anatomia Patol\u00f3gica e Diagn\u00f3stico e Tratamento por Imagem.<\/p>\n\n\n\n<p>O quadro de pessoal \u00e9 composto por 2.107 funcion\u00e1rios, dentre os quais 260 m\u00e9dicos, 147 enfermeiros, 38 fisioterapeutas, 33 dentistas, 24 farmac\u00eauticos, 22 nutricionistas, 22 assistentes sociais, 03 fonoaudi\u00f3logos, 03 bioqu\u00edmicos, 02 economistas, 02 engenheiros, 02 psic\u00f3logos, al\u00e9m dos t\u00e9cnicos, pessoal administrativo e de servi\u00e7os gerais.<\/p>\n\n\n\n<p>Veja mais informa\u00e7\u00f5es no site do HGV: <a href=\"http:\/\/www.hgv.pi.gov.br\">http:\/\/www.hgv.pi.gov.br<\/a><\/p>\n","protected":false},"excerpt":{"rendered":"<p>O Hospital Get\u00falio Vargas (HGV), \u00e9 um hospital geral, de base e de ensino, pesquisa e extens\u00e3o, com resid\u00eancia m\u00e9dica regulamentada, subordinado diretamente \u00e0 Secretaria Estadual da Sa\u00fade (SESAPI), integrante [&hellip;]<\/p>\n","protected":false},"author":1798,"featured_media":0,"parent":0,"menu_order":0,"comment_status":"closed","ping_status":"closed","template":"template-fullwidth.php","meta":[],"featured_image_urls":{"full":"","thumbnail":"","medium":"","medium_large":"","large":"","sgg-420":"","sgg-540":"","sgg-780":"","1536x1536":"","2048x2048":"","homepage-slider":"","homepage-slider-small":"","page-top":"","page-small":"","loop-main":"","thumb-gallery-widget":""},"post_excerpt_stackable":"<p>O Hospital Get\u00falio Vargas (HGV), \u00e9 um hospital geral, de base e de ensino, pesquisa e extens\u00e3o, com resid\u00eancia m\u00e9dica regulamentada, subordinado diretamente \u00e0 Secretaria Estadual da Sa\u00fade (SESAPI), integrante do patrim\u00f4nio e da estrutura do Estado do Piau\u00ed. Foi inaugurado no dia 03 de maio de 1941 e aos 71 anos \u00e9 um dos maiores e mais bem equipados hospitais da regi\u00f5es Norte e Nordeste. O HGV \u00e9 refer\u00eancia na rede do Sistema \u00danico de Sa\u00fade \u2013 SUS, onde todos os servi\u00e7os s\u00e3o gratuitos em n\u00edvel de m\u00e9dia e alta complexidade, isto \u00e9, atende casos complexos que n\u00e3o s\u00e3o&hellip;<\/p>\n","category_list":"","author_info":{"name":"yancarvalho","url":"https:\/\/portal.pi.gov.br\/sesapi\/author\/yancarvalho\/"},"comments_num":"0 coment\u00e1rio","featured_image_urls_v2":{"full":"","thumbnail":"","medium":"","medium_large":"","large":"","sgg-420":"","sgg-540":"","sgg-780":"","1536x1536":"","2048x2048":"","homepage-slider":"","homepage-slider-small":"","page-top":"","page-small":"","loop-main":"","thumb-gallery-widget":""},"post_excerpt_stackable_v2":"<p>O Hospital Get\u00falio Vargas (HGV), \u00e9 um hospital geral, de base e de ensino, pesquisa e extens\u00e3o, com resid\u00eancia m\u00e9dica regulamentada, subordinado diretamente \u00e0 Secretaria Estadual da Sa\u00fade (SESAPI), integrante do patrim\u00f4nio e da estrutura do Estado do Piau\u00ed. Foi inaugurado no dia 03 de maio de 1941 e aos 71 anos \u00e9 um dos maiores e mais bem equipados hospitais da regi\u00f5es Norte e Nordeste. O HGV \u00e9 refer\u00eancia na rede do Sistema \u00danico de Sa\u00fade \u2013 SUS, onde todos os servi\u00e7os s\u00e3o gratuitos em n\u00edvel de m\u00e9dia e alta complexidade, isto \u00e9, atende casos complexos que n\u00e3o s\u00e3o&hellip;<\/p>\n","category_list_v2":"","author_info_v2":{"name":"yancarvalho","url":"https:\/\/portal.pi.gov.br\/sesapi\/author\/yancarvalho\/"},"comments_num_v2":"0 coment\u00e1rio","_links":{"self":[{"href":"https:\/\/portal.pi.gov.br\/sesapi\/wp-json\/wp\/v2\/pages\/1013"}],"collection":[{"href":"https:\/\/portal.pi.gov.br\/sesapi\/wp-json\/wp\/v2\/pages"}],"about":[{"href":"https:\/\/portal.pi.gov.br\/sesapi\/wp-json\/wp\/v2\/types\/page"}],"author":[{"embeddable":true,"href":"https:\/\/portal.pi.gov.br\/sesapi\/wp-json\/wp\/v2\/users\/1798"}],"replies":[{"embeddable":true,"href":"https:\/\/portal.pi.gov.br\/sesapi\/wp-json\/wp\/v2\/comments?post=1013"}],"version-history":[{"count":3,"href":"https:\/\/portal.pi.gov.br\/sesapi\/wp-json\/wp\/v2\/pages\/1013\/revisions"}],"predecessor-version":[{"id":1653,"href":"https:\/\/portal.pi.gov.br\/sesapi\/wp-json\/wp\/v2\/pages\/1013\/revisions\/1653"}],"wp:attachment":[{"href":"https:\/\/portal.pi.gov.br\/sesapi\/wp-json\/wp\/v2\/media?parent=1013"}],"curies":[{"name":"wp","href":"https:\/\/api.w.org\/{rel}","templated":true}]}}