{"id":1019,"date":"2024-10-09T10:45:37","date_gmt":"2024-10-09T13:45:37","guid":{"rendered":"https:\/\/portal.pi.gov.br\/sesapi\/?page_id=1019"},"modified":"2024-12-16T09:29:05","modified_gmt":"2024-12-16T12:29:05","slug":"maternidade-evangelina-rosa","status":"publish","type":"page","link":"https:\/\/portal.pi.gov.br\/sesapi\/maternidade-evangelina-rosa\/","title":{"rendered":"Maternidade Evangelina Rosa"},"content":{"rendered":"\n<p><strong>HIST\u00d3RICO<\/strong><\/p>\n\n\n<div class=\"wp-block-image\">\n<figure class=\"alignleft size-full\"><img decoding=\"async\" loading=\"lazy\" width=\"300\" height=\"225\" src=\"https:\/\/portal.pi.gov.br\/sesapi\/wp-content\/uploads\/sites\/101\/2024\/12\/evangelina.jpg\" alt=\"\" class=\"wp-image-1633\" \/><\/figure><\/div>\n\n\n<p>A Maternidade Dona Evangelina Rosa localizada na regi\u00e3o sul da cidade de Teresina-Pi foi inaugurada pelo governador e m\u00e9dico, Dr. Dirceu Mendes Arcoverde, em 15 de julho de 1976 juntamente com Dr. Jurandir Mendes Soares, Secret\u00e1rio de Sa\u00fade do Estado e Dr. Carlos Burlamaqui da Silva na Secret\u00e1rip de Obras. Sua estrutura f\u00edsica pr\u00e9-moldada bem como todos os equipamentos e materiais necess\u00e1rios para seu funcionamento foram adquiridos na Inglaterra.\u00a0<\/p>\n\n\n\n<p>Na \u00e9poca de sua inaugura\u00e7\u00e3o era a \u00fanica maternidade p\u00fablica da cidade de Teresina, capital do Estado do Piau\u00ed, localizado na regi\u00e3o do nordeste brasileiro. Nos seus vinte e sete anos de exist\u00eancia tem passado por reformas ambientais e estruturais. Sua capacidade de leitos quando foi inaugurada era de 240 leitos obst\u00e9tricos e ao longo dos anos foram acrescidos oito leitos perfazendo um total de 248 leitos obst\u00e9tricos. Al\u00e9m destes, ainda conta com 167 leitos neonatais. \u00c9 a maior maternidade do estado e respons\u00e1vel por 63% dos nascimentos ocorridos na cidade de Teresina. Apresenta em m\u00e9dia 1200 interna\u00e7\u00f5es por m\u00eas das quais 900 s\u00e3o partos.&nbsp;<\/p>\n\n\n\n<p>A MDER \u00e9 campo de est\u00e1gio dos cursos de gradua\u00e7\u00e3o e p\u00f3s-gradua\u00e7\u00e3o das universidades Universidade Federal do Piau\u00ed (UFPI) e Universidade Estadual do Piau\u00ed (UESPI) dos cursos: medicina, enfermagem, nutri\u00e7\u00e3o, assistente social, odontologia, fisioterapia e de enfermagem da NOVAFAPI. E p\u00f3s-gradua\u00e7\u00e3o com os Programas de Resid\u00eancia M\u00e9dica em Obstetr\u00edcia\/ Ginecologia e de Pediatria (\u00e1rea de concentra\u00e7\u00e3o, neonatologia) da UFPI, credenciados pela Comiss\u00e3o Nacional de Resid\u00eancia M\u00e9dica.<\/p>\n\n\n\n<p>Como a assist\u00eancia pr\u00e9-natal era realizada em um espa\u00e7o f\u00edsico pequeno e n\u00e3o atendia aos anseios dos profissionais da institui\u00e7\u00e3o e \u00e0s necessidades da comunidade surgiu a id\u00e9ia de um grupo de professores da UFP da busca de um ambiente que fosse poss\u00edvel atender \u00e0 popula\u00e7\u00e3o de mulheres em idade f\u00e9rtil e seus filhos at\u00e9 cinco anos por equipe multiprofissional e com especial aten\u00e7\u00e3o para a adolescente gr\u00e1vida e gestante de alto risco. Esta equipe ainda teria que desenvolver programas, cursos e palestra tais como planejamento familiar, auto-exame das mamas, gravidez na adolesc\u00eancia, incentivo ao aleitamento materno.<\/p>\n\n\n\n<p>Com a implanta\u00e7\u00e3o da Gest\u00e3o Plena Municipal no Sistema \u00danico de Sa\u00fade a MDER passou a ser refer\u00eancia na rede municipal \u00e0 assist\u00eancia a gestante de alto risco, mantendo a referencia estadual.<\/p>\n\n\n\n<p>O UNICEF concedeu o T\u00edtulo de Hospital AMIGO DA CRIAN\u00c7A tendo em vista a dedica\u00e7\u00e3o e empenho dos recursos humanos da institui\u00e7\u00e3o no incentivo ao aleitamento materno.&nbsp;<\/p>\n\n\n\n<p>Seu primeiro Diretor Dr. Ursulino de Sousa Martins seguido em ordem cronol\u00f3gica pelos Drs.: Antonio Sobrinho Rufino, Carlos Henrique Nogueira, Luiz Rodrigues de Sousa Martins Neto, Stanley Brand\u00e3o de Oliveira, Josu\u00e9 Ribeiro Gon\u00e7alves Nascimento, Luiz Rodrigues de Sousa Martins Neto (pela segunda vez), Gerson Antonio de Ara\u00fajo Mour\u00e3o, Joaquim Vaz Parente, Onesima Maria Teixeira Moreira Nascimento.<\/p>\n\n\n\n<p><strong>Nova Maternidade Dona Evangelina Rosa<\/strong><\/p>\n\n\n\n<p>Em 2023 foi inaugurada a Nova Maternidade Dona Evangelina Rosa, um marco na sa\u00fade p\u00fablica do Piau\u00ed. Considerada a maior maternidade p\u00fablica do pa\u00eds, a NMDER disp\u00f5e de 293 leitos da maternidade, sendo que 174 s\u00e3o de enfermaria; 30 de UTI Neonatal; 30 de UTI Neo Intermedi\u00e1ria (UCINCO); 15 leitos UCINCA \u2013 Canguru; 20 leitos UTI Adulta; 6 leitos de Observa\u00e7\u00e3o Pronto Atendimento e 12 leitos de quarto PPP (pr\u00e9-parto, parto e puerp\u00e9rio).<\/p>\n\n\n\n<p>A maternidade conta ainda com 6 salas de Centro Cir\u00fargico, e 3 salas do Centro de Parto Normal (CPN), que come\u00e7am a funcionar no m\u00eas de novembro de 2023.<\/p>\n\n\n\n<p>A nova Maternidade Dona Evangelina Rosa conta com mais de 20 especialidades m\u00e9dicas, para garantir a melhor assist\u00eancia a gestantes e rec\u00e9m-nascidos de alto risco do Piau\u00ed. As pacientes que forem reguladas para a unidade ter\u00e3o acesso aos servi\u00e7os de obstetr\u00edcia, pediatria, neonatologia, gastropediatria, neuropediatria, neurologia, neurocirurgia, cardiologia, psiquiatria, endocrinologia, hematologia, cirurgia geral, cirurgia pedi\u00e1trica, terapia intensiva, oftalmologia, anestesiologia, citologia, gen\u00e9tica, ginecologia, radiologia e ultrassonografia.<\/p>\n\n\n<div class=\"wp-block-image\">\n<figure class=\"aligncenter size-full\"><img decoding=\"async\" loading=\"lazy\" width=\"750\" height=\"563\" src=\"https:\/\/portal.pi.gov.br\/sesapi\/wp-content\/uploads\/sites\/101\/2024\/12\/nmder.jpeg\" alt=\"\" class=\"wp-image-1640\" srcset=\"https:\/\/portal.pi.gov.br\/sesapi\/wp-content\/uploads\/sites\/101\/2024\/12\/nmder.jpeg 750w, https:\/\/portal.pi.gov.br\/sesapi\/wp-content\/uploads\/sites\/101\/2024\/12\/nmder-300x225.jpeg 300w, https:\/\/portal.pi.gov.br\/sesapi\/wp-content\/uploads\/sites\/101\/2024\/12\/nmder-420x315.jpeg 420w, https:\/\/portal.pi.gov.br\/sesapi\/wp-content\/uploads\/sites\/101\/2024\/12\/nmder-540x405.jpeg 540w, https:\/\/portal.pi.gov.br\/sesapi\/wp-content\/uploads\/sites\/101\/2024\/12\/nmder-624x468.jpeg 624w\" sizes=\"(max-width: 750px) 100vw, 750px\" \/><\/figure><\/div>\n\n\n<p><\/p>\n\n\n\n<p>A unidade tamb\u00e9m oferta assist\u00eancia nas \u00e1reas de enfermagem obst\u00e9trica e neonatal, psicologia, fisioterapia, nutri\u00e7\u00e3o, servi\u00e7o social, terapia ocupacional, fonoaudiologia, biomedicina, farm\u00e1cia, engenharia cl\u00ednica e odontologia.<\/p>\n\n\n\n<p>A Nova Maternidade Dona Evangelina Rosa \u00e9 refer\u00eancia em atendimento a gestantes e beb\u00eas de 0 a 2 anos de alto risco, atrav\u00e9s da oferta de servi\u00e7os de sa\u00fade especializados de qualidade e totalmente custeados pelo Sistema \u00danico de Sa\u00fade (SUS).<\/p>\n\n\n\n<p>Com uma infraestrutura de excel\u00eancia, equipamentos de \u00faltima gera\u00e7\u00e3o e um atendimento humanizado, a unidade de sa\u00fade est\u00e1 preparada para receber casos de alta complexidade, desempenhando um papel fundamental na promo\u00e7\u00e3o da sa\u00fade materno-infantil no estado do Piau\u00ed. A Nova Maternidade \u00e9 administrada pela Associa\u00e7\u00e3o Reabilitar em parceria com o Governo do Estado, por meio da Secretaria de Estado da Sa\u00fade (Sesapi).<\/p>\n\n\n\n<p>De segunda-feira a sexta-feira, das 7h \u00e0s 19h, a unidade oferece assist\u00eancia ambulatorial para m\u00e3es e beb\u00eas de 0 a 2 anos. Os atendimentos s\u00e3o realizados por uma equipe multiprofissional, formada por profissionais da medicina, enfermagem, servi\u00e7o social, psicologia, servi\u00e7o social, fonoaudiologia, fisioterapia, t\u00e9cnico de enfermagem e terapia ocupacional.<\/p>\n\n\n\n<p>Exames como ultrassonografias, cardiotocografia e eletrocardiograma s\u00e3o oferecidos na unidade de sa\u00fade, al\u00e9m de consultas com as seguintes especialidades: cardiologia, endocrinologia, psiquiatria, hematologia, neurologia, neuropediatria, neurocirurgia pedi\u00e1trica, pneumopediatria, cardiopediatria e gastropediatria.<\/p>\n\n\n\n<p>A Nova Maternidade tamb\u00e9m oferece servi\u00e7os hospitalares, incluindo atendimento de urg\u00eancia e emerg\u00eancia obst\u00e9trica e neonatal de alto risco 24 horas por dia. Al\u00e9m disso, conta com o Banco de Leite Humano, Casa da Gestante, Cart\u00f3rio de Registro Civil e uma sala dedicada ao Servi\u00e7o de Atendimento \u00e0s Mulheres V\u00edtimas de Viol\u00eancia Sexual (SAMVVIS).<\/p>\n\n\n\n<p>Para ter acesso aos servi\u00e7os da Nova Maternidade Dona Evangelina Rosa, \u00e9 necess\u00e1rio que o(a) paciente seja referenciado(a) por meio Sistema Estadual de Regula\u00e7\u00e3o, o Hydra.<\/p>\n\n\n\n<p><strong>Nova Maternidade Dona Evangelina Rosa (NMDER)<br>Endere\u00e7o: Avenida Presidente Kennedy, n\u00ba 1160, bairro Morada do Sol, Teresina (PI)<br>Telefone: (86) 3142-0574<br>E-mail: nmder@reabilitar.org.br<\/strong><\/p>\n","protected":false},"excerpt":{"rendered":"<p>HIST\u00d3RICO A Maternidade Dona Evangelina Rosa localizada na regi\u00e3o sul da cidade de Teresina-Pi foi inaugurada pelo governador e m\u00e9dico, Dr. Dirceu Mendes Arcoverde, em 15 de julho de 1976 [&hellip;]<\/p>\n","protected":false},"author":1798,"featured_media":0,"parent":0,"menu_order":0,"comment_status":"closed","ping_status":"closed","template":"template-fullwidth.php","meta":[],"featured_image_urls":{"full":"","thumbnail":"","medium":"","medium_large":"","large":"","sgg-420":"","sgg-540":"","sgg-780":"","1536x1536":"","2048x2048":"","homepage-slider":"","homepage-slider-small":"","page-top":"","page-small":"","loop-main":"","thumb-gallery-widget":""},"post_excerpt_stackable":"<p>HIST\u00d3RICO A Maternidade Dona Evangelina Rosa localizada na regi\u00e3o sul da cidade de Teresina-Pi foi inaugurada pelo governador e m\u00e9dico, Dr. Dirceu Mendes Arcoverde, em 15 de julho de 1976 juntamente com Dr. Jurandir Mendes Soares, Secret\u00e1rio de Sa\u00fade do Estado e Dr. Carlos Burlamaqui da Silva na Secret\u00e1rip de Obras. Sua estrutura f\u00edsica pr\u00e9-moldada bem como todos os equipamentos e materiais necess\u00e1rios para seu funcionamento foram adquiridos na Inglaterra.\u00a0 Na \u00e9poca de sua inaugura\u00e7\u00e3o era a \u00fanica maternidade p\u00fablica da cidade de Teresina, capital do Estado do Piau\u00ed, localizado na regi\u00e3o do nordeste brasileiro. Nos seus vinte e sete&hellip;<\/p>\n","category_list":"","author_info":{"name":"yancarvalho","url":"https:\/\/portal.pi.gov.br\/sesapi\/author\/yancarvalho\/"},"comments_num":"0 coment\u00e1rio","featured_image_urls_v2":{"full":"","thumbnail":"","medium":"","medium_large":"","large":"","sgg-420":"","sgg-540":"","sgg-780":"","1536x1536":"","2048x2048":"","homepage-slider":"","homepage-slider-small":"","page-top":"","page-small":"","loop-main":"","thumb-gallery-widget":""},"post_excerpt_stackable_v2":"<p>HIST\u00d3RICO A Maternidade Dona Evangelina Rosa localizada na regi\u00e3o sul da cidade de Teresina-Pi foi inaugurada pelo governador e m\u00e9dico, Dr. Dirceu Mendes Arcoverde, em 15 de julho de 1976 juntamente com Dr. Jurandir Mendes Soares, Secret\u00e1rio de Sa\u00fade do Estado e Dr. Carlos Burlamaqui da Silva na Secret\u00e1rip de Obras. Sua estrutura f\u00edsica pr\u00e9-moldada bem como todos os equipamentos e materiais necess\u00e1rios para seu funcionamento foram adquiridos na Inglaterra.\u00a0 Na \u00e9poca de sua inaugura\u00e7\u00e3o era a \u00fanica maternidade p\u00fablica da cidade de Teresina, capital do Estado do Piau\u00ed, localizado na regi\u00e3o do nordeste brasileiro. Nos seus vinte e sete&hellip;<\/p>\n","category_list_v2":"","author_info_v2":{"name":"yancarvalho","url":"https:\/\/portal.pi.gov.br\/sesapi\/author\/yancarvalho\/"},"comments_num_v2":"0 coment\u00e1rio","_links":{"self":[{"href":"https:\/\/portal.pi.gov.br\/sesapi\/wp-json\/wp\/v2\/pages\/1019"}],"collection":[{"href":"https:\/\/portal.pi.gov.br\/sesapi\/wp-json\/wp\/v2\/pages"}],"about":[{"href":"https:\/\/portal.pi.gov.br\/sesapi\/wp-json\/wp\/v2\/types\/page"}],"author":[{"embeddable":true,"href":"https:\/\/portal.pi.gov.br\/sesapi\/wp-json\/wp\/v2\/users\/1798"}],"replies":[{"embeddable":true,"href":"https:\/\/portal.pi.gov.br\/sesapi\/wp-json\/wp\/v2\/comments?post=1019"}],"version-history":[{"count":3,"href":"https:\/\/portal.pi.gov.br\/sesapi\/wp-json\/wp\/v2\/pages\/1019\/revisions"}],"predecessor-version":[{"id":1645,"href":"https:\/\/portal.pi.gov.br\/sesapi\/wp-json\/wp\/v2\/pages\/1019\/revisions\/1645"}],"wp:attachment":[{"href":"https:\/\/portal.pi.gov.br\/sesapi\/wp-json\/wp\/v2\/media?parent=1019"}],"curies":[{"name":"wp","href":"https:\/\/api.w.org\/{rel}","templated":true}]}}