{"id":1025,"date":"2024-10-09T10:46:36","date_gmt":"2024-10-09T13:46:36","guid":{"rendered":"https:\/\/portal.pi.gov.br\/sesapi\/?page_id=1025"},"modified":"2025-11-28T14:07:51","modified_gmt":"2025-11-28T17:07:51","slug":"regionais-de-saude","status":"publish","type":"page","link":"https:\/\/portal.pi.gov.br\/sesapi\/regionais-de-saude\/","title":{"rendered":"Regionais de Sa\u00fade"},"content":{"rendered":"\n<p>A Coordena\u00e7\u00e3o Regional de Sa\u00fade \u2013 CRS &#8211; \u00e9 uma inst\u00e2ncia administrativa, t\u00e9cnica e pol\u00edtica da Secretaria Estadual de Sa\u00fade &#8211; SESAPI- localizada nos Territ\u00f3rios de Desenvolvimento do Piau\u00ed. A a\u00e7\u00e3o estrat\u00e9gica das coordena\u00e7\u00f5es Regionais de Sa\u00fade \u00e9 a de fortalecer a descentraliza\u00e7\u00e3o das a\u00e7\u00f5es da pol\u00edtica estadual de sa\u00fade nos munic\u00edpios da \u00e1rea de abrang\u00eancia do territ\u00f3rio.<\/p>\n\n\n\n<p>O fortalecimento da descentraliza\u00e7\u00e3o se d\u00e1 atrav\u00e9s do apoio t\u00e9cnico aos munic\u00edpios no cumprimento das suas atribui\u00e7\u00f5es e responsabilidades gestoras; do apoio t\u00e9cnico aos munic\u00edpios para ajud\u00e1-los a garantir a integralidade da aten\u00e7\u00e3o \u00e1 sa\u00fade e atrav\u00e9s do apoio t\u00e9cnico \u00e1s secretarias municipais de sa\u00fade na implementa\u00e7\u00e3o de a\u00e7\u00f5es de aten\u00e7\u00e3o integral \u00e1 sa\u00fade no \u00e2mbito da promo\u00e7\u00e3o, preven\u00e7\u00e3o, tratamento e reabilita\u00e7\u00e3o de agravos \u00e0 sa\u00fade.<\/p>\n\n\n\n<p>Atualmente existem 11 regionais de sa\u00fade seguindo o modelo do Plano Diretor de Regionaliza\u00e7\u00e3o do Estado e 05 coordena\u00e7\u00f5es interligadas \u00e1s 11.<\/p>\n\n\n\n<p><strong>PARNAIBA<\/strong><\/p>\n\n\n\n<p><strong>I COORDENA\u00c7\u00c3O REGIONAL DE SA\u00daDE DE PARNAIBA<\/strong><\/p>\n\n\n\n<p>COORDENADOR: MARA RAFAELLE DE SOUZA MENEZES ROCHA<br>E-MAIL: mara.menezes@saude.pi.gov.br<br>(65) 99211-4516<br>RUA MELVIN JONES, 1231, BAIRRO: Boa Esperan\u00e7a<br>CEP: 64215-690<\/p>\n\n\n\n<p><strong>BARRAS<\/strong><\/p>\n\n\n\n<p><strong>I I COORDENA\u00c7\u00c3O REGIONAL DE SA\u00daDE DE BARRAS<\/strong><\/p>\n\n\n\n<p>COORDENADORA: <br>E-MAIL: iigrs.barras@hotmail.com\/<br>(86) 3242-1338<br>RUA ANTENOR DE CASTRO REGO, BAIRRO: MATADOURO, S\/N<br>CEP: 64100-000<\/p>\n\n\n\n<p><strong>PIRIPIRI<\/strong><\/p>\n\n\n\n<p><strong>III COORDENA\u00c7\u00c3O REGIONAL DE SA\u00daDE DE PIRIPIRI<\/strong><br>COORDENADORA: TATIANA MONTEIRO LIMA<br>E-MAIL: crspiripiri@gmail.com<br>(86) 99954-7585<br>AVENIDA DR. PADUA MENDES, 280, BAIRRO: CENTRO<br>CEP: 64260-000<\/p>\n\n\n\n<p><strong>TERESINA<\/strong><\/p>\n\n\n\n<p><strong>IV COORDENA\u00c7\u00c3O REGIONAL DE SA\u00daDE DE TERESINA<\/strong><br>COORDENADOR: \u00c9RICA PATR\u00cdCIA OLIVEIRA<br>E-MAIL:\u00a0\u00a0ivcrs@saude.pi.gov.br<br>(86) 99959-5643<br>RUA FL\u00c1VIO VIANA DA COSTA, 3317, BAIRRO: DIRCEU<br>CEP: 64.075-100<\/p>\n\n\n\n<p><strong>CAMPO MAIOR<\/strong><\/p>\n\n\n\n<p><strong>V COORDENA\u00c7\u00c3O REGIONAL DE SA\u00daDE DE CAMPO MAIOR<\/strong><br>COORDENADOR: EDVALDO DA SILVA LIMA<br>E-MAIL: edivaldolima@saude.pi.gov.br<br>(86) 99905-9362<br>AVENIDA DO CONTORNO, S\/N, BAIRRO: S\u00c3O LUIS<br>CEP: 64.280-000<\/p>\n\n\n\n<p><strong>AMARANTE<\/strong><\/p>\n\n\n\n<p><strong>XI COORDENA\u00c7\u00c3O REGIONAL DE SA\u00daDE DE AMARANTE<\/strong><br>COORDENADORA: <br>E-MAIL: sextagrs@hotmail.com \/<br>(86)3299-1164\/3299-1716<br>AVENIDA ALFR\u00c2NIO FILHO, S\/N, BAIRRO: ESCALVADO<br>CEP: 64.400-000<\/p>\n\n\n\n<p><strong>VALEN\u00c7A<\/strong><\/p>\n\n\n\n<p><strong>VII COORDENA\u00c7\u00c3O REGIONAL DE SA\u00daDE DE VALEN\u00c7A<\/strong><br>COORDENADORA: SHEYLLA MILENE SILVA<br>E-MAIL: crs7valenca@hotmail.com<br>(89) 3465-1183<br>RUA PROFESSOR JO\u00c3O SOARES, S\/N, BAIRRO: CENTRO<br>CEP: 64.300-000<\/p>\n\n\n\n<p><strong>OEIRAS<\/strong><\/p>\n\n\n\n<p><strong>VIII COORDENA\u00c7\u00c3O REGIONAL DE SA\u00daDE DE OEIRAS<\/strong><br>COORDENADORA: ANCHIETA CLEMENTINORAMOS SANTOS NETO<br>E-MAIL: regionaloeiras@gmail.com<br>(89) 3462-1436<br>AVENIDA TOTONIO FREITAS, S\/N, BAIRRO: CENTRO<br>CEP: 64.500-000<\/p>\n\n\n\n<p><strong>PICOS<\/strong><\/p>\n\n\n\n<p><strong>IX COORDENA\u00c7\u00c3O REGIONAL DE SA\u00daDE DE PICOS<\/strong><br>COORDENADORA:\u00a0GENYANA LEAL LIMA<br>E-MAIL:\u00a0crs.picos@gmail.com<br>(89) 99446-3739<br>Avenida Capit\u00e3o Felipe de Ara\u00fajo Rocha, SN, Ipueiras<br>CEP: 64600-000<\/p>\n\n\n\n<p><strong>FLORIANO<\/strong><\/p>\n\n\n\n<p><strong>X COORDENA\u00c7\u00c3O REGIONAL DE SA\u00daDE DE FLORIANO<\/strong><br>COORDENADORA: ANTONIO JOS\u00c9 DE BARROS<br>E-MAIL: 10crs@saude.pi.gov.br\/supervisaoregionalcrs@gmail<br>(89)3522-3343<br>RUA MANOEL PEREIRA, 400, CONJUNTO PEDRO SIMPLICIO<br>CEP: 64.808-067<\/p>\n\n\n\n<p><strong>S\u00c3O JO\u00c3O DO PIAUI<\/strong><\/p>\n\n\n\n<p><strong>XI COORDENA\u00c7\u00c3O REGIONAL DE SA\u00daDE DE S\u00c3O JO\u00c3O DO PIAU\u00cd<\/strong><br>COORDENADORA: <br>E-MAIL: <br>(89) 3483-2657<br>RUA FRANCISCO DAMASCENO, 710 BAIRRO: CENTRO<br>CEP: 64760-000<\/p>\n\n\n\n<p><strong>S\u00c3O RAIMUNDO NONATO<\/strong><\/p>\n\n\n\n<p><strong>XII COORDENA\u00c7\u00c3O REGIONAL DE SA\u00daDE DE S\u00c3O RAIMUNDO NONATO<\/strong><br>COORDENADORA:ODETE SOARES PAES LANDIM RIBEIRO<br>E-MAIL: 12crs@saude.pi.gov.br<br>(89) 98121-4096<br>Pra\u00e7a Capit\u00e3o Newton Rubem, S\/N, Aldeia,<br>CEP: 64.770-00<\/p>\n\n\n\n<p><strong>BOM JESUS<\/strong><\/p>\n\n\n\n<p><strong>XIII COORDENA\u00c7\u00c3O REGIONAL DE SA\u00daDE DE BOM JESUS<\/strong><br>COORDENADORA: ARTHUR MAIA CAMELO<br>E-MAIL: 13crs@saude.pi.gov.br<br>(86) 99510-3685<br>AVENIDA GETULIO VARGAS, 593, BAIRRO: CENTRO<br>CEP: 64.900-00<\/p>\n\n\n\n<p><strong>CORRENTE<\/strong><\/p>\n\n\n\n<p><strong>XIV COORDENA\u00c7\u00c3O REGIONAL DE SA\u00daDE DE CORRENTE<\/strong><br>COORDENADORA:<br>E-MAIL: <br>(89)3573-3060<br>RUA PROFESSOR JOAQUIM DE OLIVEIRA, S\/N BAIRRO: CENTRO<br>CEP: 64980-000<\/p>\n\n\n\n<p><strong>URU\u00c7UI<\/strong><\/p>\n\n\n\n<p><strong>XV COORDENA\u00c7\u00c3O REGIONAL DE SA\u00daDE DE URU\u00c7UI<\/strong><br>COORDENADORA: ADRIANA CAVALCANTE<br>E-MAIL: regionaldesaudexv-pi@hotmail.com<br>(89)3544-1190<br>Rua David Caldas, 222, Centro<\/p>\n\n\n\n<p>CEP: 64860-000<\/p>\n\n\n\n<p><strong>FRONTEIRAS<\/strong><\/p>\n\n\n\n<p><strong>XVI COORDENA\u00c7\u00c3O REGIONAL DE SA\u00daDE DE FRONTEIRAS<\/strong><br>COORDENADOR: <br>E-MAIL: crsfronteiras@hotmail.com\/<br>(89) 3454-110\/1145\/1291<br>AVENIDA MANOEL VALERIO PINTO DE MEIRELES, 200, BAIRRO: CENTRO<br>CEP: 64.690-000<\/p>\n\n\n\n<p><strong>PAULISTANA<\/strong><\/p>\n\n\n\n<p><strong>XVII COORDENA\u00c7\u00c3O REGIONAL DE SA\u00daDE DE PAULISTANA<\/strong><br>COORDENADORA: FRANCISCO JOS\u00c9 DOS REIS<br>E-MAIL: crspaulistana@hotmail.com<br>(89) 99922-9069<\/p>\n\n\n\n<p>RUA PE. JOAQUIM DAMASCENO, 144, BAIRRO: CENTRO<br>CEP: 64.750-000<\/p>\n\n\n\n<p><a href=\"https:\/\/www.saude.pi.gov.br\/ckeditor_assets\/attachments\/193\/Municipios_por_Regionais.doc\">Veja a rela\u00e7\u00e3o de municipios por cada regional e territ\u00f3rio<\/a><\/p>\n","protected":false},"excerpt":{"rendered":"<p>A Coordena\u00e7\u00e3o Regional de Sa\u00fade \u2013 CRS &#8211; \u00e9 uma inst\u00e2ncia administrativa, t\u00e9cnica e pol\u00edtica da Secretaria Estadual de Sa\u00fade &#8211; SESAPI- localizada nos Territ\u00f3rios de Desenvolvimento do Piau\u00ed. A [&hellip;]<\/p>\n","protected":false},"author":1798,"featured_media":0,"parent":0,"menu_order":0,"comment_status":"closed","ping_status":"closed","template":"template-fullwidth.php","meta":[],"featured_image_urls":{"full":"","thumbnail":"","medium":"","medium_large":"","large":"","sgg-420":"","sgg-540":"","sgg-780":"","1536x1536":"","2048x2048":"","homepage-slider":"","homepage-slider-small":"","page-top":"","page-small":"","loop-main":"","thumb-gallery-widget":""},"post_excerpt_stackable":"<p>A Coordena\u00e7\u00e3o Regional de Sa\u00fade \u2013 CRS &#8211; \u00e9 uma inst\u00e2ncia administrativa, t\u00e9cnica e pol\u00edtica da Secretaria Estadual de Sa\u00fade &#8211; SESAPI- localizada nos Territ\u00f3rios de Desenvolvimento do Piau\u00ed. A a\u00e7\u00e3o estrat\u00e9gica das coordena\u00e7\u00f5es Regionais de Sa\u00fade \u00e9 a de fortalecer a descentraliza\u00e7\u00e3o das a\u00e7\u00f5es da pol\u00edtica estadual de sa\u00fade nos munic\u00edpios da \u00e1rea de abrang\u00eancia do territ\u00f3rio. O fortalecimento da descentraliza\u00e7\u00e3o se d\u00e1 atrav\u00e9s do apoio t\u00e9cnico aos munic\u00edpios no cumprimento das suas atribui\u00e7\u00f5es e responsabilidades gestoras; do apoio t\u00e9cnico aos munic\u00edpios para ajud\u00e1-los a garantir a integralidade da aten\u00e7\u00e3o \u00e1 sa\u00fade e atrav\u00e9s do apoio t\u00e9cnico \u00e1s secretarias&hellip;<\/p>\n","category_list":"","author_info":{"name":"yancarvalho","url":"https:\/\/portal.pi.gov.br\/sesapi\/author\/yancarvalho\/"},"comments_num":"0 coment\u00e1rio","featured_image_urls_v2":{"full":"","thumbnail":"","medium":"","medium_large":"","large":"","sgg-420":"","sgg-540":"","sgg-780":"","1536x1536":"","2048x2048":"","homepage-slider":"","homepage-slider-small":"","page-top":"","page-small":"","loop-main":"","thumb-gallery-widget":""},"post_excerpt_stackable_v2":"<p>A Coordena\u00e7\u00e3o Regional de Sa\u00fade \u2013 CRS &#8211; \u00e9 uma inst\u00e2ncia administrativa, t\u00e9cnica e pol\u00edtica da Secretaria Estadual de Sa\u00fade &#8211; SESAPI- localizada nos Territ\u00f3rios de Desenvolvimento do Piau\u00ed. A a\u00e7\u00e3o estrat\u00e9gica das coordena\u00e7\u00f5es Regionais de Sa\u00fade \u00e9 a de fortalecer a descentraliza\u00e7\u00e3o das a\u00e7\u00f5es da pol\u00edtica estadual de sa\u00fade nos munic\u00edpios da \u00e1rea de abrang\u00eancia do territ\u00f3rio. O fortalecimento da descentraliza\u00e7\u00e3o se d\u00e1 atrav\u00e9s do apoio t\u00e9cnico aos munic\u00edpios no cumprimento das suas atribui\u00e7\u00f5es e responsabilidades gestoras; do apoio t\u00e9cnico aos munic\u00edpios para ajud\u00e1-los a garantir a integralidade da aten\u00e7\u00e3o \u00e1 sa\u00fade e atrav\u00e9s do apoio t\u00e9cnico \u00e1s secretarias&hellip;<\/p>\n","category_list_v2":"","author_info_v2":{"name":"yancarvalho","url":"https:\/\/portal.pi.gov.br\/sesapi\/author\/yancarvalho\/"},"comments_num_v2":"0 coment\u00e1rio","_links":{"self":[{"href":"https:\/\/portal.pi.gov.br\/sesapi\/wp-json\/wp\/v2\/pages\/1025"}],"collection":[{"href":"https:\/\/portal.pi.gov.br\/sesapi\/wp-json\/wp\/v2\/pages"}],"about":[{"href":"https:\/\/portal.pi.gov.br\/sesapi\/wp-json\/wp\/v2\/types\/page"}],"author":[{"embeddable":true,"href":"https:\/\/portal.pi.gov.br\/sesapi\/wp-json\/wp\/v2\/users\/1798"}],"replies":[{"embeddable":true,"href":"https:\/\/portal.pi.gov.br\/sesapi\/wp-json\/wp\/v2\/comments?post=1025"}],"version-history":[{"count":11,"href":"https:\/\/portal.pi.gov.br\/sesapi\/wp-json\/wp\/v2\/pages\/1025\/revisions"}],"predecessor-version":[{"id":7852,"href":"https:\/\/portal.pi.gov.br\/sesapi\/wp-json\/wp\/v2\/pages\/1025\/revisions\/7852"}],"wp:attachment":[{"href":"https:\/\/portal.pi.gov.br\/sesapi\/wp-json\/wp\/v2\/media?parent=1025"}],"curies":[{"name":"wp","href":"https:\/\/api.w.org\/{rel}","templated":true}]}}