{"id":2641,"date":"2025-02-20T10:57:31","date_gmt":"2025-02-20T13:57:31","guid":{"rendered":"https:\/\/portal.pi.gov.br\/sesapi\/?page_id=2641"},"modified":"2025-02-20T10:57:32","modified_gmt":"2025-02-20T13:57:32","slug":"banco-de-leite-2","status":"publish","type":"page","link":"https:\/\/portal.pi.gov.br\/sesapi\/banco-de-leite-2\/","title":{"rendered":"Banco de Leite"},"content":{"rendered":"\n<p><strong>Quem pode ser doadora de leite humano?<\/strong><\/p>\n\n\n\n<p>Algumas mulheres quando est\u00e3o amamentando produzem um volume de leite al\u00e9m da necessidade do beb\u00ea, o que possibilita que sejam doadoras de um Banco de Leite Humano.<\/p>\n\n\n\n<p>De acordo com a legisla\u00e7\u00e3o que regulamenta o funcionamento dos Bancos de Leite no Brasil (RDC N\u00ba 171) a doadora, al\u00e9m de\u00a0 apresentar excesso de leite, deve ser saud\u00e1vel, n\u00e3o usar medicamentos que impe\u00e7am a doa\u00e7\u00e3o e se dispor a ordenhar e a doar o excedente.<\/p>\n\n\n\n<figure class=\"wp-block-image size-large\"><img decoding=\"async\" src=\"https:\/\/portal.pi.gov.br\/sesapi\/wp-content\/uploads\/sites\/101\/2025\/01\/PHOTO-2025-01-25-10-35-38-1-1024x768.jpg\" alt=\"\" \/><\/figure>\n\n\n\n<p><strong>Como doar?<\/strong><\/p>\n\n\n\n<p>O Banco de Leite funciona na Nova Maternidade Dona Evangelina Rosa (NMDER) para atendimento ao p\u00fablico externo de segunda a sexta-feira, das 8h \u00e0s 17h. A unidade tamb\u00e9m realiza uma rota de coleta domiciliar e atendimentos agendados. Para mais informa\u00e7\u00f5es ou agendar a doa\u00e7\u00e3o, entre em contato pelos telefones (86) 9 9947-0515 ou (86) 3142-0574 (WhatsApp da maternidade).<\/p>\n\n\n\n<p><strong>Como preparar o frasco para coletar o leite humano?<\/strong><\/p>\n\n\n\n<p>&#8211; Escolha um frasco de vidro com tampa pl\u00e1stica, pode ser de caf\u00e9 sol\u00favel ou maionese;<br>&#8211; Retire o r\u00f3tulo e o papel\u00e3o que fica sob a tampa e lave com \u00e1gua e sab\u00e3o, enxaguando bem.<br>&#8211; Em seguida coloque em uma panela o vidro e a tampa e cubra com \u00e1gua, deixando ferver por 15 minutos (conte o tempo a partir do in\u00edcio da fervura).<br>&#8211; Escorra a \u00e1gua da panela e coloque o frasco e a tampa para secar de boca para baixo em um pano limpo.<br>&#8211; Deixe escorrer a \u00e1gua do frasco e da tampa. N\u00e3o enxugue;<br>&#8211; Voc\u00ea poder\u00e1 usar quando estiver seco.<br>&#8211; Feche o frasco sem tocar com a m\u00e3o na parte interna da tampa.<br>&#8211; O ideal \u00e9 deixar v\u00e1rios frascos preparados.<\/p>\n\n\n\n<p><strong>Como se preparar para retirar o leite humano (ordenhar)?<\/strong><\/p>\n\n\n\n<p>O leite deve ser retirado depois que o beb\u00ea mamar ou quando as mamas estiverem muito cheias.<br>Ao retirar o leite \u00e9 importante que voc\u00ea siga algumas recomenda\u00e7\u00f5es que fazem parte da garantia de qualidade do leite humano distribu\u00eddo aos beb\u00eas hospitalizados:<\/p>\n\n\n\n<p>1- Escolha um lugar limpo, tranquilo e longe de animais<br>2- Prenda e cubra os cabelos com uma touca ou len\u00e7o<br>3- Evite conversar durante a retirada do leite ou utilize uma m\u00e1scara ou fralda cobrindo o nariz e a boca<br>4- Lave as m\u00e3os e antebra\u00e7os com \u00e1gua e sab\u00e3o e seque em uma toalha limpa.<\/p>\n\n\n\n<p><strong>Como retirar o leite humano (ordenhar) \u00a0<\/strong><\/p>\n\n\n\n<p>Comece fazendo massagem suave e circular nas mamas.&nbsp; Massageie as mamas com as polpas dos dedos&nbsp;&nbsp; come\u00e7ando na ar\u00e9ola (parte escura da mama) e, de forma circular,&nbsp; em&nbsp; toda a mama. \u00c9 ideal que o leite seja retirado de forma manual:&nbsp;&nbsp;&nbsp;&nbsp;&nbsp;&nbsp;&nbsp;&nbsp;&nbsp;<\/p>\n\n\n\n<p>Massageie as mamas com a ponta dos dedos, fazendo movimentos circulares no sentido da parte escura (ar\u00e9ola) para o corpo.<\/p>\n\n\n\n<p>\u2022 Coloque o polegar acima da linha onde acaba a ar\u00e9ola.<br>\u2022 Coloque os dedos indicador e m\u00e9dio abaixo da ar\u00e9ola.<br>\u2022 Firme os dedos e empurre para tr\u00e1s em dire\u00e7\u00e3o ao corpo.<br>\u2022 Aperte o polegar contra os outros dedos at\u00e9 sair o leite.<br>\u2022 Despreze os primeiros jatos ou gotas.<br>\u2022 Em seguida, abra o frasco e coloque a tampa sobre a mesa, forrada com um pano limpo, com a abertura para cima.<br>\u2022 Colha o leite no frasco, colocando-o debaixo da ar\u00e9ola.<br>\u2022 Ap\u00f3s terminar a coleta, feche bem o frasco.<\/p>\n\n\n\n<figure class=\"wp-block-image size-large\"><img decoding=\"async\" src=\"https:\/\/portal.pi.gov.br\/sesapi\/wp-content\/uploads\/sites\/101\/2025\/01\/PHOTO-2025-01-25-10-35-38-1024x768.jpg\" alt=\"\" \/><\/figure>\n\n\n\n<p><strong>Como guardar o leite retirado para doa\u00e7\u00e3o?<\/strong><br>O frasco com o leite retirado deve ser armazenado imediatamente&nbsp; no congelador ou freezer.<br>Na pr\u00f3xima vez que for retirar o leite, utilize outro recipiente esterilizado ( pode ser um copo de vidro )e ao terminar acrescente este leite no frasco que j\u00e1 est\u00e1 no freezer ou congelador.<\/p>\n\n\n\n<p>O leite pode ficar armazenado congelado por at\u00e9 15 dias, mas para doar ao banco de leite humano voc\u00ea deve entrar em contato por telefone e fornecer seu endere\u00e7o quando completar 10 dias que o leite foi retirado das mamas.<\/p>\n\n\n\n<p>O leite humano doado, ap\u00f3s passar por processo que envolve sele\u00e7\u00e3o, classifica\u00e7\u00e3o e pasteuriza\u00e7\u00e3o, \u00e9 distribu\u00eddo com qualidade certificada aos beb\u00eas internados em unidades neonatais.<\/p>\n\n\n\n<p>Beb\u00eas que est\u00e3o internados e n\u00e3o podem ser amamentados pelas pr\u00f3prias m\u00e3es t\u00eam a chance de receber os benef\u00edcios do leite materno com a sua doa\u00e7\u00e3o.<\/p>\n\n\n\n<p>Com o leite materno, a crian\u00e7a se desenvolve com sa\u00fade, tem mais chances de recupera\u00e7\u00e3o e fica protegida de infec\u00e7\u00f5es, diarreias e alergias, especialmente os beb\u00eas prematuros e de baixo peso.<\/p>\n\n\n\n<p>&nbsp;Se voc\u00ea est\u00e1 amamentando, procure o banco de leite humano e SALVE VIDAS !<\/p>\n","protected":false},"excerpt":{"rendered":"<p>Quem pode ser doadora de leite humano? Algumas mulheres quando est\u00e3o amamentando produzem um volume de leite al\u00e9m da necessidade do beb\u00ea, o que possibilita que sejam doadoras de um [&hellip;]<\/p>\n","protected":false},"author":1808,"featured_media":0,"parent":0,"menu_order":0,"comment_status":"closed","ping_status":"closed","template":"","meta":[],"featured_image_urls":{"full":"","thumbnail":"","medium":"","medium_large":"","large":"","sgg-420":"","sgg-540":"","sgg-780":"","1536x1536":"","2048x2048":"","homepage-slider":"","homepage-slider-small":"","page-top":"","page-small":"","loop-main":"","thumb-gallery-widget":""},"post_excerpt_stackable":"<p>Quem pode ser doadora de leite humano? Algumas mulheres quando est\u00e3o amamentando produzem um volume de leite al\u00e9m da necessidade do beb\u00ea, o que possibilita que sejam doadoras de um Banco de Leite Humano. De acordo com a legisla\u00e7\u00e3o que regulamenta o funcionamento dos Bancos de Leite no Brasil (RDC N\u00ba 171) a doadora, al\u00e9m de\u00a0 apresentar excesso de leite, deve ser saud\u00e1vel, n\u00e3o usar medicamentos que impe\u00e7am a doa\u00e7\u00e3o e se dispor a ordenhar e a doar o excedente. Como doar? O Banco de Leite funciona na Nova Maternidade Dona Evangelina Rosa (NMDER) para atendimento ao p\u00fablico externo de&hellip;<\/p>\n","category_list":"","author_info":{"name":"herlonpereira","url":"https:\/\/portal.pi.gov.br\/sesapi\/author\/herlonpereira\/"},"comments_num":"0 coment\u00e1rio","featured_image_urls_v2":{"full":"","thumbnail":"","medium":"","medium_large":"","large":"","sgg-420":"","sgg-540":"","sgg-780":"","1536x1536":"","2048x2048":"","homepage-slider":"","homepage-slider-small":"","page-top":"","page-small":"","loop-main":"","thumb-gallery-widget":""},"post_excerpt_stackable_v2":"<p>Quem pode ser doadora de leite humano? Algumas mulheres quando est\u00e3o amamentando produzem um volume de leite al\u00e9m da necessidade do beb\u00ea, o que possibilita que sejam doadoras de um Banco de Leite Humano. De acordo com a legisla\u00e7\u00e3o que regulamenta o funcionamento dos Bancos de Leite no Brasil (RDC N\u00ba 171) a doadora, al\u00e9m de\u00a0 apresentar excesso de leite, deve ser saud\u00e1vel, n\u00e3o usar medicamentos que impe\u00e7am a doa\u00e7\u00e3o e se dispor a ordenhar e a doar o excedente. Como doar? O Banco de Leite funciona na Nova Maternidade Dona Evangelina Rosa (NMDER) para atendimento ao p\u00fablico externo de&hellip;<\/p>\n","category_list_v2":"","author_info_v2":{"name":"herlonpereira","url":"https:\/\/portal.pi.gov.br\/sesapi\/author\/herlonpereira\/"},"comments_num_v2":"0 coment\u00e1rio","_links":{"self":[{"href":"https:\/\/portal.pi.gov.br\/sesapi\/wp-json\/wp\/v2\/pages\/2641"}],"collection":[{"href":"https:\/\/portal.pi.gov.br\/sesapi\/wp-json\/wp\/v2\/pages"}],"about":[{"href":"https:\/\/portal.pi.gov.br\/sesapi\/wp-json\/wp\/v2\/types\/page"}],"author":[{"embeddable":true,"href":"https:\/\/portal.pi.gov.br\/sesapi\/wp-json\/wp\/v2\/users\/1808"}],"replies":[{"embeddable":true,"href":"https:\/\/portal.pi.gov.br\/sesapi\/wp-json\/wp\/v2\/comments?post=2641"}],"version-history":[{"count":1,"href":"https:\/\/portal.pi.gov.br\/sesapi\/wp-json\/wp\/v2\/pages\/2641\/revisions"}],"predecessor-version":[{"id":2642,"href":"https:\/\/portal.pi.gov.br\/sesapi\/wp-json\/wp\/v2\/pages\/2641\/revisions\/2642"}],"wp:attachment":[{"href":"https:\/\/portal.pi.gov.br\/sesapi\/wp-json\/wp\/v2\/media?parent=2641"}],"curies":[{"name":"wp","href":"https:\/\/api.w.org\/{rel}","templated":true}]}}