{"id":6646,"date":"2025-10-06T14:00:15","date_gmt":"2025-10-06T17:00:15","guid":{"rendered":"https:\/\/portal.pi.gov.br\/sesapi\/?page_id=6646"},"modified":"2025-10-06T16:39:38","modified_gmt":"2025-10-06T19:39:38","slug":"cievs","status":"publish","type":"page","link":"https:\/\/portal.pi.gov.br\/sesapi\/cievs\/","title":{"rendered":"CIEVS"},"content":{"rendered":"\n<p>O Centro de Informa\u00e7\u00f5es Estrat\u00e9gicas em Vigil\u00e2ncia em Sa\u00fade (CIEVS) do Piau\u00ed tem se consolidado como pe\u00e7a fundamental no fortalecimento da vigil\u00e2ncia e na resposta r\u00e1pida a emerg\u00eancias em sa\u00fade p\u00fablica no estado. Integrado \u00e0 Rede Nacional de Monitoramento e Respostas \u00e0s Emerg\u00eancias em Sa\u00fade P\u00fablica, o CIEVS atua sob a coordena\u00e7\u00e3o da Secretaria de Estado da Sa\u00fade (Sesapi) com a miss\u00e3o de detectar, analisar e responder de forma \u00e1gil a situa\u00e7\u00f5es que possam representar riscos \u00e0 popula\u00e7\u00e3o.<\/p>\n\n\n\n<p>Entre suas principais atribui\u00e7\u00f5es est\u00e3o a detec\u00e7\u00e3o e o alerta precoce de doen\u00e7as, surtos e outros agravos \u00e0 sa\u00fade, a an\u00e1lise estrat\u00e9gica de dados e a coordena\u00e7\u00e3o de a\u00e7\u00f5es em situa\u00e7\u00f5es de emerg\u00eancia. O centro realiza o monitoramento cont\u00ednuo de informa\u00e7\u00f5es epidemiol\u00f3gicas, permitindo identificar rapidamente eventos que possam evoluir para emerg\u00eancias de sa\u00fade p\u00fablica.<\/p>\n\n\n\n<p>Al\u00e9m de captar e analisar dados estrat\u00e9gicos, o CIEVS Piau\u00ed promove a articula\u00e7\u00e3o entre diferentes institui\u00e7\u00f5es e profissionais, garantindo respostas r\u00e1pidas, integradas e eficientes. Dessa forma, o centro desempenha papel essencial na tomada de decis\u00f5es e na minimiza\u00e7\u00e3o de riscos \u00e0 sa\u00fade da popula\u00e7\u00e3o piauiense.<\/p>\n\n\n\n<p><a href=\"https:\/\/docs.google.com\/forms\/d\/e\/1FAIpQLSca7HutCZz5XncEzPHTxKK4dnWSiZ9X12ph3yWGk8oUX6o-1w\/viewform\">Formul\u00e1rio de Agravos de Notifica\u00e7\u00e3o Imediata <\/a><\/p>\n","protected":false},"excerpt":{"rendered":"<p>O Centro de Informa\u00e7\u00f5es Estrat\u00e9gicas em Vigil\u00e2ncia em Sa\u00fade (CIEVS) do Piau\u00ed tem se consolidado como pe\u00e7a fundamental no fortalecimento da vigil\u00e2ncia e na resposta r\u00e1pida a emerg\u00eancias em sa\u00fade [&hellip;]<\/p>\n","protected":false},"author":1808,"featured_media":0,"parent":0,"menu_order":0,"comment_status":"closed","ping_status":"closed","template":"","meta":[],"featured_image_urls":{"full":"","thumbnail":"","medium":"","medium_large":"","large":"","sgg-420":"","sgg-540":"","sgg-780":"","1536x1536":"","2048x2048":"","homepage-slider":"","homepage-slider-small":"","page-top":"","page-small":"","loop-main":"","thumb-gallery-widget":""},"post_excerpt_stackable":"<p>O Centro de Informa\u00e7\u00f5es Estrat\u00e9gicas em Vigil\u00e2ncia em Sa\u00fade (CIEVS) do Piau\u00ed tem se consolidado como pe\u00e7a fundamental no fortalecimento da vigil\u00e2ncia e na resposta r\u00e1pida a emerg\u00eancias em sa\u00fade p\u00fablica no estado. Integrado \u00e0 Rede Nacional de Monitoramento e Respostas \u00e0s Emerg\u00eancias em Sa\u00fade P\u00fablica, o CIEVS atua sob a coordena\u00e7\u00e3o da Secretaria de Estado da Sa\u00fade (Sesapi) com a miss\u00e3o de detectar, analisar e responder de forma \u00e1gil a situa\u00e7\u00f5es que possam representar riscos \u00e0 popula\u00e7\u00e3o. Entre suas principais atribui\u00e7\u00f5es est\u00e3o a detec\u00e7\u00e3o e o alerta precoce de doen\u00e7as, surtos e outros agravos \u00e0 sa\u00fade, a an\u00e1lise estrat\u00e9gica&hellip;<\/p>\n","category_list":"","author_info":{"name":"herlonpereira","url":"https:\/\/portal.pi.gov.br\/sesapi\/author\/herlonpereira\/"},"comments_num":"0 coment\u00e1rio","featured_image_urls_v2":{"full":"","thumbnail":"","medium":"","medium_large":"","large":"","sgg-420":"","sgg-540":"","sgg-780":"","1536x1536":"","2048x2048":"","homepage-slider":"","homepage-slider-small":"","page-top":"","page-small":"","loop-main":"","thumb-gallery-widget":""},"post_excerpt_stackable_v2":"<p>O Centro de Informa\u00e7\u00f5es Estrat\u00e9gicas em Vigil\u00e2ncia em Sa\u00fade (CIEVS) do Piau\u00ed tem se consolidado como pe\u00e7a fundamental no fortalecimento da vigil\u00e2ncia e na resposta r\u00e1pida a emerg\u00eancias em sa\u00fade p\u00fablica no estado. Integrado \u00e0 Rede Nacional de Monitoramento e Respostas \u00e0s Emerg\u00eancias em Sa\u00fade P\u00fablica, o CIEVS atua sob a coordena\u00e7\u00e3o da Secretaria de Estado da Sa\u00fade (Sesapi) com a miss\u00e3o de detectar, analisar e responder de forma \u00e1gil a situa\u00e7\u00f5es que possam representar riscos \u00e0 popula\u00e7\u00e3o. Entre suas principais atribui\u00e7\u00f5es est\u00e3o a detec\u00e7\u00e3o e o alerta precoce de doen\u00e7as, surtos e outros agravos \u00e0 sa\u00fade, a an\u00e1lise estrat\u00e9gica&hellip;<\/p>\n","category_list_v2":"","author_info_v2":{"name":"herlonpereira","url":"https:\/\/portal.pi.gov.br\/sesapi\/author\/herlonpereira\/"},"comments_num_v2":"0 coment\u00e1rio","_links":{"self":[{"href":"https:\/\/portal.pi.gov.br\/sesapi\/wp-json\/wp\/v2\/pages\/6646"}],"collection":[{"href":"https:\/\/portal.pi.gov.br\/sesapi\/wp-json\/wp\/v2\/pages"}],"about":[{"href":"https:\/\/portal.pi.gov.br\/sesapi\/wp-json\/wp\/v2\/types\/page"}],"author":[{"embeddable":true,"href":"https:\/\/portal.pi.gov.br\/sesapi\/wp-json\/wp\/v2\/users\/1808"}],"replies":[{"embeddable":true,"href":"https:\/\/portal.pi.gov.br\/sesapi\/wp-json\/wp\/v2\/comments?post=6646"}],"version-history":[{"count":3,"href":"https:\/\/portal.pi.gov.br\/sesapi\/wp-json\/wp\/v2\/pages\/6646\/revisions"}],"predecessor-version":[{"id":6677,"href":"https:\/\/portal.pi.gov.br\/sesapi\/wp-json\/wp\/v2\/pages\/6646\/revisions\/6677"}],"wp:attachment":[{"href":"https:\/\/portal.pi.gov.br\/sesapi\/wp-json\/wp\/v2\/media?parent=6646"}],"curies":[{"name":"wp","href":"https:\/\/api.w.org\/{rel}","templated":true}]}}