{"id":945,"date":"2024-10-09T10:22:34","date_gmt":"2024-10-09T13:22:34","guid":{"rendered":"https:\/\/portal.pi.gov.br\/sesapi\/?page_id=945"},"modified":"2024-11-14T12:19:03","modified_gmt":"2024-11-14T15:19:03","slug":"estrutura-da-sesapi","status":"publish","type":"page","link":"https:\/\/portal.pi.gov.br\/sesapi\/estrutura-da-sesapi\/","title":{"rendered":"Estrutura da SESAPI"},"content":{"rendered":"\n<p><strong>\u00d3rg\u00e3os Colegiados<\/strong><\/p>\n\n\n\n<ul>\n<li>Conselho Estadual de Sa\u00fade &#8211; CES\/PI<\/li>\n\n\n\n<li>Comiss\u00e3o Intergestores Bipartite \u2013 CIB\/PI<br><\/li>\n<\/ul>\n\n\n\n<p><strong>Administra\u00e7\u00e3o Direta<\/strong><\/p>\n\n\n\n<ul>\n<li>Gabinete do&nbsp;Secret\u00e1rio<\/li>\n\n\n\n<li>Assessoria Jur\u00eddica<\/li>\n\n\n\n<li>Assessoria T\u00e9cnica<\/li>\n\n\n\n<li>Assessoria de Comunica\u00e7\u00e3o Social<\/li>\n\n\n\n<li>Controle Interno<br><\/li>\n<\/ul>\n\n\n\n<p><strong>Superintend\u00eancia de Assist\u00eancia \u00e0 Sa\u00fade &#8211; SUPAS<\/strong><\/p>\n\n\n\n<ul>\n<li>Diretoria de Unidade de Descentraliza\u00e7\u00e3o e Organiza\u00e7\u00e3o Hospitalar (DUDOH)<\/li>\n\n\n\n<li>Diretoria de Unidade de Assist\u00eancia Farmac\u00eautica (DUAF)<\/li>\n\n\n\n<li>Diretoria de Unidade de Controle, Avalia\u00e7\u00e3o, Regula\u00e7\u00e3o e Auditoria (DUCARA)<\/li>\n\n\n\n<li>Hospitais de Refer\u00eancia<\/li>\n\n\n\n<li>Centro de Hematologia e Hemoterapia do Estado do Piau\u00ed (HEMOPI)<\/li>\n\n\n\n<li>Central de Regula\u00e7\u00e3o de Transplantes<br><\/li>\n<\/ul>\n\n\n\n<p><strong>Superintend\u00eancia de Aten\u00e7\u00e3o Integral \u00e0 Sa\u00fade &#8211; SUPAT<\/strong><\/p>\n\n\n\n<ul>\n<li>Diretoria de Unidade de Vigil\u00e2ncia e Aten\u00e7\u00e3o \u00e0 Sa\u00fade (DUVAS)<\/li>\n\n\n\n<li>Diretoria de Unidade de Vigil\u00e2ncia Sanit\u00e1ria (DIVISA)<\/li>\n\n\n\n<li>Coordena\u00e7\u00f5es Regionais de Sa\u00fade<\/li>\n\n\n\n<li>Laborat\u00f3rio Central de Sa\u00fade P\u00fablica (LACEN)<br><\/li>\n<\/ul>\n\n\n\n<p><strong>Superintend\u00eancia de Gest\u00e3o da Administra\u00e7\u00e3o- SUGAD<\/strong><\/p>\n\n\n\n<ul>\n<li>Fundo Estadual de Sa\u00fade (FUNSA\u00d9DE)<\/li>\n\n\n\n<li>Diretoria de Unidade de Gest\u00e3o de Pessoas (DUGP)<\/li>\n\n\n\n<li>Diretoria de Unidade de Administra\u00e7\u00e3o (DUAD)<\/li>\n\n\n\n<li>Diretoria de Unidade de Planejamento (DUP)<\/li>\n\n\n\n<li>N\u00facleo de Infraestrutura em Sa\u00fade (NIS)<\/li>\n<\/ul>\n","protected":false},"excerpt":{"rendered":"<p>\u00d3rg\u00e3os Colegiados Administra\u00e7\u00e3o Direta Superintend\u00eancia de Assist\u00eancia \u00e0 Sa\u00fade &#8211; SUPAS Superintend\u00eancia de Aten\u00e7\u00e3o Integral \u00e0 Sa\u00fade &#8211; SUPAT Superintend\u00eancia de Gest\u00e3o da Administra\u00e7\u00e3o- SUGAD<\/p>\n","protected":false},"author":1798,"featured_media":0,"parent":0,"menu_order":0,"comment_status":"closed","ping_status":"closed","template":"template-fullwidth.php","meta":[],"featured_image_urls":{"full":"","thumbnail":"","medium":"","medium_large":"","large":"","sgg-420":"","sgg-540":"","sgg-780":"","1536x1536":"","2048x2048":"","homepage-slider":"","homepage-slider-small":"","page-top":"","page-small":"","loop-main":"","thumb-gallery-widget":""},"post_excerpt_stackable":"<p>\u00d3rg\u00e3os Colegiados Conselho Estadual de Sa\u00fade &#8211; CES\/PI Comiss\u00e3o Intergestores Bipartite \u2013 CIB\/PI Administra\u00e7\u00e3o Direta Gabinete do&nbsp;Secret\u00e1rio Assessoria Jur\u00eddica Assessoria T\u00e9cnica Assessoria de Comunica\u00e7\u00e3o Social Controle Interno Superintend\u00eancia de Assist\u00eancia \u00e0 Sa\u00fade &#8211; SUPAS Diretoria de Unidade de Descentraliza\u00e7\u00e3o e Organiza\u00e7\u00e3o Hospitalar (DUDOH) Diretoria de Unidade de Assist\u00eancia Farmac\u00eautica (DUAF) Diretoria de Unidade de Controle, Avalia\u00e7\u00e3o, Regula\u00e7\u00e3o e Auditoria (DUCARA) Hospitais de Refer\u00eancia Centro de Hematologia e Hemoterapia do Estado do Piau\u00ed (HEMOPI) Central de Regula\u00e7\u00e3o de Transplantes Superintend\u00eancia de Aten\u00e7\u00e3o Integral \u00e0 Sa\u00fade &#8211; SUPAT Diretoria de Unidade de Vigil\u00e2ncia e Aten\u00e7\u00e3o \u00e0 Sa\u00fade (DUVAS) Diretoria de Unidade de&hellip;<\/p>\n","category_list":"","author_info":{"name":"yancarvalho","url":"https:\/\/portal.pi.gov.br\/sesapi\/author\/yancarvalho\/"},"comments_num":"0 coment\u00e1rio","featured_image_urls_v2":{"full":"","thumbnail":"","medium":"","medium_large":"","large":"","sgg-420":"","sgg-540":"","sgg-780":"","1536x1536":"","2048x2048":"","homepage-slider":"","homepage-slider-small":"","page-top":"","page-small":"","loop-main":"","thumb-gallery-widget":""},"post_excerpt_stackable_v2":"<p>\u00d3rg\u00e3os Colegiados Conselho Estadual de Sa\u00fade &#8211; CES\/PI Comiss\u00e3o Intergestores Bipartite \u2013 CIB\/PI Administra\u00e7\u00e3o Direta Gabinete do&nbsp;Secret\u00e1rio Assessoria Jur\u00eddica Assessoria T\u00e9cnica Assessoria de Comunica\u00e7\u00e3o Social Controle Interno Superintend\u00eancia de Assist\u00eancia \u00e0 Sa\u00fade &#8211; SUPAS Diretoria de Unidade de Descentraliza\u00e7\u00e3o e Organiza\u00e7\u00e3o Hospitalar (DUDOH) Diretoria de Unidade de Assist\u00eancia Farmac\u00eautica (DUAF) Diretoria de Unidade de Controle, Avalia\u00e7\u00e3o, Regula\u00e7\u00e3o e Auditoria (DUCARA) Hospitais de Refer\u00eancia Centro de Hematologia e Hemoterapia do Estado do Piau\u00ed (HEMOPI) Central de Regula\u00e7\u00e3o de Transplantes Superintend\u00eancia de Aten\u00e7\u00e3o Integral \u00e0 Sa\u00fade &#8211; SUPAT Diretoria de Unidade de Vigil\u00e2ncia e Aten\u00e7\u00e3o \u00e0 Sa\u00fade (DUVAS) Diretoria de Unidade de&hellip;<\/p>\n","category_list_v2":"","author_info_v2":{"name":"yancarvalho","url":"https:\/\/portal.pi.gov.br\/sesapi\/author\/yancarvalho\/"},"comments_num_v2":"0 coment\u00e1rio","_links":{"self":[{"href":"https:\/\/portal.pi.gov.br\/sesapi\/wp-json\/wp\/v2\/pages\/945"}],"collection":[{"href":"https:\/\/portal.pi.gov.br\/sesapi\/wp-json\/wp\/v2\/pages"}],"about":[{"href":"https:\/\/portal.pi.gov.br\/sesapi\/wp-json\/wp\/v2\/types\/page"}],"author":[{"embeddable":true,"href":"https:\/\/portal.pi.gov.br\/sesapi\/wp-json\/wp\/v2\/users\/1798"}],"replies":[{"embeddable":true,"href":"https:\/\/portal.pi.gov.br\/sesapi\/wp-json\/wp\/v2\/comments?post=945"}],"version-history":[{"count":3,"href":"https:\/\/portal.pi.gov.br\/sesapi\/wp-json\/wp\/v2\/pages\/945\/revisions"}],"predecessor-version":[{"id":1288,"href":"https:\/\/portal.pi.gov.br\/sesapi\/wp-json\/wp\/v2\/pages\/945\/revisions\/1288"}],"wp:attachment":[{"href":"https:\/\/portal.pi.gov.br\/sesapi\/wp-json\/wp\/v2\/media?parent=945"}],"curies":[{"name":"wp","href":"https:\/\/api.w.org\/{rel}","templated":true}]}}