{"id":963,"date":"2024-10-09T10:27:23","date_gmt":"2024-10-09T13:27:23","guid":{"rendered":"https:\/\/portal.pi.gov.br\/sesapi\/?page_id=963"},"modified":"2024-11-14T11:41:48","modified_gmt":"2024-11-14T14:41:48","slug":"missao-visao-e-valores","status":"publish","type":"page","link":"https:\/\/portal.pi.gov.br\/sesapi\/missao-visao-e-valores\/","title":{"rendered":"Miss\u00e3o, Vis\u00e3o e Valores"},"content":{"rendered":"\n<p><strong>Miss\u00e3o:<\/strong>&nbsp;Promover a\u00e7\u00f5es e servi\u00e7os para a aten\u00e7\u00e3o integral \u00e0 sa\u00fade por meio da Rede de Aten\u00e7\u00e3o \u00e0 Sa\u00fade resolutiva, gest\u00e3o eficiente dos recursos e desenvolvimento regional baseado nos princ\u00edpios e diretrizes do SUS, com a valoriza\u00e7\u00e3o do controle social.<\/p>\n\n\n\n<p><strong>Vis\u00e3o:<\/strong>&nbsp;Ser excel\u00eancia em inova\u00e7\u00e3o, tecnologia, qualidade e efici\u00eancia, focada no futuro em busca de ampliar e descentralizar a sa\u00fade de forma regionalizada em redes de aten\u00e7\u00e3o, em prol do bem estar e qualidade de vida para todas as pessoas.<\/p>\n\n\n\n<p><strong>Valores:<\/strong>\u00a0Acesso humanizado e integral, efici\u00eancia, efic\u00e1cia e efetividade, inova\u00e7\u00e3o, qualidade, transpar\u00eancia, respeito \u00e0 diversidade, \u00e9tica e compromisso.<\/p>\n\n\n<div class=\"wp-block-image\">\n<figure class=\"aligncenter size-large\"><img decoding=\"async\" loading=\"lazy\" width=\"576\" height=\"1024\" src=\"https:\/\/portal.pi.gov.br\/sesapi\/wp-content\/uploads\/sites\/101\/2024\/11\/mapa-estrategico-sesapi-576x1024.jpg\" alt=\"\" class=\"wp-image-1285\" srcset=\"https:\/\/portal.pi.gov.br\/sesapi\/wp-content\/uploads\/sites\/101\/2024\/11\/mapa-estrategico-sesapi-576x1024.jpg 576w, https:\/\/portal.pi.gov.br\/sesapi\/wp-content\/uploads\/sites\/101\/2024\/11\/mapa-estrategico-sesapi-169x300.jpg 169w, https:\/\/portal.pi.gov.br\/sesapi\/wp-content\/uploads\/sites\/101\/2024\/11\/mapa-estrategico-sesapi-768x1366.jpg 768w, https:\/\/portal.pi.gov.br\/sesapi\/wp-content\/uploads\/sites\/101\/2024\/11\/mapa-estrategico-sesapi-236x420.jpg 236w, https:\/\/portal.pi.gov.br\/sesapi\/wp-content\/uploads\/sites\/101\/2024\/11\/mapa-estrategico-sesapi-304x540.jpg 304w, https:\/\/portal.pi.gov.br\/sesapi\/wp-content\/uploads\/sites\/101\/2024\/11\/mapa-estrategico-sesapi-439x780.jpg 439w, https:\/\/portal.pi.gov.br\/sesapi\/wp-content\/uploads\/sites\/101\/2024\/11\/mapa-estrategico-sesapi-864x1536.jpg 864w, https:\/\/portal.pi.gov.br\/sesapi\/wp-content\/uploads\/sites\/101\/2024\/11\/mapa-estrategico-sesapi-947x1684.jpg 947w, https:\/\/portal.pi.gov.br\/sesapi\/wp-content\/uploads\/sites\/101\/2024\/11\/mapa-estrategico-sesapi-624x1110.jpg 624w, https:\/\/portal.pi.gov.br\/sesapi\/wp-content\/uploads\/sites\/101\/2024\/11\/mapa-estrategico-sesapi.jpg 1140w\" sizes=\"(max-width: 576px) 100vw, 576px\" \/><\/figure><\/div>","protected":false},"excerpt":{"rendered":"<p>Miss\u00e3o:&nbsp;Promover a\u00e7\u00f5es e servi\u00e7os para a aten\u00e7\u00e3o integral \u00e0 sa\u00fade por meio da Rede de Aten\u00e7\u00e3o \u00e0 Sa\u00fade resolutiva, gest\u00e3o eficiente dos recursos e desenvolvimento regional baseado nos princ\u00edpios e [&hellip;]<\/p>\n","protected":false},"author":1798,"featured_media":0,"parent":0,"menu_order":0,"comment_status":"closed","ping_status":"closed","template":"template-fullwidth.php","meta":[],"featured_image_urls":{"full":"","thumbnail":"","medium":"","medium_large":"","large":"","sgg-420":"","sgg-540":"","sgg-780":"","1536x1536":"","2048x2048":"","homepage-slider":"","homepage-slider-small":"","page-top":"","page-small":"","loop-main":"","thumb-gallery-widget":""},"post_excerpt_stackable":"<p>Miss\u00e3o:&nbsp;Promover a\u00e7\u00f5es e servi\u00e7os para a aten\u00e7\u00e3o integral \u00e0 sa\u00fade por meio da Rede de Aten\u00e7\u00e3o \u00e0 Sa\u00fade resolutiva, gest\u00e3o eficiente dos recursos e desenvolvimento regional baseado nos princ\u00edpios e diretrizes do SUS, com a valoriza\u00e7\u00e3o do controle social. Vis\u00e3o:&nbsp;Ser excel\u00eancia em inova\u00e7\u00e3o, tecnologia, qualidade e efici\u00eancia, focada no futuro em busca de ampliar e descentralizar a sa\u00fade de forma regionalizada em redes de aten\u00e7\u00e3o, em prol do bem estar e qualidade de vida para todas as pessoas. Valores:\u00a0Acesso humanizado e integral, efici\u00eancia, efic\u00e1cia e efetividade, inova\u00e7\u00e3o, qualidade, transpar\u00eancia, respeito \u00e0 diversidade, \u00e9tica e compromisso.<\/p>\n","category_list":"","author_info":{"name":"yancarvalho","url":"https:\/\/portal.pi.gov.br\/sesapi\/author\/yancarvalho\/"},"comments_num":"0 coment\u00e1rio","featured_image_urls_v2":{"full":"","thumbnail":"","medium":"","medium_large":"","large":"","sgg-420":"","sgg-540":"","sgg-780":"","1536x1536":"","2048x2048":"","homepage-slider":"","homepage-slider-small":"","page-top":"","page-small":"","loop-main":"","thumb-gallery-widget":""},"post_excerpt_stackable_v2":"<p>Miss\u00e3o:&nbsp;Promover a\u00e7\u00f5es e servi\u00e7os para a aten\u00e7\u00e3o integral \u00e0 sa\u00fade por meio da Rede de Aten\u00e7\u00e3o \u00e0 Sa\u00fade resolutiva, gest\u00e3o eficiente dos recursos e desenvolvimento regional baseado nos princ\u00edpios e diretrizes do SUS, com a valoriza\u00e7\u00e3o do controle social. Vis\u00e3o:&nbsp;Ser excel\u00eancia em inova\u00e7\u00e3o, tecnologia, qualidade e efici\u00eancia, focada no futuro em busca de ampliar e descentralizar a sa\u00fade de forma regionalizada em redes de aten\u00e7\u00e3o, em prol do bem estar e qualidade de vida para todas as pessoas. Valores:\u00a0Acesso humanizado e integral, efici\u00eancia, efic\u00e1cia e efetividade, inova\u00e7\u00e3o, qualidade, transpar\u00eancia, respeito \u00e0 diversidade, \u00e9tica e compromisso.<\/p>\n","category_list_v2":"","author_info_v2":{"name":"yancarvalho","url":"https:\/\/portal.pi.gov.br\/sesapi\/author\/yancarvalho\/"},"comments_num_v2":"0 coment\u00e1rio","_links":{"self":[{"href":"https:\/\/portal.pi.gov.br\/sesapi\/wp-json\/wp\/v2\/pages\/963"}],"collection":[{"href":"https:\/\/portal.pi.gov.br\/sesapi\/wp-json\/wp\/v2\/pages"}],"about":[{"href":"https:\/\/portal.pi.gov.br\/sesapi\/wp-json\/wp\/v2\/types\/page"}],"author":[{"embeddable":true,"href":"https:\/\/portal.pi.gov.br\/sesapi\/wp-json\/wp\/v2\/users\/1798"}],"replies":[{"embeddable":true,"href":"https:\/\/portal.pi.gov.br\/sesapi\/wp-json\/wp\/v2\/comments?post=963"}],"version-history":[{"count":2,"href":"https:\/\/portal.pi.gov.br\/sesapi\/wp-json\/wp\/v2\/pages\/963\/revisions"}],"predecessor-version":[{"id":1286,"href":"https:\/\/portal.pi.gov.br\/sesapi\/wp-json\/wp\/v2\/pages\/963\/revisions\/1286"}],"wp:attachment":[{"href":"https:\/\/portal.pi.gov.br\/sesapi\/wp-json\/wp\/v2\/media?parent=963"}],"curies":[{"name":"wp","href":"https:\/\/api.w.org\/{rel}","templated":true}]}}