{"id":973,"date":"2024-10-09T10:29:28","date_gmt":"2024-10-09T13:29:28","guid":{"rendered":"https:\/\/portal.pi.gov.br\/sesapi\/?page_id=973"},"modified":"2025-04-08T12:32:02","modified_gmt":"2025-04-08T15:32:02","slug":"lgpd","status":"publish","type":"page","link":"https:\/\/portal.pi.gov.br\/sesapi\/lgpd\/","title":{"rendered":"LGPD"},"content":{"rendered":"\n<p><strong>O que \u00e9 a LGPD?<\/strong><\/p>\n\n\n\n<p>A <strong>Lei Geral de Prote\u00e7\u00e3o de Dados Pessoais (Lei n\u00ba 13.709\/2018)<\/strong> estabelece regras para o uso de dados pessoais por empresas e por <strong>\u00f3rg\u00e3os p\u00fablicos<\/strong>, como os da <strong>\u00e1rea da sa\u00fade.<\/strong> Seu objetivo \u00e9 garantir <strong>a privacidade, a prote\u00e7\u00e3o dos dados e os direitos fundamentais dos cidad\u00e3os,<\/strong> exigindo que o tratamento dessas informa\u00e7\u00f5es \u2014 como coleta, uso, armazenamento e compartilhamento \u2014 seja feito com <strong>transpar\u00eancia, seguran\u00e7a e respeito \u00e0 dignidade da pessoa humana.<\/strong><\/p>\n\n\n\n<p>Com base nesses princ\u00edpios, a LGPD determina que <strong>os titulares de dados t\u00eam o direito de saber como suas informa\u00e7\u00f5es s\u00e3o tratadas,<\/strong> com acesso claro e facilitado \u00e0s finalidades do uso. Isso refor\u00e7a o compromisso da <strong>Secretaria de Sa\u00fade do Estado do Piau\u00ed- SESAPI<\/strong> em manter a confian\u00e7a da popula\u00e7\u00e3o, tratando os dados pessoais com responsabilidade, especialmente quando se trata de <strong>informa\u00e7\u00f5es sens\u00edveis na \u00e1rea da sa\u00fade.<\/strong><\/p>\n\n\n\n<hr class=\"wp-block-separator has-alpha-channel-opacity is-style-default\" \/>\n\n\n\n<p><strong>Encarregado:<\/strong><\/p>\n\n\n\n<p>Charles Porto Silva<\/p>\n\n\n\n<hr class=\"wp-block-separator has-alpha-channel-opacity is-style-default\" \/>\n\n\n\n<p><strong>Previs\u00e3o legal<\/strong><\/p>\n\n\n\n<p>A LGPD determina em seu art. 5\u00ba, VII, que os \u00f3rg\u00e3os p\u00fablicos designem um <strong>Encarregado pelo Tratamento de Dados Pessoais<\/strong>, tamb\u00e9m conhecido como <strong>DPO (Data Protection Officer)<\/strong>. Esse profissional \u00e9 respons\u00e1vel por <strong>zelar pela conformidade do \u00f3rg\u00e3o com a legisla\u00e7\u00e3o de prote\u00e7\u00e3o de dados<\/strong>, al\u00e9m de atender \u00e0s demandas dos <strong>titulares <\/strong>e da <strong>Autoridade Nacional de Prote\u00e7\u00e3o de Dados (ANPD).<\/strong><\/p>\n\n\n\n<hr class=\"wp-block-separator has-alpha-channel-opacity\" \/>\n\n\n\n<p><strong>Atribui\u00e7\u00f5es<\/strong><\/p>\n\n\n\n<p>Conforme o art. 41, \u00a72\u00ba, da LGPD, o encarregado atua como elo entre a Secretaria de Sa\u00fade do Estado, os cidad\u00e3os e a ANPD, garantindo que o tratamento de dados pessoais seja realizado com \u00e9tica, seguran\u00e7a e em conformidade com a LGPD.<\/p>\n\n\n\n<p>As principais atribui\u00e7\u00f5es s\u00e3o:<\/p>\n\n\n\n<p>&#8211; <strong>Orientar os servidores e terceirizados<\/strong> da Secretaria sobre as pr\u00e1ticas de prote\u00e7\u00e3o de dados;<\/p>\n\n\n\n<p>&#8211; <strong>Receber e responder \u00e0s solicita\u00e7\u00f5es<\/strong> dos titulares de dados pessoais;<\/p>\n\n\n\n<p>&#8211; <strong>Interagir com a ANPD<\/strong>, sempre que necess\u00e1rio;<\/p>\n\n\n\n<p>&#8211; <strong>Acompanhar e apoiar a adequa\u00e7\u00e3o do \u00f3rg\u00e3o \u00e0 LGPD<\/strong>, promovendo a conformidade com a legisla\u00e7\u00e3o.<\/p>\n\n\n\n<hr class=\"wp-block-separator has-alpha-channel-opacity\" \/>\n\n\n\n<p><strong>Endere\u00e7o:<\/strong><\/p>\n\n\n\n<p>&nbsp;&nbsp; &nbsp;Secretaria de Estado da Sa\u00fade &#8211; SESAPI<br>&nbsp;&nbsp; &nbsp;Av. Pedro Freitas, S\/N, Centro Administrativo, S\u00e3o Pedro<br>&nbsp;&nbsp; &nbsp;CEP: 64.018-900 \/ Teresina-PI<\/p>\n\n\n\n<hr class=\"wp-block-separator has-alpha-channel-opacity\" \/>\n\n\n\n<p><strong>Canais de atendimento:<\/strong><\/p>\n\n\n\n<p>\u00a0\u00a0 \u00a0E-mail:\u00a0<a href=\"mailto:lgpd@saude.pi.gov.br?subject=LGPD\">lgpd@saude.pi.gov.br<\/a><br>\u00a0 \u00a0 Hor\u00e1rio: De Segunda \u00e0 Sexta das 7:30 \u00e0s 13:30<\/p>\n\n\n\n<hr class=\"wp-block-separator has-alpha-channel-opacity\" \/>\n\n\n\n<p><strong>Portarias<\/strong>:<\/p>\n\n\n\n<ul>\n<li><a href=\"https:\/\/portal.pi.gov.br\/sesapi\/wp-content\/uploads\/sites\/101\/2025\/04\/Portaria_N__6173-2.pdf\">Portaria N\u00b0 6173 &#8211; Institui\u00e7\u00e3o do Comit\u00ea de Privacidade e Prote\u00e7\u00e3o de Dados Pessoais no \u00e2mbito da Secretaria de Estado da<br>Sa\u00fade do Piau\u00ed &#8211; SESAPI<\/a>.;<\/li>\n\n\n\n<li><a href=\"https:\/\/portal.pi.gov.br\/sesapi\/wp-content\/uploads\/sites\/101\/2025\/04\/Portaria_N__6175-2.pdf\">Portaria N\u00ba 6175 &#8211; Designar o Encarregado de Dados da Secretaria de Estado da Sa\u00fade do Piau\u00ed<\/a>;<br><\/li>\n<\/ul>\n\n\n\n<hr class=\"wp-block-separator has-alpha-channel-opacity\" \/>\n\n\n\n<p><strong>Links \u00dateis<\/strong>:<\/p>\n\n\n\n<ul>\n<li><a href=\"http:\/\/www.planalto.gov.br\/ccivil_03\/_ato2015-2018\/2018\/lei\/L13709compilado.htm\">LGPD<\/a>;<\/li>\n\n\n\n<li><a href=\"https:\/\/www.gov.br\/anpd\/pt-br\">Autoridade Nacional de Prote\u00e7\u00e3o de Dados &#8211; ANPD<\/a>;<\/li>\n\n\n\n<li><a href=\"https:\/\/www.gov.br\/anpd\/pt-br\/centrais-de-conteudo\/materiais-educativos-e-publicacoes\/guia-do-consumidor_como-proteger-seus-dados-pessoais-final.pdf\">Como proteger seus dados pessoais: Guia do N\u00facleo de Prote\u00e7\u00e3o de Dados do Conselho Nacional de Defesa do Consumidor<\/a>;<\/li>\n\n\n\n<li><a href=\"https:\/\/www.gov.br\/saude\/pt-br\/acesso-a-informacao\/lgpd\/publicacoes\/cartilha-de-seguranca-para-internet-fasciculo-protecao-de-dados\">Cartilha de Seguran\u00e7a para Internet: Fasc\u00edculo Prote\u00e7\u00e3o de Dados<\/a>;<\/li>\n\n\n\n<li><a href=\"https:\/\/www.gov.br\/saude\/pt-br\/acesso-a-informacao\/lgpd\/publicacoes\/cartilha-de-seguranca-para-internet-fasciculo-vazamento-de-dados\">Cartilha de Seguran\u00e7a para Internet: Fasc\u00edculo Vazamento de Dados<\/a>;<\/li>\n<\/ul>\n","protected":false},"excerpt":{"rendered":"<p>O que \u00e9 a LGPD? A Lei Geral de Prote\u00e7\u00e3o de Dados Pessoais (Lei n\u00ba 13.709\/2018) estabelece regras para o uso de dados pessoais por empresas e por \u00f3rg\u00e3os p\u00fablicos, [&hellip;]<\/p>\n","protected":false},"author":1798,"featured_media":0,"parent":0,"menu_order":0,"comment_status":"closed","ping_status":"closed","template":"template-fullwidth.php","meta":[],"featured_image_urls":{"full":"","thumbnail":"","medium":"","medium_large":"","large":"","sgg-420":"","sgg-540":"","sgg-780":"","1536x1536":"","2048x2048":"","homepage-slider":"","homepage-slider-small":"","page-top":"","page-small":"","loop-main":"","thumb-gallery-widget":""},"post_excerpt_stackable":"<p>O que \u00e9 a LGPD? A Lei Geral de Prote\u00e7\u00e3o de Dados Pessoais (Lei n\u00ba 13.709\/2018) estabelece regras para o uso de dados pessoais por empresas e por \u00f3rg\u00e3os p\u00fablicos, como os da \u00e1rea da sa\u00fade. Seu objetivo \u00e9 garantir a privacidade, a prote\u00e7\u00e3o dos dados e os direitos fundamentais dos cidad\u00e3os, exigindo que o tratamento dessas informa\u00e7\u00f5es \u2014 como coleta, uso, armazenamento e compartilhamento \u2014 seja feito com transpar\u00eancia, seguran\u00e7a e respeito \u00e0 dignidade da pessoa humana. Com base nesses princ\u00edpios, a LGPD determina que os titulares de dados t\u00eam o direito de saber como suas informa\u00e7\u00f5es s\u00e3o tratadas,&hellip;<\/p>\n","category_list":"","author_info":{"name":"yancarvalho","url":"https:\/\/portal.pi.gov.br\/sesapi\/author\/yancarvalho\/"},"comments_num":"0 coment\u00e1rio","featured_image_urls_v2":{"full":"","thumbnail":"","medium":"","medium_large":"","large":"","sgg-420":"","sgg-540":"","sgg-780":"","1536x1536":"","2048x2048":"","homepage-slider":"","homepage-slider-small":"","page-top":"","page-small":"","loop-main":"","thumb-gallery-widget":""},"post_excerpt_stackable_v2":"<p>O que \u00e9 a LGPD? A Lei Geral de Prote\u00e7\u00e3o de Dados Pessoais (Lei n\u00ba 13.709\/2018) estabelece regras para o uso de dados pessoais por empresas e por \u00f3rg\u00e3os p\u00fablicos, como os da \u00e1rea da sa\u00fade. Seu objetivo \u00e9 garantir a privacidade, a prote\u00e7\u00e3o dos dados e os direitos fundamentais dos cidad\u00e3os, exigindo que o tratamento dessas informa\u00e7\u00f5es \u2014 como coleta, uso, armazenamento e compartilhamento \u2014 seja feito com transpar\u00eancia, seguran\u00e7a e respeito \u00e0 dignidade da pessoa humana. Com base nesses princ\u00edpios, a LGPD determina que os titulares de dados t\u00eam o direito de saber como suas informa\u00e7\u00f5es s\u00e3o tratadas,&hellip;<\/p>\n","category_list_v2":"","author_info_v2":{"name":"yancarvalho","url":"https:\/\/portal.pi.gov.br\/sesapi\/author\/yancarvalho\/"},"comments_num_v2":"0 coment\u00e1rio","_links":{"self":[{"href":"https:\/\/portal.pi.gov.br\/sesapi\/wp-json\/wp\/v2\/pages\/973"}],"collection":[{"href":"https:\/\/portal.pi.gov.br\/sesapi\/wp-json\/wp\/v2\/pages"}],"about":[{"href":"https:\/\/portal.pi.gov.br\/sesapi\/wp-json\/wp\/v2\/types\/page"}],"author":[{"embeddable":true,"href":"https:\/\/portal.pi.gov.br\/sesapi\/wp-json\/wp\/v2\/users\/1798"}],"replies":[{"embeddable":true,"href":"https:\/\/portal.pi.gov.br\/sesapi\/wp-json\/wp\/v2\/comments?post=973"}],"version-history":[{"count":14,"href":"https:\/\/portal.pi.gov.br\/sesapi\/wp-json\/wp\/v2\/pages\/973\/revisions"}],"predecessor-version":[{"id":3425,"href":"https:\/\/portal.pi.gov.br\/sesapi\/wp-json\/wp\/v2\/pages\/973\/revisions\/3425"}],"wp:attachment":[{"href":"https:\/\/portal.pi.gov.br\/sesapi\/wp-json\/wp\/v2\/media?parent=973"}],"curies":[{"name":"wp","href":"https:\/\/api.w.org\/{rel}","templated":true}]}}