{"id":991,"date":"2024-10-09T10:34:41","date_gmt":"2024-10-09T13:34:41","guid":{"rendered":"https:\/\/portal.pi.gov.br\/sesapi\/?page_id=991"},"modified":"2025-02-25T10:36:32","modified_gmt":"2025-02-25T13:36:32","slug":"assistencia-farmaceutica","status":"publish","type":"page","link":"https:\/\/portal.pi.gov.br\/sesapi\/assistencia-farmaceutica\/","title":{"rendered":"Assist\u00eancia Farmac\u00eautica"},"content":{"rendered":"\n<p><strong>DUAF \u2013 Diretoria de Unidade de Assist\u00eancia Farmac\u00eautica<\/strong><br><br>A Diretoria de Unidade de Assist\u00eancia Farmac\u00eautica \u00e9 respons\u00e1vel pelo planejamento, aquisi\u00e7\u00e3o, organiza\u00e7\u00e3o, armazenamento, distribui\u00e7\u00e3o e controle de medicamentos no estado do Piau\u00ed para atender diversos programas, s\u00e3o eles:<\/p>\n\n\n\n<ul>\n<li>Programas Estrat\u00e9gicos<\/li>\n\n\n\n<li>Componente Especializado (Excepcional \u2013 Alto custo)<\/li>\n\n\n\n<li>Aten\u00e7\u00e3o B\u00e1sica (munic\u00edpios)<\/li>\n\n\n\n<li>Hospitalar<\/li>\n<\/ul>\n\n\n\n<p>O estado do Piau\u00ed conta com 20 (vinte) Farm\u00e1cias do Povo:<\/p>\n\n\n\n<p><strong>Teresina<\/strong><\/p>\n\n\n\n<p>Farm\u00e1cia do Povo \u2013 sede em Teresina, no centro da cidade<\/p>\n\n\n\n<p>Hospital Universit\u00e1rio(HU) \u2013 atende pacientes com doen\u00e7as&nbsp;inflamat\u00f3rias Intestinais (DII), como a de Crohn<\/p>\n\n\n\n<p>Universidade Federal do Piau\u00ed(UFPI) \u2013 pacientes com acne grave, asma, dislipidemia e doen\u00e7a de Alzheimer<\/p>\n\n\n\n<p>Cl\u00ednicas renais \u2013 seis postos de atendimento em Teresina<\/p>\n\n\n\n<p>Hemopi \u2013 pacientes portadores de doen\u00e7as relacionadas ao sangue<\/p>\n\n\n\n<p><strong>Unidades no interior do Estado:<\/strong><\/p>\n\n\n\n<p>Bom Jesus, Campo Maior, Corrente, Floriano, Oeiras, Parna\u00edba, Picos, Piripiri, S\u00e3o Raimundo Nonato e Uru\u00e7u\u00ed.<br><br><strong>Contatos:<\/strong><br><br>DUAF \u2013&nbsp;<a rel=\"noreferrer noopener\" href=\"mailto:duaf@saude.pi.gov.br\" target=\"_blank\">duaf@saude.pi.gov.br<\/a><br><br>CAF (Central de Abastecimento Farmac\u00eautico) \u2013&nbsp;<a rel=\"noreferrer noopener\" href=\"mailto:clogduaf@saude.pi.gov.br\" target=\"_blank\">clogduaf@saude.pi.gov.br<\/a><br><br><strong>Farm\u00e1cia do Povo \u2013 Componentes Especializados<\/strong><\/p>\n\n\n\n<p>P\u00e1gina: <a href=\"https:\/\/sites.google.com\/view\/farmaciaespecializada\/inicio\" data-type=\"URL\" data-id=\"https:\/\/sites.google.com\/view\/farmaciaespecializada\/inicio\">https:\/\/sites.google.com\/view\/farmaciaespecializada\/inicio<\/a><\/p>\n\n\n\n<p><\/p>\n\n\n\n<p>Informa\u00e7\u00f5es &#8211; <strong>86 99420-8961(WhatsApp)\/86 99425-1501<\/strong><br>Endere\u00e7o:\u00a0Rua David Caldas, n\u00ba 398, Centro &#8211; Esquina com Rua Areolino de Abreu (pr\u00f3ximo \u00e0 Caixa Econ\u00f4mica Federal).<\/p>\n","protected":false},"excerpt":{"rendered":"<p>DUAF \u2013 Diretoria de Unidade de Assist\u00eancia Farmac\u00eautica A Diretoria de Unidade de Assist\u00eancia Farmac\u00eautica \u00e9 respons\u00e1vel pelo planejamento, aquisi\u00e7\u00e3o, organiza\u00e7\u00e3o, armazenamento, distribui\u00e7\u00e3o e controle de medicamentos no estado do [&hellip;]<\/p>\n","protected":false},"author":1798,"featured_media":0,"parent":0,"menu_order":0,"comment_status":"closed","ping_status":"closed","template":"template-fullwidth.php","meta":[],"featured_image_urls":{"full":"","thumbnail":"","medium":"","medium_large":"","large":"","sgg-420":"","sgg-540":"","sgg-780":"","1536x1536":"","2048x2048":"","homepage-slider":"","homepage-slider-small":"","page-top":"","page-small":"","loop-main":"","thumb-gallery-widget":""},"post_excerpt_stackable":"<p>DUAF \u2013 Diretoria de Unidade de Assist\u00eancia Farmac\u00eauticaA Diretoria de Unidade de Assist\u00eancia Farmac\u00eautica \u00e9 respons\u00e1vel pelo planejamento, aquisi\u00e7\u00e3o, organiza\u00e7\u00e3o, armazenamento, distribui\u00e7\u00e3o e controle de medicamentos no estado do Piau\u00ed para atender diversos programas, s\u00e3o eles: Programas Estrat\u00e9gicos Componente Especializado (Excepcional \u2013 Alto custo) Aten\u00e7\u00e3o B\u00e1sica (munic\u00edpios) Hospitalar O estado do Piau\u00ed conta com 20 (vinte) Farm\u00e1cias do Povo: Teresina Farm\u00e1cia do Povo \u2013 sede em Teresina, no centro da cidade Hospital Universit\u00e1rio(HU) \u2013 atende pacientes com doen\u00e7as&nbsp;inflamat\u00f3rias Intestinais (DII), como a de Crohn Universidade Federal do Piau\u00ed(UFPI) \u2013 pacientes com acne grave, asma, dislipidemia e doen\u00e7a de Alzheimer Cl\u00ednicas&hellip;<\/p>\n","category_list":"","author_info":{"name":"yancarvalho","url":"https:\/\/portal.pi.gov.br\/sesapi\/author\/yancarvalho\/"},"comments_num":"0 coment\u00e1rio","featured_image_urls_v2":{"full":"","thumbnail":"","medium":"","medium_large":"","large":"","sgg-420":"","sgg-540":"","sgg-780":"","1536x1536":"","2048x2048":"","homepage-slider":"","homepage-slider-small":"","page-top":"","page-small":"","loop-main":"","thumb-gallery-widget":""},"post_excerpt_stackable_v2":"<p>DUAF \u2013 Diretoria de Unidade de Assist\u00eancia Farmac\u00eauticaA Diretoria de Unidade de Assist\u00eancia Farmac\u00eautica \u00e9 respons\u00e1vel pelo planejamento, aquisi\u00e7\u00e3o, organiza\u00e7\u00e3o, armazenamento, distribui\u00e7\u00e3o e controle de medicamentos no estado do Piau\u00ed para atender diversos programas, s\u00e3o eles: Programas Estrat\u00e9gicos Componente Especializado (Excepcional \u2013 Alto custo) Aten\u00e7\u00e3o B\u00e1sica (munic\u00edpios) Hospitalar O estado do Piau\u00ed conta com 20 (vinte) Farm\u00e1cias do Povo: Teresina Farm\u00e1cia do Povo \u2013 sede em Teresina, no centro da cidade Hospital Universit\u00e1rio(HU) \u2013 atende pacientes com doen\u00e7as&nbsp;inflamat\u00f3rias Intestinais (DII), como a de Crohn Universidade Federal do Piau\u00ed(UFPI) \u2013 pacientes com acne grave, asma, dislipidemia e doen\u00e7a de Alzheimer Cl\u00ednicas&hellip;<\/p>\n","category_list_v2":"","author_info_v2":{"name":"yancarvalho","url":"https:\/\/portal.pi.gov.br\/sesapi\/author\/yancarvalho\/"},"comments_num_v2":"0 coment\u00e1rio","_links":{"self":[{"href":"https:\/\/portal.pi.gov.br\/sesapi\/wp-json\/wp\/v2\/pages\/991"}],"collection":[{"href":"https:\/\/portal.pi.gov.br\/sesapi\/wp-json\/wp\/v2\/pages"}],"about":[{"href":"https:\/\/portal.pi.gov.br\/sesapi\/wp-json\/wp\/v2\/types\/page"}],"author":[{"embeddable":true,"href":"https:\/\/portal.pi.gov.br\/sesapi\/wp-json\/wp\/v2\/users\/1798"}],"replies":[{"embeddable":true,"href":"https:\/\/portal.pi.gov.br\/sesapi\/wp-json\/wp\/v2\/comments?post=991"}],"version-history":[{"count":4,"href":"https:\/\/portal.pi.gov.br\/sesapi\/wp-json\/wp\/v2\/pages\/991\/revisions"}],"predecessor-version":[{"id":2780,"href":"https:\/\/portal.pi.gov.br\/sesapi\/wp-json\/wp\/v2\/pages\/991\/revisions\/2780"}],"wp:attachment":[{"href":"https:\/\/portal.pi.gov.br\/sesapi\/wp-json\/wp\/v2\/media?parent=991"}],"curies":[{"name":"wp","href":"https:\/\/api.w.org\/{rel}","templated":true}]}}