{"id":943,"date":"2024-11-18T09:43:58","date_gmt":"2024-11-18T12:43:58","guid":{"rendered":"https:\/\/portal.pi.gov.br\/sine\/?page_id=943"},"modified":"2024-11-18T10:02:36","modified_gmt":"2024-11-18T13:02:36","slug":"equipe","status":"publish","type":"page","link":"https:\/\/portal.pi.gov.br\/sine\/equipe\/","title":{"rendered":"Equipe Administrativa"},"content":{"rendered":"\n<p><strong>Maria Regina Sousa<\/strong><br>Secret\u00e1ria de Assist\u00eancia Social, Trabalho e Direitos Humanos<br>E-mail:\u00a0 gabinete@sasc.pi.gov.br<\/p>\n\n\n\n<p><strong>Jos\u00e9 Barros Sobrinho<\/strong><br>Superintendente do Trabalho, Renda e Inclus\u00e3o Social<br>E-mail: superintendencia@sine.pi.gov.br<\/p>\n\n\n\n<p><strong>Larissa Moura\u00a0<\/strong><br>Diretora de Intermedia\u00e7\u00e3o de M\u00e3o de Obra<br>E-mail:\u00a0diretoria@sine.pi.gov.br<\/p>\n\n\n\n<p><strong>Marina Nery Coutinho Pierotti Monteiro<\/strong><br>Gerente de Intermedia\u00e7\u00e3o de M\u00e3o de Obra<br>E-mail:\u00a0sinegerop@sine.pi.gov.br<br><br><strong>Lorena Joana Viana Lima<\/strong><br>Gerente Operacional<br>E-mail:\u00a0sinegerop@sine.pi.gov.br<br><br><strong>Priscila Lib\u00e2nio Tavares<\/strong><br>Coordenadora de Intermedia\u00e7\u00e3o de M\u00e3o de Obra<br>E-mail:\u00a0sinegerop@sine.pi.gov.br<\/p>\n\n\n\n<p><strong>COORDENADORAS<\/strong><\/p>\n\n\n\n<p><strong>Ariane Alves da Silva;<\/strong><br><strong>Raiane Cristina Rodrigues Rold\u00e3o<\/strong>.<\/p>\n\n\n\n<p><br><strong>EQUIPE T\u00c9CNICA<\/strong><\/p>\n\n\n\n<p><strong>Shopping Rio Poty<\/strong><br>E-mail:\u00a0<\/p>\n\n\n\n<p><strong>Parque Piau\u00ed<\/strong>\u00a0<br>E-mail:\u00a0parquepi@sine.pi.gov.br<\/p>\n\n\n\n<p><strong>Dirceu Arco Verde<\/strong><br>E-mail:\u00a0dirceu@sine.pi.gov.br<\/p>\n\n\n\n<p><br><strong>COORDENADORES INTERIOR<\/strong><\/p>\n\n\n\n<p><strong>Bom Jesus<\/strong><br>E-mail:\u00a0<a href=\"mailto:picos@sine.pi.gov.br\">bomjesus@sine.pi.gov.br<\/a>\u00a0<\/p>\n\n\n\n<p><br><strong>Esperantina<\/strong><br>E-mail:\u00a0<a href=\"mailto:picos@sine.pi.gov.br\">esperantina@sine.pi.gov.br<\/a>\u00a0 \u00a0 \u00a0<\/p>\n\n\n\n<p><br><strong>S\u00e3o Raimundo Nonato<\/strong><br>E-mail:\u00a0<a href=\"mailto:picos@sine.pi.gov.br\">srnonato@sine.pi.gov.br<\/a>\u00a0\u00a0<\/p>\n\n\n\n<p><br><strong>Floriano<\/strong><br>E-mail: \u00a0<a href=\"mailto:floriano@sine.pi.gov.br\">floriano@sine.pi.gov.br<\/a><\/p>\n\n\n\n<p><br><strong>Parna\u00edba<\/strong><br>E-mail:\u00a0parnaiba@sine.pi.gov.br\u00a0\u00a0<\/p>\n\n\n\n<p><br><strong>Oeiras<\/strong><br>E-mail:\u00a0<a href=\"mailto:picos@sine.pi.gov.br\">oeiras@sine.pi.gov.br<\/a>\u00a0\u00a0\u00a0\u00a0\u00a0<\/p>\n\n\n\n<p><br><strong>Picos<\/strong><br>Email:\u00a0<a href=\"mailto:picos@sine.pi.gov.br\">picos@sine.pi.gov.br<\/a><\/p>\n\n\n\n<p><br><strong>Piripiri<\/strong><br>E-mail:\u00a0<a href=\"mailto:picos@sine.pi.gov.br\">piripiri@sine.pi.gov.br<\/a>\u00a0\u00a0<\/p>\n\n\n\n<p><br><strong>S\u00e3o Jo\u00e3o do Piau\u00ed<\/strong><br>E-mail:\u00a0<a href=\"mailto:picos@sine.pi.gov.br\">saojoao@sine.pi.gov.br<\/a>\u00a0\u00a0\u00a0\u00a0<\/p>\n\n\n\n<p><br><strong>Valen\u00e7a do Piau\u00ed<\/strong><br>E-mail:\u00a0<a href=\"mailto:picos@sine.pi.gov.br\">valenca@sine.pi.gov.br<\/a>\u00a0<\/p>\n\n\n\n<p><br><strong>Uru\u00e7u\u00ed<\/strong><br>E-mail:\u00a0<a href=\"mailto:picos@sine.pi.gov.br\">urucui@sine.pi.gov.br<\/a>\u00a0 \u00a0\u00a0<\/p>\n","protected":false},"excerpt":{"rendered":"<p>Maria Regina SousaSecret\u00e1ria de Assist\u00eancia Social, Trabalho e Direitos HumanosE-mail:\u00a0 gabinete@sasc.pi.gov.br Jos\u00e9 Barros SobrinhoSuperintendente do Trabalho, Renda e Inclus\u00e3o SocialE-mail: superintendencia@sine.pi.gov.br Larissa Moura\u00a0Diretora de Intermedia\u00e7\u00e3o de M\u00e3o de ObraE-mail:\u00a0diretoria@sine.pi.gov.br Marina [&hellip;]<\/p>\n","protected":false},"author":28,"featured_media":0,"parent":0,"menu_order":0,"comment_status":"closed","ping_status":"closed","template":"template-fullwidth.php","meta":[],"featured_image_urls":{"full":"","thumbnail":"","medium":"","medium_large":"","large":"","sgg-420":"","sgg-540":"","sgg-780":"","1536x1536":"","2048x2048":"","homepage-slider":"","homepage-slider-small":"","page-top":"","page-small":"","loop-main":"","thumb-gallery-widget":""},"post_excerpt_stackable":"<p>Maria Regina SousaSecret\u00e1ria de Assist\u00eancia Social, Trabalho e Direitos HumanosE-mail:\u00a0 gabinete@sasc.pi.gov.br Jos\u00e9 Barros SobrinhoSuperintendente do Trabalho, Renda e Inclus\u00e3o SocialE-mail: superintendencia@sine.pi.gov.br Larissa Moura\u00a0Diretora de Intermedia\u00e7\u00e3o de M\u00e3o de ObraE-mail:\u00a0diretoria@sine.pi.gov.br Marina Nery Coutinho Pierotti MonteiroGerente de Intermedia\u00e7\u00e3o de M\u00e3o de ObraE-mail:\u00a0sinegerop@sine.pi.gov.brLorena Joana Viana LimaGerente OperacionalE-mail:\u00a0sinegerop@sine.pi.gov.brPriscila Lib\u00e2nio TavaresCoordenadora de Intermedia\u00e7\u00e3o de M\u00e3o de ObraE-mail:\u00a0sinegerop@sine.pi.gov.br COORDENADORAS Ariane Alves da Silva;Raiane Cristina Rodrigues Rold\u00e3o. EQUIPE T\u00c9CNICA Shopping Rio PotyE-mail:\u00a0 Parque Piau\u00ed\u00a0E-mail:\u00a0parquepi@sine.pi.gov.br Dirceu Arco VerdeE-mail:\u00a0dirceu@sine.pi.gov.br COORDENADORES INTERIOR Bom JesusE-mail:\u00a0bomjesus@sine.pi.gov.br\u00a0 EsperantinaE-mail:\u00a0esperantina@sine.pi.gov.br\u00a0 \u00a0 \u00a0 S\u00e3o Raimundo NonatoE-mail:\u00a0srnonato@sine.pi.gov.br\u00a0\u00a0 FlorianoE-mail: \u00a0floriano@sine.pi.gov.br Parna\u00edbaE-mail:\u00a0parnaiba@sine.pi.gov.br\u00a0\u00a0 OeirasE-mail:\u00a0oeiras@sine.pi.gov.br\u00a0\u00a0\u00a0\u00a0\u00a0 PicosEmail:\u00a0picos@sine.pi.gov.br PiripiriE-mail:\u00a0piripiri@sine.pi.gov.br\u00a0\u00a0 S\u00e3o Jo\u00e3o do Piau\u00edE-mail:\u00a0saojoao@sine.pi.gov.br\u00a0\u00a0\u00a0\u00a0 Valen\u00e7a do Piau\u00edE-mail:\u00a0valenca@sine.pi.gov.br\u00a0 Uru\u00e7u\u00edE-mail:\u00a0urucui@sine.pi.gov.br\u00a0 \u00a0\u00a0<\/p>\n","category_list":"","author_info":{"name":"tassodenis","url":"https:\/\/portal.pi.gov.br\/sine\/author\/tassodenis\/"},"comments_num":"0 coment\u00e1rio","featured_image_urls_v2":{"full":"","thumbnail":"","medium":"","medium_large":"","large":"","sgg-420":"","sgg-540":"","sgg-780":"","1536x1536":"","2048x2048":"","homepage-slider":"","homepage-slider-small":"","page-top":"","page-small":"","loop-main":"","thumb-gallery-widget":""},"post_excerpt_stackable_v2":"<p>Maria Regina SousaSecret\u00e1ria de Assist\u00eancia Social, Trabalho e Direitos HumanosE-mail:\u00a0 gabinete@sasc.pi.gov.br Jos\u00e9 Barros SobrinhoSuperintendente do Trabalho, Renda e Inclus\u00e3o SocialE-mail: superintendencia@sine.pi.gov.br Larissa Moura\u00a0Diretora de Intermedia\u00e7\u00e3o de M\u00e3o de ObraE-mail:\u00a0diretoria@sine.pi.gov.br Marina Nery Coutinho Pierotti MonteiroGerente de Intermedia\u00e7\u00e3o de M\u00e3o de ObraE-mail:\u00a0sinegerop@sine.pi.gov.brLorena Joana Viana LimaGerente OperacionalE-mail:\u00a0sinegerop@sine.pi.gov.brPriscila Lib\u00e2nio TavaresCoordenadora de Intermedia\u00e7\u00e3o de M\u00e3o de ObraE-mail:\u00a0sinegerop@sine.pi.gov.br COORDENADORAS Ariane Alves da Silva;Raiane Cristina Rodrigues Rold\u00e3o. EQUIPE T\u00c9CNICA Shopping Rio PotyE-mail:\u00a0 Parque Piau\u00ed\u00a0E-mail:\u00a0parquepi@sine.pi.gov.br Dirceu Arco VerdeE-mail:\u00a0dirceu@sine.pi.gov.br COORDENADORES INTERIOR Bom JesusE-mail:\u00a0bomjesus@sine.pi.gov.br\u00a0 EsperantinaE-mail:\u00a0esperantina@sine.pi.gov.br\u00a0 \u00a0 \u00a0 S\u00e3o Raimundo NonatoE-mail:\u00a0srnonato@sine.pi.gov.br\u00a0\u00a0 FlorianoE-mail: \u00a0floriano@sine.pi.gov.br Parna\u00edbaE-mail:\u00a0parnaiba@sine.pi.gov.br\u00a0\u00a0 OeirasE-mail:\u00a0oeiras@sine.pi.gov.br\u00a0\u00a0\u00a0\u00a0\u00a0 PicosEmail:\u00a0picos@sine.pi.gov.br PiripiriE-mail:\u00a0piripiri@sine.pi.gov.br\u00a0\u00a0 S\u00e3o Jo\u00e3o do Piau\u00edE-mail:\u00a0saojoao@sine.pi.gov.br\u00a0\u00a0\u00a0\u00a0 Valen\u00e7a do Piau\u00edE-mail:\u00a0valenca@sine.pi.gov.br\u00a0 Uru\u00e7u\u00edE-mail:\u00a0urucui@sine.pi.gov.br\u00a0 \u00a0\u00a0<\/p>\n","category_list_v2":"","author_info_v2":{"name":"tassodenis","url":"https:\/\/portal.pi.gov.br\/sine\/author\/tassodenis\/"},"comments_num_v2":"0 coment\u00e1rio","_links":{"self":[{"href":"https:\/\/portal.pi.gov.br\/sine\/wp-json\/wp\/v2\/pages\/943"}],"collection":[{"href":"https:\/\/portal.pi.gov.br\/sine\/wp-json\/wp\/v2\/pages"}],"about":[{"href":"https:\/\/portal.pi.gov.br\/sine\/wp-json\/wp\/v2\/types\/page"}],"author":[{"embeddable":true,"href":"https:\/\/portal.pi.gov.br\/sine\/wp-json\/wp\/v2\/users\/28"}],"replies":[{"embeddable":true,"href":"https:\/\/portal.pi.gov.br\/sine\/wp-json\/wp\/v2\/comments?post=943"}],"version-history":[{"count":3,"href":"https:\/\/portal.pi.gov.br\/sine\/wp-json\/wp\/v2\/pages\/943\/revisions"}],"predecessor-version":[{"id":974,"href":"https:\/\/portal.pi.gov.br\/sine\/wp-json\/wp\/v2\/pages\/943\/revisions\/974"}],"wp:attachment":[{"href":"https:\/\/portal.pi.gov.br\/sine\/wp-json\/wp\/v2\/media?parent=943"}],"curies":[{"name":"wp","href":"https:\/\/api.w.org\/{rel}","templated":true}]}}