{"id":945,"date":"2024-11-18T09:44:30","date_gmt":"2024-11-18T12:44:30","guid":{"rendered":"https:\/\/portal.pi.gov.br\/sine\/?page_id=945"},"modified":"2024-11-18T09:49:28","modified_gmt":"2024-11-18T12:49:28","slug":"comissao-estadual-de-emprego","status":"publish","type":"page","link":"https:\/\/portal.pi.gov.br\/sine\/comissao-estadual-de-emprego\/","title":{"rendered":"Comiss\u00e3o Estadual de Emprego"},"content":{"rendered":"\n<ol>\n<li>Comparecer antes do hor\u00e1rio marcado ( pontualidade transmite organiza\u00e7\u00e3o, comprometimento e interesse pela oportunidade.<\/li>\n\n\n\n<li>Pesquise informa\u00e7\u00f5es sobre a empresa.<\/li>\n\n\n\n<li>Cuidado com celular.<\/li>\n\n\n\n<li>Esteja preparado para responder as perguntas na entrevista com seguran\u00e7a e autoestima elevada, simpatia.<\/li>\n\n\n\n<li>N\u00e3o falar mal da empresa anterior ou do chefe.<\/li>\n\n\n\n<li>Cuidado com g\u00edrias( costumes de casa)<\/li>\n\n\n\n<li>Bem apresent\u00e1vel \u2013 apresentar-se vestido adequadamente.<\/li>\n\n\n\n<li>Curr\u00edculo &#8211;\u00a0Seja sincero n\u00e3o crie fun\u00e7\u00f5es sem ter conhecimento, esclare\u00e7a seu perfil adequadamente principalmente na escolaridade e resid\u00eancia.<\/li>\n<\/ol>\n","protected":false},"excerpt":{"rendered":"","protected":false},"author":28,"featured_media":0,"parent":0,"menu_order":0,"comment_status":"closed","ping_status":"closed","template":"template-fullwidth.php","meta":[],"featured_image_urls":{"full":"","thumbnail":"","medium":"","medium_large":"","large":"","sgg-420":"","sgg-540":"","sgg-780":"","1536x1536":"","2048x2048":"","homepage-slider":"","homepage-slider-small":"","page-top":"","page-small":"","loop-main":"","thumb-gallery-widget":""},"post_excerpt_stackable":"<p>Comparecer antes do hor\u00e1rio marcado ( pontualidade transmite organiza\u00e7\u00e3o, comprometimento e interesse pela oportunidade. Pesquise informa\u00e7\u00f5es sobre a empresa. Cuidado com celular. Esteja preparado para responder as perguntas na entrevista com seguran\u00e7a e autoestima elevada, simpatia. N\u00e3o falar mal da empresa anterior ou do chefe. Cuidado com g\u00edrias( costumes de casa) Bem apresent\u00e1vel \u2013 apresentar-se vestido adequadamente. Curr\u00edculo &#8211;\u00a0Seja sincero n\u00e3o crie fun\u00e7\u00f5es sem ter conhecimento, esclare\u00e7a seu perfil adequadamente principalmente na escolaridade e resid\u00eancia.<\/p>\n","category_list":"","author_info":{"name":"tassodenis","url":"https:\/\/portal.pi.gov.br\/sine\/author\/tassodenis\/"},"comments_num":"0 coment\u00e1rio","featured_image_urls_v2":{"full":"","thumbnail":"","medium":"","medium_large":"","large":"","sgg-420":"","sgg-540":"","sgg-780":"","1536x1536":"","2048x2048":"","homepage-slider":"","homepage-slider-small":"","page-top":"","page-small":"","loop-main":"","thumb-gallery-widget":""},"post_excerpt_stackable_v2":"<p>Comparecer antes do hor\u00e1rio marcado ( pontualidade transmite organiza\u00e7\u00e3o, comprometimento e interesse pela oportunidade. Pesquise informa\u00e7\u00f5es sobre a empresa. Cuidado com celular. Esteja preparado para responder as perguntas na entrevista com seguran\u00e7a e autoestima elevada, simpatia. N\u00e3o falar mal da empresa anterior ou do chefe. Cuidado com g\u00edrias( costumes de casa) Bem apresent\u00e1vel \u2013 apresentar-se vestido adequadamente. Curr\u00edculo &#8211;\u00a0Seja sincero n\u00e3o crie fun\u00e7\u00f5es sem ter conhecimento, esclare\u00e7a seu perfil adequadamente principalmente na escolaridade e resid\u00eancia.<\/p>\n","category_list_v2":"","author_info_v2":{"name":"tassodenis","url":"https:\/\/portal.pi.gov.br\/sine\/author\/tassodenis\/"},"comments_num_v2":"0 coment\u00e1rio","_links":{"self":[{"href":"https:\/\/portal.pi.gov.br\/sine\/wp-json\/wp\/v2\/pages\/945"}],"collection":[{"href":"https:\/\/portal.pi.gov.br\/sine\/wp-json\/wp\/v2\/pages"}],"about":[{"href":"https:\/\/portal.pi.gov.br\/sine\/wp-json\/wp\/v2\/types\/page"}],"author":[{"embeddable":true,"href":"https:\/\/portal.pi.gov.br\/sine\/wp-json\/wp\/v2\/users\/28"}],"replies":[{"embeddable":true,"href":"https:\/\/portal.pi.gov.br\/sine\/wp-json\/wp\/v2\/comments?post=945"}],"version-history":[{"count":2,"href":"https:\/\/portal.pi.gov.br\/sine\/wp-json\/wp\/v2\/pages\/945\/revisions"}],"predecessor-version":[{"id":955,"href":"https:\/\/portal.pi.gov.br\/sine\/wp-json\/wp\/v2\/pages\/945\/revisions\/955"}],"wp:attachment":[{"href":"https:\/\/portal.pi.gov.br\/sine\/wp-json\/wp\/v2\/media?parent=945"}],"curies":[{"name":"wp","href":"https:\/\/api.w.org\/{rel}","templated":true}]}}